{"id":783609,"date":"2026-02-26T23:33:04","date_gmt":"2026-02-26T20:33:04","guid":{"rendered":"https:\/\/roveyayinevi.com.tr\/index.php\/urun\/musluman-hanimlara\/"},"modified":"2026-04-15T03:46:38","modified_gmt":"2026-04-15T00:46:38","slug":"musluman-hanimlara","status":"publish","type":"product","link":"https:\/\/roveyayinevi.com.tr\/index.php\/urun\/musluman-hanimlara\/","title":{"rendered":"M\u00fcsl\u00fcman Han\u0131mlara"},"content":{"rendered":"<p>\u00dcmmet, ahlaki bir buhran ve sosyal bir \u00e7\u00f6z\u00fclme i\u00e7erisindedir. Bu, hayat\u0131n b\u00fct\u00fcn alanlar\u0131nda kendini g\u00f6stermeye ba\u015flam\u0131\u015ft\u0131r: Evde, pazarda, i\u015f yerinde, ticarethanede, b\u00fct\u00fcn \u00e7evre ve meydanlarda\u2026 Ve bu hal e\u011fer b\u00f6yle devam ederse, bizi ak\u0131betlerin en berbat\u0131na ve neticelerin en al\u00e7a\u011f\u0131na g\u00f6t\u00fcrecektir. \u00dcmmeti \u0131slah etmenin birinci yolu aileyi \u0131slah etmekten ge\u00e7er. Aileyi \u0131slah etmenin birinci yolu ise gen\u00e7 k\u0131zlar\u0131 \u0131slah etmekten ge\u00e7er. \u00c7\u00fcnk\u00fc d\u00fcnyan\u0131n \u00f6\u011fretmeni, kad\u0131nd\u0131r. O sa\u011f eliyle be\u015fi\u011fi sallarken, sol eliyle de d\u00fcnyay\u0131 sall\u0131yor.<\/p>\n","protected":false},"excerpt":{"rendered":"<p>\u00dcmmet, ahlaki bir buhran ve sosyal bir \u00e7\u00f6z\u00fclme i\u00e7erisindedir. Bu, hayat\u0131n b\u00fct\u00fcn alanlar\u0131nda kendini g\u00f6stermeye ba\u015flam\u0131\u015ft\u0131r: Evde, pazarda, i\u015f yerinde, ticarethanede, b\u00fct\u00fcn \u00e7evre ve meydanlarda\u2026 Ve<span class=\"excerpt-hellip\"> [\u2026]<\/span><\/p>\n","protected":false},"featured_media":0,"template":"","meta":{"_monsterinsights_skip_tracking":false,"_monsterinsights_sitenote_active":false,"_monsterinsights_sitenote_note":"","_monsterinsights_sitenote_category":0},"product_brand":[],"product_cat":[16789,12718,12719],"product_tag":[],"class_list":{"0":"post-783609","1":"product","2":"type-product","3":"status-publish","5":"product_cat-diger-islam","6":"product_cat-din","7":"product_cat-islam","8":"pa_cilt-ciltsiz","9":"pa_tur-kitap","10":"pa_yayinevi-mgv-yayinlari","11":"pa_yazar-abdulaziz-kiransal","13":"first","14":"instock","15":"sale","16":"shipping-taxable","17":"purchasable","18":"product-type-simple"},"_links":{"self":[{"href":"https:\/\/roveyayinevi.com.tr\/index.php\/wp-json\/wp\/v2\/product\/783609","targetHints":{"allow":["GET"]}}],"collection":[{"href":"https:\/\/roveyayinevi.com.tr\/index.php\/wp-json\/wp\/v2\/product"}],"about":[{"href":"https:\/\/roveyayinevi.com.tr\/index.php\/wp-json\/wp\/v2\/types\/product"}],"wp:attachment":[{"href":"https:\/\/roveyayinevi.com.tr\/index.php\/wp-json\/wp\/v2\/media?parent=783609"}],"wp:term":[{"taxonomy":"product_brand","embeddable":true,"href":"https:\/\/roveyayinevi.com.tr\/index.php\/wp-json\/wp\/v2\/product_brand?post=783609"},{"taxonomy":"product_cat","embeddable":true,"href":"https:\/\/roveyayinevi.com.tr\/index.php\/wp-json\/wp\/v2\/product_cat?post=783609"},{"taxonomy":"product_tag","embeddable":true,"href":"https:\/\/roveyayinevi.com.tr\/index.php\/wp-json\/wp\/v2\/product_tag?post=783609"}],"curies":[{"name":"wp","href":"https:\/\/api.w.org\/{rel}","templated":true}]}}