{"id":783598,"date":"2026-02-26T23:32:40","date_gmt":"2026-02-26T20:32:40","guid":{"rendered":"https:\/\/roveyayinevi.com.tr\/index.php\/urun\/dil-egitiminin-temel-kavramlari\/"},"modified":"2026-04-15T03:46:38","modified_gmt":"2026-04-15T00:46:38","slug":"dil-egitiminin-temel-kavramlari","status":"publish","type":"product","link":"https:\/\/roveyayinevi.com.tr\/index.php\/urun\/dil-egitiminin-temel-kavramlari\/","title":{"rendered":"Dil E\u011fitiminin Temel Kavramlar\u0131"},"content":{"rendered":"<p>Bu kitapta, dil e\u011fitimi, T\u00fcrk\u00e7e ve edebiyat alan\u0131nda \u00fcretilen s\u00f6z varl\u0131\u011f\u0131, terminoloji ile bu kavramlar\u0131n kullan\u0131malanlar\u0131 tan\u0131t\u0131lm\u0131\u015ft\u0131r. Bu alanda \u00e7al\u0131\u015fan \u00f6\u011fretmenlerin, lisans ve lisans\u00fcst\u00fc \u00f6\u011frenicilerinin bu konuda yaz\u0131laneserleri ve konu alan\u0131n\u0131 kolay anlamalar\u0131 i\u00e7in gerekli b\u00fct\u00fcn terimlere ve konu alan\u0131 ile ilgili bilmeleri gerekentemel kavramlara yer verilmi\u015ftir. Eserin niteli\u011fini art\u0131rmak i\u00e7in bu alanlarda doktora yapm\u0131\u015f konu alan\u0131uzmanlar\u0131n\u0131n deste\u011fi al\u0131nm\u0131\u015ft\u0131r. Kitaptaki her b\u00f6l\u00fcm o alanda uzmanla\u015fm\u0131\u015f ki\u015filer taraf\u0131ndan haz\u0131rlanm\u0131\u015ft\u0131r.Kitapta, ilkokuma ve yazmadan dil becerilerine (okuma, yazma, dinleme, konu\u015fma ve dilbilgisine), \u00e7ocukedebiyat\u0131ndan dil edinim kuramlar\u0131 ve dil bilime, dil e\u011fitiminde kullan\u0131lan \u00f6\u011fretim tekniklerinden WEB 2ara\u00e7lar\u0131na kadar bir \u00e7ok konuda \u00fcretilen terim ve s\u00f6z varl\u0131\u011f\u0131 tan\u0131t\u0131lm\u0131\u015ft\u0131r.<\/p>\n","protected":false},"excerpt":{"rendered":"<p>Bu kitapta, dil e\u011fitimi, T\u00fcrk\u00e7e ve edebiyat alan\u0131nda \u00fcretilen s\u00f6z varl\u0131\u011f\u0131, terminoloji ile bu kavramlar\u0131n kullan\u0131malanlar\u0131 tan\u0131t\u0131lm\u0131\u015ft\u0131r. Bu alanda \u00e7al\u0131\u015fan \u00f6\u011fretmenlerin, lisans ve lisans\u00fcst\u00fc \u00f6\u011frenicilerinin bu<span class=\"excerpt-hellip\"> [\u2026]<\/span><\/p>\n","protected":false},"featured_media":0,"template":"","meta":{"_monsterinsights_skip_tracking":false,"_monsterinsights_sitenote_active":false,"_monsterinsights_sitenote_note":"","_monsterinsights_sitenote_category":0},"product_brand":[],"product_cat":[14597,12566],"product_tag":[],"class_list":{"0":"post-783598","1":"product","2":"type-product","3":"status-publish","5":"product_cat-dil-ogrenimi","6":"product_cat-egitim","7":"pa_cilt-ciltsiz","8":"pa_tur-kitap","9":"pa_yayinevi-asos-yayinlari","10":"pa_yazar-halit-karatay","12":"first","13":"instock","14":"sale","15":"shipping-taxable","16":"purchasable","17":"product-type-simple"},"_links":{"self":[{"href":"https:\/\/roveyayinevi.com.tr\/index.php\/wp-json\/wp\/v2\/product\/783598","targetHints":{"allow":["GET"]}}],"collection":[{"href":"https:\/\/roveyayinevi.com.tr\/index.php\/wp-json\/wp\/v2\/product"}],"about":[{"href":"https:\/\/roveyayinevi.com.tr\/index.php\/wp-json\/wp\/v2\/types\/product"}],"wp:attachment":[{"href":"https:\/\/roveyayinevi.com.tr\/index.php\/wp-json\/wp\/v2\/media?parent=783598"}],"wp:term":[{"taxonomy":"product_brand","embeddable":true,"href":"https:\/\/roveyayinevi.com.tr\/index.php\/wp-json\/wp\/v2\/product_brand?post=783598"},{"taxonomy":"product_cat","embeddable":true,"href":"https:\/\/roveyayinevi.com.tr\/index.php\/wp-json\/wp\/v2\/product_cat?post=783598"},{"taxonomy":"product_tag","embeddable":true,"href":"https:\/\/roveyayinevi.com.tr\/index.php\/wp-json\/wp\/v2\/product_tag?post=783598"}],"curies":[{"name":"wp","href":"https:\/\/api.w.org\/{rel}","templated":true}]}}