{"id":783595,"date":"2026-02-26T23:32:32","date_gmt":"2026-02-26T20:32:32","guid":{"rendered":"https:\/\/roveyayinevi.com.tr\/index.php\/urun\/kalplerin-kesfi-ciltli\/"},"modified":"2026-04-15T03:46:38","modified_gmt":"2026-04-15T00:46:38","slug":"kalplerin-kesfi-ciltli","status":"publish","type":"product","link":"https:\/\/roveyayinevi.com.tr\/index.php\/urun\/kalplerin-kesfi-ciltli\/","title":{"rendered":"Kalplerin Ke\u015ffi (Ciltli)"},"content":{"rendered":"<p>\u0130slam d\u00fcnyas\u0131n\u0131n Huccet\u00fc&#8217;l-\u0130slam olarak tan\u0131d\u0131\u011f\u0131 Ebu Hamid Muhammed el-Gaz\u00e2l\u00ee, hicri 450 (m. 1058) y\u0131-l\u0131nda Horasan civar\u0131ndaki Tus \u015fehrinde d\u00fcnya gelmi\u015ftir. \u0130slam\u00ee ilimlerin her sahas\u0131nda eser veren \u0130mam Gaz\u00e2l\u00eeard\u0131ndan pek \u00e7ok eser b\u0131rakarak hicri 505 (m. 1111) tarihinde vefat etmi\u015ftir. Onun en \u00f6nemli eserlerin-den biri, \u0130hy\u00e2uUl\u00fbmi&#8217;d-D\u00een&#8217;dir. Z\u00fchd ve ahlaka dair olan bu eserini daha sonralar\u0131 farkl\u0131 eserlerinde ihtisar etmi\u015ftir. Bu eserleri aras\u0131nda halk aras\u0131nda elden ele dola\u015fanlardan biri de elinizdeki M\u00fck\u00e2\u015fefet\u00fc&#8217;l-Kul\u00fbb adl\u0131 eserdir. Eserde, Allah korkusu, sab\u0131r ve hastal\u0131k, nefsi yenmek ve \u015feytana kar\u015f\u0131 koymak, gaflet, fas\u0131kl\u0131k ve nifak, tevbe, sevgi, Allah&#8217;a itaat, O&#8217;nu sevmek, Resul\u00fc&#8217;n\u00fc sevmek, emanet, namaz, emr-i bi&#8217;l-maruf ve nehy-i ani&#8217;l-m\u00fcnker, \u015feytan\u0131n d\u00fc\u015fmanl\u0131\u011f\u0131, emanet ve tevbe, merhametli olmak, dedikodu, ko\u011fuculuk,zekat, s\u0131la-i rahim ve ana baba hakk\u0131, ibadete devam ve haram\u0131 terketmek, \u00f6l\u00fcm\u00fc hat\u0131rlamak, kanaatin fazileti, ameller mizan ve cehennem azab\u0131, Allah&#8217;\u0131 (c.c) zikretmenin fazileti, abdestin fazileti, namaz\u0131n fazileti, haram yemek, faizin ya-sak olu\u015fu, kul haklar\u0131 gibi konular i\u015flenmi\u015ftir.       Not: \u00c7al\u0131\u015fma arap\u00e7a asl\u0131nda \u00e7evirilip ayet ve hadislerin tahri\u00e7leri yap\u0131larak \u0131yvori ka\u011f\u0131da bas\u0131ld\u0131 ve siz k\u0131ymetli m\u00fc\u015fterilerimizin istifadesine sunuldu.<\/p>\n","protected":false},"excerpt":{"rendered":"<p>\u0130slam d\u00fcnyas\u0131n\u0131n Huccet\u00fc&#8217;l-\u0130slam olarak tan\u0131d\u0131\u011f\u0131 Ebu Hamid Muhammed el-Gaz\u00e2l\u00ee, hicri 450 (m. 1058) y\u0131-l\u0131nda Horasan civar\u0131ndaki Tus \u015fehrinde d\u00fcnya gelmi\u015ftir. \u0130slam\u00ee ilimlerin her sahas\u0131nda eser veren<span class=\"excerpt-hellip\"> [\u2026]<\/span><\/p>\n","protected":false},"featured_media":0,"template":"","meta":{"_monsterinsights_skip_tracking":false,"_monsterinsights_sitenote_active":false,"_monsterinsights_sitenote_note":"","_monsterinsights_sitenote_category":0},"product_brand":[],"product_cat":[16789,12718,12719],"product_tag":[],"class_list":{"0":"post-783595","1":"product","2":"type-product","3":"status-publish","5":"product_cat-diger-islam","6":"product_cat-din","7":"product_cat-islam","8":"pa_cilt-ciltsiz","9":"pa_tur-kitap","10":"pa_yayinevi-muallim-nesriyat","11":"pa_yazar-imam-i-gazali","13":"first","14":"instock","15":"sale","16":"shipping-taxable","17":"purchasable","18":"product-type-simple"},"_links":{"self":[{"href":"https:\/\/roveyayinevi.com.tr\/index.php\/wp-json\/wp\/v2\/product\/783595","targetHints":{"allow":["GET"]}}],"collection":[{"href":"https:\/\/roveyayinevi.com.tr\/index.php\/wp-json\/wp\/v2\/product"}],"about":[{"href":"https:\/\/roveyayinevi.com.tr\/index.php\/wp-json\/wp\/v2\/types\/product"}],"wp:attachment":[{"href":"https:\/\/roveyayinevi.com.tr\/index.php\/wp-json\/wp\/v2\/media?parent=783595"}],"wp:term":[{"taxonomy":"product_brand","embeddable":true,"href":"https:\/\/roveyayinevi.com.tr\/index.php\/wp-json\/wp\/v2\/product_brand?post=783595"},{"taxonomy":"product_cat","embeddable":true,"href":"https:\/\/roveyayinevi.com.tr\/index.php\/wp-json\/wp\/v2\/product_cat?post=783595"},{"taxonomy":"product_tag","embeddable":true,"href":"https:\/\/roveyayinevi.com.tr\/index.php\/wp-json\/wp\/v2\/product_tag?post=783595"}],"curies":[{"name":"wp","href":"https:\/\/api.w.org\/{rel}","templated":true}]}}