{"id":783594,"date":"2026-02-26T23:32:30","date_gmt":"2026-02-26T20:32:30","guid":{"rendered":"https:\/\/roveyayinevi.com.tr\/index.php\/urun\/ideal-genclik\/"},"modified":"2026-04-15T03:46:38","modified_gmt":"2026-04-15T00:46:38","slug":"ideal-genclik","status":"publish","type":"product","link":"https:\/\/roveyayinevi.com.tr\/index.php\/urun\/ideal-genclik\/","title":{"rendered":"\u0130deal Gen\u00e7lik"},"content":{"rendered":"<p>G\u00fcn\u00fcm\u00fcz \u015fartlar\u0131nda gen\u00e7li\u011fin i\u00e7inde bulundu\u011fu durum, bu kitab\u0131n haz\u0131rlanmas\u0131ndaki ana etkendir. Her y\u00f6nden \u015fer g\u00fc\u00e7lerinin sald\u0131r\u0131 oklar\u0131 alt\u0131nda bulunan g\u00fcn\u00fcm\u00fcz gen\u00e7li\u011fi, bir\u00e7ok konuda ciddi tahribatlara maruz kalmaktad\u0131r. \u00d6yle ki; bir k\u0131sm\u0131 dinine, \u00f6rf\u00fcne, k\u00fclt\u00fcr\u00fcne ve toplumuna yabanc\u0131 hale gelmi\u015f; bir k\u0131sm\u0131 dindar oldu\u011funu s\u00f6ylemesine ra\u011fmen bulunmas\u0131 gereken yerde ve olmas\u0131 gereken pozisyonda bulunmamaktad\u0131r. \u0130\u015fte bu kitap, g\u00fcn\u00fcm\u00fcz gen\u00e7li\u011finin i\u00e7inde bulundu\u011fu durumu dikkate alarak, iman sahibi gen\u00e7li\u011fe; sahip olmas\u0131 gereken \u00f6zellikleri i\u015fleyerek sorumluluklar\u0131n\u0131 hat\u0131rlatmak suretiyle yol g\u00f6sterip rehberlik etmeye \u00e7al\u0131\u015fmaktad\u0131r.<\/p>\n","protected":false},"excerpt":{"rendered":"<p>G\u00fcn\u00fcm\u00fcz \u015fartlar\u0131nda gen\u00e7li\u011fin i\u00e7inde bulundu\u011fu durum, bu kitab\u0131n haz\u0131rlanmas\u0131ndaki ana etkendir. Her y\u00f6nden \u015fer g\u00fc\u00e7lerinin sald\u0131r\u0131 oklar\u0131 alt\u0131nda bulunan g\u00fcn\u00fcm\u00fcz gen\u00e7li\u011fi, bir\u00e7ok konuda ciddi tahribatlara maruz<span class=\"excerpt-hellip\"> [\u2026]<\/span><\/p>\n","protected":false},"featured_media":0,"template":"","meta":{"_monsterinsights_skip_tracking":false,"_monsterinsights_sitenote_active":false,"_monsterinsights_sitenote_note":"","_monsterinsights_sitenote_category":0},"product_brand":[],"product_cat":[12718,12719,22508],"product_tag":[],"class_list":{"0":"post-783594","1":"product","2":"type-product","3":"status-publish","5":"product_cat-din","6":"product_cat-islam","7":"product_cat-islam-egitimi","8":"pa_cilt-ciltsiz","9":"pa_tur-kitap","10":"pa_yayinevi-dua-yayincilik","11":"pa_yazar-anil-cecen","13":"first","14":"instock","15":"sale","16":"shipping-taxable","17":"purchasable","18":"product-type-simple"},"_links":{"self":[{"href":"https:\/\/roveyayinevi.com.tr\/index.php\/wp-json\/wp\/v2\/product\/783594","targetHints":{"allow":["GET"]}}],"collection":[{"href":"https:\/\/roveyayinevi.com.tr\/index.php\/wp-json\/wp\/v2\/product"}],"about":[{"href":"https:\/\/roveyayinevi.com.tr\/index.php\/wp-json\/wp\/v2\/types\/product"}],"wp:attachment":[{"href":"https:\/\/roveyayinevi.com.tr\/index.php\/wp-json\/wp\/v2\/media?parent=783594"}],"wp:term":[{"taxonomy":"product_brand","embeddable":true,"href":"https:\/\/roveyayinevi.com.tr\/index.php\/wp-json\/wp\/v2\/product_brand?post=783594"},{"taxonomy":"product_cat","embeddable":true,"href":"https:\/\/roveyayinevi.com.tr\/index.php\/wp-json\/wp\/v2\/product_cat?post=783594"},{"taxonomy":"product_tag","embeddable":true,"href":"https:\/\/roveyayinevi.com.tr\/index.php\/wp-json\/wp\/v2\/product_tag?post=783594"}],"curies":[{"name":"wp","href":"https:\/\/api.w.org\/{rel}","templated":true}]}}