{"id":783583,"date":"2026-02-26T23:22:15","date_gmt":"2026-02-26T20:22:15","guid":{"rendered":"https:\/\/roveyayinevi.com.tr\/index.php\/urun\/avni-karmakarisik\/"},"modified":"2026-02-28T03:53:14","modified_gmt":"2026-02-28T00:53:14","slug":"avni-karmakarisik","status":"publish","type":"product","link":"https:\/\/roveyayinevi.com.tr\/index.php\/urun\/avni-karmakarisik\/","title":{"rendered":"Avni Karmakar\u0131\u015f\u0131k"},"content":{"rendered":"<p>Avni v\u00fccuduna istedi\u011fi \u015fekli ve rengi verebiliyor, arkada\u015flar\u0131n\u0131 hem g\u00fcld\u00fcr\u00fcyor hem \u015fa\u015f\u0131rt\u0131yor. Herkes bu mavi k\u00fc\u00e7\u00fck \u015fakac\u0131ya bay\u0131l\u0131yor. Avni arkada\u015flar\u0131na yard\u0131m etmeyi \u00e7ok seviyor ama bazen bu konudaki \u00e7abalar\u0131 kontrolden \u00e7\u0131k\u0131yor. Lainy, Rosie\u2019ye duygular\u0131n\u0131 anlamay\u0131 beceremeyince Avni m\u00fcdahale etmeye karar veriyor. Ortal\u0131\u011f\u0131 kar\u0131\u015ft\u0131rma pahas\u0131na da olsa!<\/p>\n","protected":false},"excerpt":{"rendered":"<p>Avni v\u00fccuduna istedi\u011fi \u015fekli ve rengi verebiliyor, arkada\u015flar\u0131n\u0131 hem g\u00fcld\u00fcr\u00fcyor hem \u015fa\u015f\u0131rt\u0131yor. Herkes bu mavi k\u00fc\u00e7\u00fck \u015fakac\u0131ya bay\u0131l\u0131yor. Avni arkada\u015flar\u0131na yard\u0131m etmeyi \u00e7ok seviyor ama bazen<span class=\"excerpt-hellip\"> [\u2026]<\/span><\/p>\n","protected":false},"featured_media":0,"template":"","meta":{"_monsterinsights_skip_tracking":false,"_monsterinsights_sitenote_active":false,"_monsterinsights_sitenote_note":"","_monsterinsights_sitenote_category":0},"product_brand":[],"product_cat":[12274,12284],"product_tag":[],"class_list":{"0":"post-783583","1":"product","2":"type-product","3":"status-publish","5":"product_cat-cocuk-ve-genclik-kitaplari","6":"product_cat-hikayeler","7":"pa_cilt-ciltsiz","8":"pa_tur-kitap","9":"pa_yayinevi-buyulu-fener-yayinlari","10":"pa_yazar-romain-pujol-vincent-caut","12":"first","13":"instock","14":"sale","15":"shipping-taxable","16":"purchasable","17":"product-type-simple"},"_links":{"self":[{"href":"https:\/\/roveyayinevi.com.tr\/index.php\/wp-json\/wp\/v2\/product\/783583","targetHints":{"allow":["GET"]}}],"collection":[{"href":"https:\/\/roveyayinevi.com.tr\/index.php\/wp-json\/wp\/v2\/product"}],"about":[{"href":"https:\/\/roveyayinevi.com.tr\/index.php\/wp-json\/wp\/v2\/types\/product"}],"wp:attachment":[{"href":"https:\/\/roveyayinevi.com.tr\/index.php\/wp-json\/wp\/v2\/media?parent=783583"}],"wp:term":[{"taxonomy":"product_brand","embeddable":true,"href":"https:\/\/roveyayinevi.com.tr\/index.php\/wp-json\/wp\/v2\/product_brand?post=783583"},{"taxonomy":"product_cat","embeddable":true,"href":"https:\/\/roveyayinevi.com.tr\/index.php\/wp-json\/wp\/v2\/product_cat?post=783583"},{"taxonomy":"product_tag","embeddable":true,"href":"https:\/\/roveyayinevi.com.tr\/index.php\/wp-json\/wp\/v2\/product_tag?post=783583"}],"curies":[{"name":"wp","href":"https:\/\/api.w.org\/{rel}","templated":true}]}}