{"id":783581,"date":"2026-02-26T23:16:58","date_gmt":"2026-02-26T20:16:58","guid":{"rendered":"https:\/\/roveyayinevi.com.tr\/index.php\/urun\/eflal-4\/"},"modified":"2026-02-27T03:21:33","modified_gmt":"2026-02-27T00:21:33","slug":"eflal-4","status":"publish","type":"product","link":"https:\/\/roveyayinevi.com.tr\/index.php\/urun\/eflal-4\/","title":{"rendered":"Eflal &#8211; 4"},"content":{"rendered":"<p>\u201cKAOSUN I\u00c7INDE B\u00dcY\u00dcYEN INSANLAR, NE ZAMAN DINGIN BIR SUDA Y\u00dcZSE BO\u011eULURDU. BAZILARIMIZIN RUHU G\u00dcR\u00dcLT\u00dcYE O KADAR A\u015eINAYDI KI BIR PAR\u00c7A SAKINLIK G\u00d6RD\u00dc\u011e\u00dcM\u00dcZDE SESE IHTIYA\u00c7 DUYAR VE O SESI \u00c7IKARTMAK I\u00c7IN BO\u011eAZIMIZA UZANAN ELLER KENDI ELLERIMIZ OLURDU.\u201d  Efl\u00e2l&#8230; Mazinin prangalar\u0131ndan kurtulur ve kalemi eline alarak gelece\u011fini kendi elleriyle yazar.  L\u00e2l&#8230; Baz\u0131 vedalar\u0131n kendisiyle verdi\u011fi sava\u015fla oldu\u011funu anlar ve bu sava\u015f\u0131 di\u015fiyle t\u0131rna\u011f\u0131yla kazan\u0131r.  Efl\u00e2l\u2019in kaderin onu yanl\u0131\u015f kap\u0131ya y\u00f6nlendirmesiyle ba\u015flayan hik\u00e2yesi onlarca insan\u0131n hayat\u0131n\u0131 de\u011fi\u015ftirir. Bu de\u011fi\u015fim hepsinin hayat\u0131n\u0131 farkl\u0131 a\u00e7\u0131lardan etkilemeye devam etmektedir. Sona ula\u015fan yolculuklar\u0131nda, pusulas\u0131 kendi kalbi olanlar\u0131n yolu yeniden kesi\u015fecektir. Hayat \u00f6nlerine her zaman bir set \u00e7ekse de el ele o zorlu\u011fun \u00fcst\u00fcnden atlayan Akdo\u011fanlar\u0131n s\u0131nav\u0131 onlar\u0131 bamba\u015fka noktalara g\u00f6t\u00fcr\u00fcr. Beraber g\u00f6\u011f\u00fcs gerdikleri bir yolculu\u011fun sonunda bir kez daha sa\u011f \u00e7\u0131kabilecekler midir?<\/p>\n","protected":false},"excerpt":{"rendered":"<p>\u201cKAOSUN I\u00c7INDE B\u00dcY\u00dcYEN INSANLAR, NE ZAMAN DINGIN BIR SUDA Y\u00dcZSE BO\u011eULURDU. BAZILARIMIZIN RUHU G\u00dcR\u00dcLT\u00dcYE O KADAR A\u015eINAYDI KI BIR PAR\u00c7A SAKINLIK G\u00d6RD\u00dc\u011e\u00dcM\u00dcZDE SESE IHTIYA\u00c7 DUYAR VE<span class=\"excerpt-hellip\"> [\u2026]<\/span><\/p>\n","protected":false},"featured_media":0,"template":"","meta":{"_monsterinsights_skip_tracking":false,"_monsterinsights_sitenote_active":false,"_monsterinsights_sitenote_note":"","_monsterinsights_sitenote_category":0},"product_brand":[],"product_cat":[12291,12711],"product_tag":[],"class_list":{"0":"post-783581","1":"product","2":"type-product","3":"status-publish","5":"product_cat-edebiyat","6":"product_cat-roman-oyku","7":"pa_cilt-ciltsiz","8":"pa_tur-kitap","9":"pa_yayinevi-artemis-yayinlari","10":"pa_yazar-r-ideli","12":"first","13":"instock","14":"sale","15":"shipping-taxable","16":"purchasable","17":"product-type-simple"},"_links":{"self":[{"href":"https:\/\/roveyayinevi.com.tr\/index.php\/wp-json\/wp\/v2\/product\/783581","targetHints":{"allow":["GET"]}}],"collection":[{"href":"https:\/\/roveyayinevi.com.tr\/index.php\/wp-json\/wp\/v2\/product"}],"about":[{"href":"https:\/\/roveyayinevi.com.tr\/index.php\/wp-json\/wp\/v2\/types\/product"}],"wp:attachment":[{"href":"https:\/\/roveyayinevi.com.tr\/index.php\/wp-json\/wp\/v2\/media?parent=783581"}],"wp:term":[{"taxonomy":"product_brand","embeddable":true,"href":"https:\/\/roveyayinevi.com.tr\/index.php\/wp-json\/wp\/v2\/product_brand?post=783581"},{"taxonomy":"product_cat","embeddable":true,"href":"https:\/\/roveyayinevi.com.tr\/index.php\/wp-json\/wp\/v2\/product_cat?post=783581"},{"taxonomy":"product_tag","embeddable":true,"href":"https:\/\/roveyayinevi.com.tr\/index.php\/wp-json\/wp\/v2\/product_tag?post=783581"}],"curies":[{"name":"wp","href":"https:\/\/api.w.org\/{rel}","templated":true}]}}