{"id":783575,"date":"2026-02-26T22:52:58","date_gmt":"2026-02-26T19:52:58","guid":{"rendered":"https:\/\/roveyayinevi.com.tr\/index.php\/urun\/bir-suphen-mi-var\/"},"modified":"2026-04-16T02:56:30","modified_gmt":"2026-04-15T23:56:30","slug":"bir-suphen-mi-var","status":"publish","type":"product","link":"https:\/\/roveyayinevi.com.tr\/index.php\/urun\/bir-suphen-mi-var\/","title":{"rendered":"Bir \u015e\u00fcphen Mi Var"},"content":{"rendered":"<p>Bu kitap; inanc\u0131n kaba saba sorguland\u0131\u011f\u0131 bu modern \u00e7a\u011fda her kesimden insan\u0131n akl\u0131na tak\u0131lan ve kafa kar\u0131\u015f\u0131kl\u0131\u011f\u0131na sebep olan konular\u0131 (sorular\u0131) ele almaktad\u0131r. \u00d6zellikle de kafas\u0131 kar\u0131\u015f\u0131k, \u015f\u00fcphe i\u00e7inde olan, dine dair zihninde \u00e7e\u015fitli anlam bo\u015flu\u011fu ya\u015fayan ve Allah&#8217;\u0131n varl\u0131\u011f\u0131 hususunda teredd\u00fct i\u00e7inde olan ki\u015filer i\u00e7in yaz\u0131lm\u0131\u015ft\u0131r. Ayr\u0131ca din k\u00fclt\u00fcr\u00fc ve ahlak bilgisi \u00f6\u011fretmenleri i\u00e7in \u00f6\u011frencilerden gelecek sorular\u0131n cevapland\u0131r\u0131lmas\u0131 hususunda bir k\u0131lavuz niteli\u011findedir. \u0130nsan yarat\u0131l\u0131\u015f\u0131 gere\u011fi merak eden, soran ve \u00f6\u011frenme ihtiyac\u0131 hisseden bir varl\u0131kt\u0131r. \u201cVarl\u0131k nas\u0131l olu\u015fmu\u015ftur? \u0130nsan\u0131n d\u00fcnyadaki de\u011feri nedir? Ni\u00e7in ya\u015fam var? Neden var\u0131z? Ni\u00e7in evren var? \u00d6ld\u00fckten sonra ne olacak?\u201d gibi hayati \u00f6nem ta\u015f\u0131yan bir\u00e7ok soruya cevap aramaktad\u0131r. Dolay\u0131s\u0131yla insan\u0131n anlam aray\u0131\u015f\u0131 hi\u00e7bir zaman bitmez. \u0130\u015fte bu kitap, bir nebze de olsa sizlere anlam aray\u0131\u015f\u0131nda yol g\u00f6sterecek, kafan\u0131zdaki \u015f\u00fcpheleri ortadan kald\u0131racak ve ya\u015fam\u0131n anlam bilincini a\u015f\u0131layacakt\u0131r.<\/p>\n","protected":false},"excerpt":{"rendered":"<p>Bu kitap; inanc\u0131n kaba saba sorguland\u0131\u011f\u0131 bu modern \u00e7a\u011fda her kesimden insan\u0131n akl\u0131na tak\u0131lan ve kafa kar\u0131\u015f\u0131kl\u0131\u011f\u0131na sebep olan konular\u0131 (sorular\u0131) ele almaktad\u0131r. \u00d6zellikle de kafas\u0131<span class=\"excerpt-hellip\"> [\u2026]<\/span><\/p>\n","protected":false},"featured_media":0,"template":"","meta":{"_monsterinsights_skip_tracking":false,"_monsterinsights_sitenote_active":false,"_monsterinsights_sitenote_note":"","_monsterinsights_sitenote_category":0},"product_brand":[],"product_cat":[12718,12719],"product_tag":[],"class_list":{"0":"post-783575","1":"product","2":"type-product","3":"status-publish","5":"product_cat-din","6":"product_cat-islam","7":"pa_cilt-ciltsiz","8":"pa_tur-kitap","9":"pa_yayinevi-beyan-yayinlari","10":"pa_yazar-abdulhakim-ak","12":"first","13":"instock","14":"sale","15":"shipping-taxable","16":"purchasable","17":"product-type-simple"},"_links":{"self":[{"href":"https:\/\/roveyayinevi.com.tr\/index.php\/wp-json\/wp\/v2\/product\/783575","targetHints":{"allow":["GET"]}}],"collection":[{"href":"https:\/\/roveyayinevi.com.tr\/index.php\/wp-json\/wp\/v2\/product"}],"about":[{"href":"https:\/\/roveyayinevi.com.tr\/index.php\/wp-json\/wp\/v2\/types\/product"}],"wp:attachment":[{"href":"https:\/\/roveyayinevi.com.tr\/index.php\/wp-json\/wp\/v2\/media?parent=783575"}],"wp:term":[{"taxonomy":"product_brand","embeddable":true,"href":"https:\/\/roveyayinevi.com.tr\/index.php\/wp-json\/wp\/v2\/product_brand?post=783575"},{"taxonomy":"product_cat","embeddable":true,"href":"https:\/\/roveyayinevi.com.tr\/index.php\/wp-json\/wp\/v2\/product_cat?post=783575"},{"taxonomy":"product_tag","embeddable":true,"href":"https:\/\/roveyayinevi.com.tr\/index.php\/wp-json\/wp\/v2\/product_tag?post=783575"}],"curies":[{"name":"wp","href":"https:\/\/api.w.org\/{rel}","templated":true}]}}