{"id":783574,"date":"2026-02-26T22:52:32","date_gmt":"2026-02-26T19:52:32","guid":{"rendered":"https:\/\/roveyayinevi.com.tr\/index.php\/urun\/sunnet-bilinci-dersleri\/"},"modified":"2026-04-16T02:55:47","modified_gmt":"2026-04-15T23:55:47","slug":"sunnet-bilinci-dersleri","status":"publish","type":"product","link":"https:\/\/roveyayinevi.com.tr\/index.php\/urun\/sunnet-bilinci-dersleri\/","title":{"rendered":"S\u00fcnnet Bilinci Dersleri"},"content":{"rendered":"<p>S\u00fcnnet; M\u00fcsl\u00fcmanca d\u00fc\u015f\u00fcnmek ve M\u00fcsl\u00fcmanca ya\u015famakt\u0131r. \u0130ster fark\u0131na varal\u0131m ister varmayal\u0131m ister bu hakikati i\u015fitelim ister inatla duymamaya \u00e7al\u0131\u015fal\u0131m; \u00f6zelde \u00dcmmet-i Muhammed\u2019i (sas) genelde t\u00fcm insanl\u0131\u011f\u0131 her t\u00fcrl\u00fc azaptan kurtaracak yol \u201cS\u00fcnnet ve Ma\u011ffiret\u201dtir. Bundan dolay\u0131 art\u0131k iyice anlayal\u0131m ki: S\u00fcnnet ile aya\u011fa kalkaca\u011f\u0131z. S\u00fcnnet ile insanl\u0131\u011f\u0131 aya\u011fa kald\u0131raca\u011f\u0131z. S\u00fcnnet ile daralan ufuklar\u0131m\u0131z\u0131 geni\u015fletece\u011fiz. S\u00fcnnet ile kaybolan umutlar\u0131m\u0131z\u0131 yeniden ye\u015fertece\u011fiz. S\u00fcnnet ile insanl\u0131\u011fa \u015fahit \u00fcmmet olma sorumlulu\u011fumuzu yerine getirece\u011fiz. Ve ancak S\u00fcnnet ile kavrad\u0131\u011f\u0131m\u0131z isti\u011ffar ve tevbe bilinciyle ma\u011ffireti kazanman\u0131n gayretini ortaya koyaca\u011f\u0131z.<\/p>\n","protected":false},"excerpt":{"rendered":"<p>S\u00fcnnet; M\u00fcsl\u00fcmanca d\u00fc\u015f\u00fcnmek ve M\u00fcsl\u00fcmanca ya\u015famakt\u0131r. \u0130ster fark\u0131na varal\u0131m ister varmayal\u0131m ister bu hakikati i\u015fitelim ister inatla duymamaya \u00e7al\u0131\u015fal\u0131m; \u00f6zelde \u00dcmmet-i Muhammed\u2019i (sas) genelde t\u00fcm insanl\u0131\u011f\u0131<span class=\"excerpt-hellip\"> [\u2026]<\/span><\/p>\n","protected":false},"featured_media":0,"template":"","meta":{"_monsterinsights_skip_tracking":false,"_monsterinsights_sitenote_active":false,"_monsterinsights_sitenote_note":"","_monsterinsights_sitenote_category":0},"product_brand":[],"product_cat":[12718,12719],"product_tag":[],"class_list":{"0":"post-783574","1":"product","2":"type-product","3":"status-publish","5":"product_cat-din","6":"product_cat-islam","7":"pa_cilt-ciltsiz","8":"pa_tur-kitap","9":"pa_yayinevi-siyer-yayinlari","10":"pa_yazar-muhammed-emin-yildirim","12":"first","13":"instock","14":"sale","15":"shipping-taxable","16":"purchasable","17":"product-type-simple"},"_links":{"self":[{"href":"https:\/\/roveyayinevi.com.tr\/index.php\/wp-json\/wp\/v2\/product\/783574","targetHints":{"allow":["GET"]}}],"collection":[{"href":"https:\/\/roveyayinevi.com.tr\/index.php\/wp-json\/wp\/v2\/product"}],"about":[{"href":"https:\/\/roveyayinevi.com.tr\/index.php\/wp-json\/wp\/v2\/types\/product"}],"wp:attachment":[{"href":"https:\/\/roveyayinevi.com.tr\/index.php\/wp-json\/wp\/v2\/media?parent=783574"}],"wp:term":[{"taxonomy":"product_brand","embeddable":true,"href":"https:\/\/roveyayinevi.com.tr\/index.php\/wp-json\/wp\/v2\/product_brand?post=783574"},{"taxonomy":"product_cat","embeddable":true,"href":"https:\/\/roveyayinevi.com.tr\/index.php\/wp-json\/wp\/v2\/product_cat?post=783574"},{"taxonomy":"product_tag","embeddable":true,"href":"https:\/\/roveyayinevi.com.tr\/index.php\/wp-json\/wp\/v2\/product_tag?post=783574"}],"curies":[{"name":"wp","href":"https:\/\/api.w.org\/{rel}","templated":true}]}}