{"id":783567,"date":"2026-02-26T22:36:25","date_gmt":"2026-02-26T19:36:25","guid":{"rendered":"https:\/\/roveyayinevi.com.tr\/index.php\/urun\/kelebek-etkisi-soylesileri-1\/"},"modified":"2026-04-16T02:38:40","modified_gmt":"2026-04-15T23:38:40","slug":"kelebek-etkisi-soylesileri-1","status":"publish","type":"product","link":"https:\/\/roveyayinevi.com.tr\/index.php\/urun\/kelebek-etkisi-soylesileri-1\/","title":{"rendered":"&#8220;Kelebek Etkisi&#8221; S\u00f6yle\u015fileri 1"},"content":{"rendered":"<p>Hem T\u00fcrkiye\u2019nin, hem de d\u00fcnyan\u0131n ekseni s\u00fcrekli de\u011fi\u015firken bu krizlerin ortas\u0131ndan esasa, kaynaklara, kadim de\u011ferlere bakmak i\u00e7in \u00e7aba harcanmas\u0131 gerekiyor. Aksi takdirde d\u00f6n\u00fc\u015f\u00fcm h\u00e2lindeki d\u00fcnyada ya\u015fayakalmaya \u00e7al\u0131\u015fan bizler i\u00e7in \u00fclkemizin temel meselelerini, d\u00fcnyan\u0131n gidi\u015fat\u0131n\u0131 kavrayabilmek m\u00fcmk\u00fcn olmaz. Olgular\u0131n hakk\u0131n\u0131 veren ve zihnin berrakla\u015fmas\u0131 \u00e7a\u011fr\u0131s\u0131nda bulunan Kelebek Etkisi S\u00f6yle\u015fileri I, Alev Alatl\u0131 ile Ay\u015fe B\u00f6h\u00fcrler\u2019in \u201cKelebek Etkisi\u201d program\u0131ndaki sohbetlerinden olu\u015fuyor. Kitap Rusya, Amerika, neoconlar, paleoconlar, Amerika\u2019n\u0131n sol ve sa\u011f damarlar\u0131, milenyum dinleri, paganizm ve panteizmin g\u00fcn\u00fcm\u00fczdeki g\u00f6r\u00fcn\u00fcmleri, k\u00fcreselciler, ekolojik hareketler, Hollywood, Yehova \u015eahitleri, intihar k\u00fcltleri, zihin kontrol sistemleri, insanlar\u0131n ge\u00e7mi\u015flerinden kopar\u0131l\u0131p robot h\u00e2line getirilmesi, paral\u0131 askerlerden paral\u0131 hapishanelere d\u00fcnya sistemi gibi bir\u00e7ok ba\u015fl\u0131\u011fa temas ediyor. Elbette karamsarl\u0131\u011fa kap\u0131lmadan ve hep yeni ba\u015flang\u0131\u00e7lar\u0131 te\u015fvik ederek\u2026 Alev Alatl\u0131\u2019n\u0131n T\u00fcrk d\u00fc\u015f\u00fcnce tarihine kazand\u0131rd\u0131\u011f\u0131 bir\u00e7ok kavram\u0131n da \u00e7etelesi niteli\u011findeki, Kelebek Etkisi S\u00f6yle\u015fileri I, T\u00fcrkiye ve d\u00fcnya hakk\u0131nda bilmeden konu\u015fman\u0131n yol a\u00e7t\u0131\u011f\u0131 \u00e7atlaklar\u0131n b\u00fcy\u00fcmesiyle ortaya \u00e7\u0131kan durumlar\u0131 g\u00f6zler \u00f6n\u00fcne seriyor.<\/p>\n","protected":false},"excerpt":{"rendered":"<p>Hem T\u00fcrkiye\u2019nin, hem de d\u00fcnyan\u0131n ekseni s\u00fcrekli de\u011fi\u015firken bu krizlerin ortas\u0131ndan esasa, kaynaklara, kadim de\u011ferlere bakmak i\u00e7in \u00e7aba harcanmas\u0131 gerekiyor. Aksi takdirde d\u00f6n\u00fc\u015f\u00fcm h\u00e2lindeki d\u00fcnyada ya\u015fayakalmaya<span class=\"excerpt-hellip\"> [\u2026]<\/span><\/p>\n","protected":false},"featured_media":0,"template":"","meta":{"_monsterinsights_skip_tracking":false,"_monsterinsights_sitenote_active":false,"_monsterinsights_sitenote_note":"","_monsterinsights_sitenote_category":0},"product_brand":[],"product_cat":[12291,30969],"product_tag":[],"class_list":{"0":"post-783567","1":"product","2":"type-product","3":"status-publish","5":"product_cat-edebiyat","6":"product_cat-soylesi-edebiyat","7":"pa_cilt-ciltsiz","8":"pa_tur-kitap","9":"pa_yayinevi-pinar-yayinlari","10":"pa_yazar-alev-alatli","12":"first","13":"instock","14":"sale","15":"shipping-taxable","16":"purchasable","17":"product-type-simple"},"_links":{"self":[{"href":"https:\/\/roveyayinevi.com.tr\/index.php\/wp-json\/wp\/v2\/product\/783567","targetHints":{"allow":["GET"]}}],"collection":[{"href":"https:\/\/roveyayinevi.com.tr\/index.php\/wp-json\/wp\/v2\/product"}],"about":[{"href":"https:\/\/roveyayinevi.com.tr\/index.php\/wp-json\/wp\/v2\/types\/product"}],"wp:attachment":[{"href":"https:\/\/roveyayinevi.com.tr\/index.php\/wp-json\/wp\/v2\/media?parent=783567"}],"wp:term":[{"taxonomy":"product_brand","embeddable":true,"href":"https:\/\/roveyayinevi.com.tr\/index.php\/wp-json\/wp\/v2\/product_brand?post=783567"},{"taxonomy":"product_cat","embeddable":true,"href":"https:\/\/roveyayinevi.com.tr\/index.php\/wp-json\/wp\/v2\/product_cat?post=783567"},{"taxonomy":"product_tag","embeddable":true,"href":"https:\/\/roveyayinevi.com.tr\/index.php\/wp-json\/wp\/v2\/product_tag?post=783567"}],"curies":[{"name":"wp","href":"https:\/\/api.w.org\/{rel}","templated":true}]}}