{"id":783555,"date":"2026-02-26T22:25:42","date_gmt":"2026-02-26T19:25:42","guid":{"rendered":"https:\/\/roveyayinevi.com.tr\/index.php\/urun\/suffa-meclisleri-siyer-dersleri\/"},"modified":"2026-04-16T02:30:34","modified_gmt":"2026-04-15T23:30:34","slug":"suffa-meclisleri-siyer-dersleri","status":"publish","type":"product","link":"https:\/\/roveyayinevi.com.tr\/index.php\/urun\/suffa-meclisleri-siyer-dersleri\/","title":{"rendered":"Suffa Meclisleri Siyer Dersleri"},"content":{"rendered":"<p>Hz. Peygamber\u2019in (sas) kutlu hayat\u0131 olan siyer, bir M\u00fcsl\u00fcman i\u00e7in ger\u00e7ekten \u00e7ok b\u00fcy\u00fck ehemmiyet arz eden bir aland\u0131r. Kulluk i\u00e7i yarat\u0131lan insan, bu kullu\u011fun en ideal halini elbette peygamberlerden ve son peygamber olan Efendimiz\u2019den (sas) \u00f6\u011frenecektir. B\u00f6yle oldu\u011fu i\u00e7in, Kur\u2019\u00e2n\u2019\u0131n ve N\u00fcb\u00fcvvet mesajlar\u0131n\u0131n ilk muhataplar\u0131 olan sah\u00e2be nesli, Hz. Peygamber\u2019in (sas) d\u00fcnyas\u0131na ait ne varsa, bu bilgileri \u00e7ok \u00f6nemsemi\u015f, daha sonraki s\u00fcre\u00e7te de bunlar\u0131 talebeleri ve ikinci hay\u0131rl\u0131 nesil olan Tabi\u00een nesline aktarm\u0131\u015f, onlar da kendilerinden sonra gelenlere bu miras\u0131 ula\u015ft\u0131rarak, o k\u0131ymetli hazinelein g\u00fcn\u00fcm\u00fcze kadar ula\u015fmas\u0131n\u0131 sa\u011flam\u0131\u015flard\u0131r.Hakikaten Hz. Peygamber\u2019in (sas) kutlu hayat\u0131na dair bilgiler, tarihte hi\u00e7bir \u015fah\u0131s ve d\u00f6nem ile k\u0131yaslanamayacak kadar ciddi bir m\u00fcktesebata ula\u015fm\u0131\u015ft\u0131r. \u015eu an k\u00fct\u00fcphanelerimizde o d\u00f6neme dair binlerce, hatta y\u00fczbinlerle ifade edilecek kadar kitap mevcuttur. Miladi 6. D\u00f6neme ait dedi\u011fimiz o d\u00f6neme ait \u00e7al\u0131\u015fmalar, sadece Hz. Peygamber\u2019in (sas) hayat\u0131n\u0131 anlatan do\u011frudan siyer kaynaklar\u0131ndan ibaret de\u011fildir. Bir \u015fekilde Hz. Peygamber\u2019in (sas) hayat\u0131n\u0131 daha do\u011fru ve daha detayl\u0131 anlamam\u0131za katk\u0131 sa\u011flayacak her t\u00fcrl\u00fc \u00e7al\u0131\u015fman\u0131n siyer ile bir \u015fekilde ba\u011flar\u0131 kopmu\u015ftur.Bug\u00fcn genelde t\u00fcm Kur\u2019\u00e2n ilimlerinin, \u00f6zelde ise tefsir ilminin, hadis ve s\u00fcnnet ilimlerinin, hukuk ve f\u0131k\u0131h ilminin, ahl\u00e2k ve z\u00fchd anlam\u0131na giren ilimlerin, akaid ve kel\u00e2m ilminin ve daha nice alanlar\u0131n siyer ilmi ile ciddi bir irtibat\u0131 vard\u0131r. Hal b\u00f6yle olunca siyerin ehemmiyet ve de\u011feri daha da artmaktad\u0131r. B\u00f6yle bir seviyede olmas\u0131na ra\u011fmen tarih boyunca siyer ilmi baz\u0131 sebeplerden dolay\u0131 ba\u011f\u0131ms\u0131z bir bilim dal\u0131 olarak ele al\u0131n(a)mam\u0131\u015f, di\u011fer ilimlerle olan s\u0131k\u0131 irtibat\u0131n etkisi ile o ilimler i\u00e7erisinde yer alm\u0131\u015ft\u0131r. Hadis ve \u0130sl\u00e2m Tarihi ilimlerinin bir alt disiplini olarak varl\u0131\u011f\u0131n\u0131 s\u00fcrd\u00fcren siyer, son y\u0131llarda gelinen noktada daha fazla a\u011f\u0131rl\u0131\u011f\u0131n\u0131 hissettirmi\u015f ve ba\u011f\u0131ms\u0131z bir ilim dal\u0131 olarak de\u011ferlendirilmesi konusunda g\u00fcndem olmaya ba\u015flam\u0131\u015ft\u0131r.\u00c2cizane biz, 15 y\u0131l\u0131 a\u015fk\u0131n bu alanda yapt\u0131\u011f\u0131m\u0131z okuma ve \u00e7al\u0131\u015fmalar neticesinde, kesinlikle siyerin art\u0131k \u00f6zg\u00fcn bir ilim dal\u0131 olarak ele al\u0131nmas\u0131, ba\u015fta riv\u00e2yetlerin s\u0131hhat tan\u0131mlamas\u0131 olmak \u00fczere bir\u00e7ok ihtiya\u00e7 ve sorunun \u00e7\u00f6z\u00fcme kavu\u015fturulmas\u0131 gerekti\u011finin kanaatindeyiz. Bu okumalar s\u0131ras\u0131nda toparlad\u0131\u011f\u0131m\u0131z baz\u0131 bilgileri, derli-toplu hale getirmek suretiyle siyer i\u00e7in bir us\u00fbl denemesi haz\u0131rlamay\u0131 planlam\u0131\u015ft\u0131k. Bu baplamda Suffa Meclisleri projesi i\u00e7in haz\u0131rlad\u0131\u011f\u0131m\u0131z ders kitab\u0131 format\u0131ndaki \u00e7al\u0131\u015fmam\u0131z\u0131 yeniden g\u00f6zden ge\u00e7irmek suretiyle \u015fu an elinizdeki hale d\u00f6n\u00fc\u015ft\u00fcrmeyi uygun g\u00f6rd\u00fck.<\/p>\n","protected":false},"excerpt":{"rendered":"<p>Hz. Peygamber\u2019in (sas) kutlu hayat\u0131 olan siyer, bir M\u00fcsl\u00fcman i\u00e7in ger\u00e7ekten \u00e7ok b\u00fcy\u00fck ehemmiyet arz eden bir aland\u0131r. Kulluk i\u00e7i yarat\u0131lan insan, bu kullu\u011fun en ideal<span class=\"excerpt-hellip\"> [\u2026]<\/span><\/p>\n","protected":false},"featured_media":0,"template":"","meta":{"_monsterinsights_skip_tracking":false,"_monsterinsights_sitenote_active":false,"_monsterinsights_sitenote_note":"","_monsterinsights_sitenote_category":0},"product_brand":[],"product_cat":[12718,12719,17284],"product_tag":[],"class_list":{"0":"post-783555","1":"product","2":"type-product","3":"status-publish","5":"product_cat-din","6":"product_cat-islam","7":"product_cat-kuran-ve-kuran-uzerine","8":"pa_cilt-ciltsiz","9":"pa_tur-kitap","10":"pa_yayinevi-siyer-yayinlari","11":"pa_yazar-muhammed-emin-yildirim","13":"first","14":"instock","15":"sale","16":"shipping-taxable","17":"purchasable","18":"product-type-simple"},"_links":{"self":[{"href":"https:\/\/roveyayinevi.com.tr\/index.php\/wp-json\/wp\/v2\/product\/783555","targetHints":{"allow":["GET"]}}],"collection":[{"href":"https:\/\/roveyayinevi.com.tr\/index.php\/wp-json\/wp\/v2\/product"}],"about":[{"href":"https:\/\/roveyayinevi.com.tr\/index.php\/wp-json\/wp\/v2\/types\/product"}],"wp:attachment":[{"href":"https:\/\/roveyayinevi.com.tr\/index.php\/wp-json\/wp\/v2\/media?parent=783555"}],"wp:term":[{"taxonomy":"product_brand","embeddable":true,"href":"https:\/\/roveyayinevi.com.tr\/index.php\/wp-json\/wp\/v2\/product_brand?post=783555"},{"taxonomy":"product_cat","embeddable":true,"href":"https:\/\/roveyayinevi.com.tr\/index.php\/wp-json\/wp\/v2\/product_cat?post=783555"},{"taxonomy":"product_tag","embeddable":true,"href":"https:\/\/roveyayinevi.com.tr\/index.php\/wp-json\/wp\/v2\/product_tag?post=783555"}],"curies":[{"name":"wp","href":"https:\/\/api.w.org\/{rel}","templated":true}]}}