{"id":783551,"date":"2026-02-26T22:23:09","date_gmt":"2026-02-26T19:23:09","guid":{"rendered":"https:\/\/roveyayinevi.com.tr\/index.php\/urun\/turk-mitolojisinin-kisa-tarihi\/"},"modified":"2026-02-27T02:32:38","modified_gmt":"2026-02-26T23:32:38","slug":"turk-mitolojisinin-kisa-tarihi","status":"publish","type":"product","link":"https:\/\/roveyayinevi.com.tr\/index.php\/urun\/turk-mitolojisinin-kisa-tarihi\/","title":{"rendered":"T\u00fcrk Mitolojisinin K\u0131sa Tarihi"},"content":{"rendered":"<p>Ya\u015far \u00e7oruhlu, t\u00fcrk sanat\u0131, t\u00fcrk mitolojisi ve t\u00fcrk sanat\u0131nda ikonografi ve sembolizm konular\u0131nda \u00f6m\u00fcr boyu s\u00fcren \u00e7al\u0131\u015fmalar\u0131yla, t\u00fcrkiye\u2019deki alan ara\u015ft\u0131rmalar\u0131n\u0131n akademik \u00e7evrelerde benimsenmesini, geli\u015fmesini ve yay\u0131lmas\u0131n\u0131 sa\u011flam\u0131\u015ft\u0131r. Yazara g\u00f6re, t\u00fcrk mitolojisinin pek \u00e7ok \u00f6\u011fesi \u00e7ok eski tarihlerden g\u00fcn\u00fcm\u00fcze ula\u015fm\u0131\u015ft\u0131r, resimden heykele, sinemadan m\u00fczik ve edebiyata kadar pek \u00e7ok alanda etkili olmaya devam etmektedir. T\u00fcrklerin mitolojisi hakk\u0131nda en \u00f6nemli bilgileri, son iki y\u00fczy\u0131lda s\u00f6zl\u00fc gelenekten varyasyonlar halinde yaz\u0131ya aktar\u0131lan destan metinleri vermektedir. K\u00f6keni alplik d\u00f6neminin mitlerine kadar uzanan bu destanlardan t\u00fcrklerdeki tanr\u0131 ve ruh kavram\u0131na, dini rit\u00fcellere, hayvan sembolizmine, g\u00f6k cisimlerine, \u00f6l\u00fcm ve do\u011fum mitlerine dair pek \u00e7ok ipucu elde etmekteyiz.<\/p>\n","protected":false},"excerpt":{"rendered":"<p>Ya\u015far \u00e7oruhlu, t\u00fcrk sanat\u0131, t\u00fcrk mitolojisi ve t\u00fcrk sanat\u0131nda ikonografi ve sembolizm konular\u0131nda \u00f6m\u00fcr boyu s\u00fcren \u00e7al\u0131\u015fmalar\u0131yla, t\u00fcrkiye\u2019deki alan ara\u015ft\u0131rmalar\u0131n\u0131n akademik \u00e7evrelerde benimsenmesini, geli\u015fmesini ve yay\u0131lmas\u0131n\u0131<span class=\"excerpt-hellip\"> [\u2026]<\/span><\/p>\n","protected":false},"featured_media":0,"template":"","meta":{"_monsterinsights_skip_tracking":false,"_monsterinsights_sitenote_active":false,"_monsterinsights_sitenote_note":"","_monsterinsights_sitenote_category":0},"product_brand":[],"product_cat":[12304,13650],"product_tag":[],"class_list":{"0":"post-783551","1":"product","2":"type-product","3":"status-publish","5":"product_cat-tarih","6":"product_cat-turk-tarihi-arastirmalari","7":"pa_cilt-ciltsiz","8":"pa_tur-kitap","9":"pa_yayinevi-alfa-yayinlari","10":"pa_yazar-yasar-coruhlu","12":"first","13":"instock","14":"sale","15":"shipping-taxable","16":"purchasable","17":"product-type-simple"},"_links":{"self":[{"href":"https:\/\/roveyayinevi.com.tr\/index.php\/wp-json\/wp\/v2\/product\/783551","targetHints":{"allow":["GET"]}}],"collection":[{"href":"https:\/\/roveyayinevi.com.tr\/index.php\/wp-json\/wp\/v2\/product"}],"about":[{"href":"https:\/\/roveyayinevi.com.tr\/index.php\/wp-json\/wp\/v2\/types\/product"}],"wp:attachment":[{"href":"https:\/\/roveyayinevi.com.tr\/index.php\/wp-json\/wp\/v2\/media?parent=783551"}],"wp:term":[{"taxonomy":"product_brand","embeddable":true,"href":"https:\/\/roveyayinevi.com.tr\/index.php\/wp-json\/wp\/v2\/product_brand?post=783551"},{"taxonomy":"product_cat","embeddable":true,"href":"https:\/\/roveyayinevi.com.tr\/index.php\/wp-json\/wp\/v2\/product_cat?post=783551"},{"taxonomy":"product_tag","embeddable":true,"href":"https:\/\/roveyayinevi.com.tr\/index.php\/wp-json\/wp\/v2\/product_tag?post=783551"}],"curies":[{"name":"wp","href":"https:\/\/api.w.org\/{rel}","templated":true}]}}