{"id":783537,"date":"2026-02-26T22:16:15","date_gmt":"2026-02-26T19:16:15","guid":{"rendered":"https:\/\/roveyayinevi.com.tr\/index.php\/urun\/buyuk-onder-ataturkten-cocuklara-oykuler\/"},"modified":"2026-02-27T02:25:29","modified_gmt":"2026-02-26T23:25:29","slug":"buyuk-onder-ataturkten-cocuklara-oykuler","status":"publish","type":"product","link":"https:\/\/roveyayinevi.com.tr\/index.php\/urun\/buyuk-onder-ataturkten-cocuklara-oykuler\/","title":{"rendered":"B\u00fcy\u00fck \u00d6nder  Atat\u00fcrk\u2019ten  \u00c7ocuklara \u00d6yk\u00fcler"},"content":{"rendered":"<p>Mustafa Kemal Atat\u00fcrk, ba\u011f\u0131ms\u0131z, \u00e7a\u011fda\u015f, laik, \u00f6zg\u00fcr, demokratik bir T\u00fcrkiye b\u0131rakm\u0131\u015ft\u0131r bize.Din, dil, \u0131rk, mezhep ayr\u0131l\u0131\u011f\u0131 olmayan karde\u015f bir toplum yaratm\u0131\u015ft\u0131r. Bu kitapta onun ya\u015fam\u0131ndan derledi\u011fimiz \u00f6yk\u00fcleri bulacaks\u0131n\u0131z. Do\u011fumundan itibaren \u00e7ocukluk y\u0131llar\u0131n\u0131n, gen\u00e7lik y\u0131llar\u0131n\u0131n, bir asker olarak \u00fclkesini savundu\u011fu sava\u015f y\u0131llar\u0131n\u0131n, \u00fclkesini yeniden kurmak i\u00e7in yapt\u0131\u011f\u0131 \u00e7al\u0131\u015fmalar\u0131n anlat\u0131ld\u0131\u011f\u0131 \u00f6yk\u00fcleri okuyacaks\u0131n\u0131z. Kendisini \u00fclkesine, halk\u0131na adam\u0131\u015f, bu u\u011furda sava\u015f\u0131p m\u00fccadele etmi\u015f bir \u00f6nderin ya\u015fam \u00f6yk\u00fcs\u00fcne tan\u0131k olacaks\u0131n\u0131z.\u00f6yk\u00fcleri okuyacaks\u0131n\u0131z. Kendisini \u00fclkesine, halk\u0131na adam\u0131\u015f, bu u\u011furda sava\u015f\u0131p m\u00fccadele etmi\u015f bir \u00f6nderin ya\u015fam \u00f6yk\u00fcs\u00fcne tan\u0131k olacaks\u0131n\u0131z.<\/p>\n","protected":false},"excerpt":{"rendered":"<p>Mustafa Kemal Atat\u00fcrk, ba\u011f\u0131ms\u0131z, \u00e7a\u011fda\u015f, laik, \u00f6zg\u00fcr, demokratik bir T\u00fcrkiye b\u0131rakm\u0131\u015ft\u0131r bize.Din, dil, \u0131rk, mezhep ayr\u0131l\u0131\u011f\u0131 olmayan karde\u015f bir toplum yaratm\u0131\u015ft\u0131r. Bu kitapta onun ya\u015fam\u0131ndan derledi\u011fimiz<span class=\"excerpt-hellip\"> [\u2026]<\/span><\/p>\n","protected":false},"featured_media":0,"template":"","meta":{"_monsterinsights_skip_tracking":false,"_monsterinsights_sitenote_active":false,"_monsterinsights_sitenote_note":"","_monsterinsights_sitenote_category":0},"product_brand":[],"product_cat":[14009,12291],"product_tag":[],"class_list":{"0":"post-783537","1":"product","2":"type-product","3":"status-publish","5":"product_cat-biyografi-otobiyografi-edebiyat","6":"product_cat-edebiyat","7":"pa_cilt-ciltsiz","8":"pa_tur-kitap","9":"pa_yayinevi-buyulu-fener-yayinlari","10":"pa_yazar-adnan-ozyalciner","12":"first","13":"instock","14":"sale","15":"shipping-taxable","16":"purchasable","17":"product-type-simple"},"_links":{"self":[{"href":"https:\/\/roveyayinevi.com.tr\/index.php\/wp-json\/wp\/v2\/product\/783537","targetHints":{"allow":["GET"]}}],"collection":[{"href":"https:\/\/roveyayinevi.com.tr\/index.php\/wp-json\/wp\/v2\/product"}],"about":[{"href":"https:\/\/roveyayinevi.com.tr\/index.php\/wp-json\/wp\/v2\/types\/product"}],"wp:attachment":[{"href":"https:\/\/roveyayinevi.com.tr\/index.php\/wp-json\/wp\/v2\/media?parent=783537"}],"wp:term":[{"taxonomy":"product_brand","embeddable":true,"href":"https:\/\/roveyayinevi.com.tr\/index.php\/wp-json\/wp\/v2\/product_brand?post=783537"},{"taxonomy":"product_cat","embeddable":true,"href":"https:\/\/roveyayinevi.com.tr\/index.php\/wp-json\/wp\/v2\/product_cat?post=783537"},{"taxonomy":"product_tag","embeddable":true,"href":"https:\/\/roveyayinevi.com.tr\/index.php\/wp-json\/wp\/v2\/product_tag?post=783537"}],"curies":[{"name":"wp","href":"https:\/\/api.w.org\/{rel}","templated":true}]}}