{"id":783532,"date":"2026-02-26T22:12:37","date_gmt":"2026-02-26T19:12:37","guid":{"rendered":"https:\/\/roveyayinevi.com.tr\/index.php\/urun\/olumden-once-bir-hayat-vardir\/"},"modified":"2026-04-16T02:19:46","modified_gmt":"2026-04-15T23:19:46","slug":"olumden-once-bir-hayat-vardir","status":"publish","type":"product","link":"https:\/\/roveyayinevi.com.tr\/index.php\/urun\/olumden-once-bir-hayat-vardir\/","title":{"rendered":"\u00d6l\u00fcmden \u00d6nce Bir Hayat Vard\u0131r"},"content":{"rendered":"<p>Hayatta k\u00f6t\u00fcl\u00fc\u011f\u00fcn her zaman kar\u015f\u0131m\u0131za \u00e7\u0131kabilece\u011fi bilgisini hat\u0131rda tutarak m\u0131 ya\u015famal\u0131y\u0131z, yoksa gelece\u011fin i\u00e7inde hep bir umudun \u00e7i\u00e7eklendi\u011fi temennisiyle mi? Hangi yolda ilerleyece\u011fiz? K\u00f6r\u00fc k\u00f6r\u00fcne iyimserlikle, fel\u00e7 edici karamsarl\u0131k aras\u0131nda, acaba bir orta yol bulabilir miyiz? \u00d6l\u00fcmden \u00d6nce Bir Hayat Vard\u0131r, bu temel sorulardan yola \u00e7\u0131karak, gerek i\u00e7 d\u00fcnyam\u0131zdan gerekse d\u0131\u015f \u00e2lemden yans\u0131yan \u00f6rneklerle, hayat\u0131n bize ba\u011f\u0131\u015flanm\u0131\u015f b\u00fcy\u00fck bir arma\u011fan oldu\u011funu hat\u0131rlat\u0131yor: \u201cYeter ki d\u00fcnyaya hayret g\u00f6zleriyle bakmay\u0131 bilelim. O zaman en s\u0131radan \u015feylerde bile bir harikuladelik oldu\u011funu fark edece\u011fiz.\u201d En g\u00fczel \u015fekilde ya\u015fanm\u0131\u015f bir hayat bile ya\u015fl\u0131l\u0131k ve \u00f6l\u00fcmden ka\u00e7amad\u0131\u011f\u0131na g\u00f6re, bize d\u00fc\u015fen, \u00f6l\u00fcmden \u00f6nceki hayat\u0131 do\u011fru ya\u015famakt\u0131r. Kemal Sayar, g\u00fcndelik ko\u015fturmacalar i\u00e7inde g\u00f6zden ka\u00e7an \u201chayat\u201da dikkatimizi \u00e7ekiyor. <\/p>\n","protected":false},"excerpt":{"rendered":"<p>Hayatta k\u00f6t\u00fcl\u00fc\u011f\u00fcn her zaman kar\u015f\u0131m\u0131za \u00e7\u0131kabilece\u011fi bilgisini hat\u0131rda tutarak m\u0131 ya\u015famal\u0131y\u0131z, yoksa gelece\u011fin i\u00e7inde hep bir umudun \u00e7i\u00e7eklendi\u011fi temennisiyle mi? Hangi yolda ilerleyece\u011fiz? K\u00f6r\u00fc k\u00f6r\u00fcne iyimserlikle,<span class=\"excerpt-hellip\"> [\u2026]<\/span><\/p>\n","protected":false},"featured_media":0,"template":"","meta":{"_monsterinsights_skip_tracking":false,"_monsterinsights_sitenote_active":false,"_monsterinsights_sitenote_note":"","_monsterinsights_sitenote_category":0},"product_brand":[],"product_cat":[12358,12357],"product_tag":[],"class_list":{"0":"post-783532","1":"product","2":"type-product","3":"status-publish","5":"product_cat-genel-psikoloji","6":"product_cat-psikoloji","7":"pa_cilt-ciltsiz","8":"pa_tur-kitap","9":"pa_yayinevi-kapi-yayinlari","10":"pa_yazar-kemal-sayar","12":"first","13":"instock","14":"sale","15":"shipping-taxable","16":"purchasable","17":"product-type-simple"},"_links":{"self":[{"href":"https:\/\/roveyayinevi.com.tr\/index.php\/wp-json\/wp\/v2\/product\/783532","targetHints":{"allow":["GET"]}}],"collection":[{"href":"https:\/\/roveyayinevi.com.tr\/index.php\/wp-json\/wp\/v2\/product"}],"about":[{"href":"https:\/\/roveyayinevi.com.tr\/index.php\/wp-json\/wp\/v2\/types\/product"}],"wp:attachment":[{"href":"https:\/\/roveyayinevi.com.tr\/index.php\/wp-json\/wp\/v2\/media?parent=783532"}],"wp:term":[{"taxonomy":"product_brand","embeddable":true,"href":"https:\/\/roveyayinevi.com.tr\/index.php\/wp-json\/wp\/v2\/product_brand?post=783532"},{"taxonomy":"product_cat","embeddable":true,"href":"https:\/\/roveyayinevi.com.tr\/index.php\/wp-json\/wp\/v2\/product_cat?post=783532"},{"taxonomy":"product_tag","embeddable":true,"href":"https:\/\/roveyayinevi.com.tr\/index.php\/wp-json\/wp\/v2\/product_tag?post=783532"}],"curies":[{"name":"wp","href":"https:\/\/api.w.org\/{rel}","templated":true}]}}