{"id":783502,"date":"2026-02-26T22:02:33","date_gmt":"2026-02-26T19:02:33","guid":{"rendered":"https:\/\/roveyayinevi.com.tr\/index.php\/urun\/insanin-dort-zindani\/"},"modified":"2026-04-16T02:13:29","modified_gmt":"2026-04-15T23:13:29","slug":"insanin-dort-zindani","status":"publish","type":"product","link":"https:\/\/roveyayinevi.com.tr\/index.php\/urun\/insanin-dort-zindani\/","title":{"rendered":"\u0130nsan\u0131n D\u00f6rt Zindan\u0131"},"content":{"rendered":"<p>Bu d\u00f6rt zindan hangisidir? Belirleyicilik \/ zorlay\u0131c\u0131l\u0131k ne demektir? Bende var olan, ama benim taraf\u0131mdan se\u00e7ilmi\u015f olmayan her durum, her irade, her istek ve her e\u011filim, bir belirleyicili\u011fin \/cebrin \u00fcr\u00fcn\u00fcd\u00fcr. Belirlenmi\u015flikle yap\u0131lan \u00f6zg\u00fcrl\u00fck sava\u015f\u0131, insan\u0131n tabiatta kendisi olmak i\u00e7in, maddi bir olgudan Tanr\u0131&#8217;ya do\u011fru gitmek i\u00e7in verdi\u011fi sava\u015ft\u0131r. Benim se\u00e7ici \u00f6zg\u00fcr irademi kendi i\u00e7inde bask\u0131 alt\u0131nda tutan, s\u0131n\u0131rlayan ve kay\u0131t alt\u0131na alan ve benim yerime se\u00e7im yapan bu d\u00f6rt illet zindan, \u015funlardan olu\u015fmaktad\u0131r: \ufffcTan\u0131t\u0131m Metni<\/p>\n","protected":false},"excerpt":{"rendered":"<p>Bu d\u00f6rt zindan hangisidir? Belirleyicilik \/ zorlay\u0131c\u0131l\u0131k ne demektir? Bende var olan, ama benim taraf\u0131mdan se\u00e7ilmi\u015f olmayan her durum, her irade, her istek ve her e\u011filim,<span class=\"excerpt-hellip\"> [\u2026]<\/span><\/p>\n","protected":false},"featured_media":0,"template":"","meta":{"_monsterinsights_skip_tracking":false,"_monsterinsights_sitenote_active":false,"_monsterinsights_sitenote_note":"","_monsterinsights_sitenote_category":0},"product_brand":[],"product_cat":[12389,12388],"product_tag":[],"class_list":{"0":"post-783502","1":"product","2":"type-product","3":"status-publish","5":"product_cat-diger-felsefe","6":"product_cat-felsefe","7":"pa_tur-kitap","8":"pa_yayinevi-fecr-yayinlari","9":"pa_yazar-ali-seriati","11":"first","12":"instock","13":"sale","14":"shipping-taxable","15":"purchasable","16":"product-type-simple"},"_links":{"self":[{"href":"https:\/\/roveyayinevi.com.tr\/index.php\/wp-json\/wp\/v2\/product\/783502","targetHints":{"allow":["GET"]}}],"collection":[{"href":"https:\/\/roveyayinevi.com.tr\/index.php\/wp-json\/wp\/v2\/product"}],"about":[{"href":"https:\/\/roveyayinevi.com.tr\/index.php\/wp-json\/wp\/v2\/types\/product"}],"wp:attachment":[{"href":"https:\/\/roveyayinevi.com.tr\/index.php\/wp-json\/wp\/v2\/media?parent=783502"}],"wp:term":[{"taxonomy":"product_brand","embeddable":true,"href":"https:\/\/roveyayinevi.com.tr\/index.php\/wp-json\/wp\/v2\/product_brand?post=783502"},{"taxonomy":"product_cat","embeddable":true,"href":"https:\/\/roveyayinevi.com.tr\/index.php\/wp-json\/wp\/v2\/product_cat?post=783502"},{"taxonomy":"product_tag","embeddable":true,"href":"https:\/\/roveyayinevi.com.tr\/index.php\/wp-json\/wp\/v2\/product_tag?post=783502"}],"curies":[{"name":"wp","href":"https:\/\/api.w.org\/{rel}","templated":true}]}}