{"id":783501,"date":"2026-02-26T22:01:56","date_gmt":"2026-02-26T19:01:56","guid":{"rendered":"https:\/\/roveyayinevi.com.tr\/index.php\/urun\/yol-ayrimi-2\/"},"modified":"2026-04-16T02:13:01","modified_gmt":"2026-04-15T23:13:01","slug":"yol-ayrimi-2","status":"publish","type":"product","link":"https:\/\/roveyayinevi.com.tr\/index.php\/urun\/yol-ayrimi-2\/","title":{"rendered":"Yol Ayr\u0131m\u0131"},"content":{"rendered":"<p>Eskiden rahmet ya\u011fard\u0131, \u015fimdi ya\u011fmur ya\u011f\u0131yor. Eskiden kazanc\u0131n \u00f6ncelikle bereketli olmas\u0131 istenirdi, \u015fimdi kazanc\u0131n sadece bol olmas\u0131 isteniyor. Eskiden israftan ka\u00e7\u0131n\u0131l\u0131rd\u0131, \u015fimdi s\u0131n\u0131rs\u0131zca ve sorumsuzca harcamak y\u00fcceltilen ve \u00f6zlenen bir hayat tarz\u0131 oldu. Eskiden mahrem olan \u015feyler \u00f6rt\u00fcl\u00fcr ve orta mal\u0131 olmas\u0131 \u00f6nlenirdi, \u015fimdilerde ise te\u015fhir ediliyor, herkesin ilgi ve arzusuna sunuluyor. <\/p>\n","protected":false},"excerpt":{"rendered":"<p>Eskiden rahmet ya\u011fard\u0131, \u015fimdi ya\u011fmur ya\u011f\u0131yor. Eskiden kazanc\u0131n \u00f6ncelikle bereketli olmas\u0131 istenirdi, \u015fimdi kazanc\u0131n sadece bol olmas\u0131 isteniyor. Eskiden israftan ka\u00e7\u0131n\u0131l\u0131rd\u0131, \u015fimdi s\u0131n\u0131rs\u0131zca ve sorumsuzca harcamak<span class=\"excerpt-hellip\"> [\u2026]<\/span><\/p>\n","protected":false},"featured_media":0,"template":"","meta":{"_monsterinsights_skip_tracking":false,"_monsterinsights_sitenote_active":false,"_monsterinsights_sitenote_note":"","_monsterinsights_sitenote_category":0},"product_brand":[],"product_cat":[12718,12719,13025],"product_tag":[],"class_list":{"0":"post-783501","1":"product","2":"type-product","3":"status-publish","5":"product_cat-din","6":"product_cat-islam","7":"product_cat-islam-ve-gunumuz-islam-dusuncesi","8":"pa_tur-kitap","9":"pa_yayinevi-pinar-yayinlari","10":"pa_yazar-celaleddin-vatandas","12":"first","13":"instock","14":"sale","15":"shipping-taxable","16":"purchasable","17":"product-type-simple"},"_links":{"self":[{"href":"https:\/\/roveyayinevi.com.tr\/index.php\/wp-json\/wp\/v2\/product\/783501","targetHints":{"allow":["GET"]}}],"collection":[{"href":"https:\/\/roveyayinevi.com.tr\/index.php\/wp-json\/wp\/v2\/product"}],"about":[{"href":"https:\/\/roveyayinevi.com.tr\/index.php\/wp-json\/wp\/v2\/types\/product"}],"wp:attachment":[{"href":"https:\/\/roveyayinevi.com.tr\/index.php\/wp-json\/wp\/v2\/media?parent=783501"}],"wp:term":[{"taxonomy":"product_brand","embeddable":true,"href":"https:\/\/roveyayinevi.com.tr\/index.php\/wp-json\/wp\/v2\/product_brand?post=783501"},{"taxonomy":"product_cat","embeddable":true,"href":"https:\/\/roveyayinevi.com.tr\/index.php\/wp-json\/wp\/v2\/product_cat?post=783501"},{"taxonomy":"product_tag","embeddable":true,"href":"https:\/\/roveyayinevi.com.tr\/index.php\/wp-json\/wp\/v2\/product_tag?post=783501"}],"curies":[{"name":"wp","href":"https:\/\/api.w.org\/{rel}","templated":true}]}}