{"id":783494,"date":"2026-02-26T21:59:44","date_gmt":"2026-02-26T18:59:44","guid":{"rendered":"https:\/\/roveyayinevi.com.tr\/index.php\/urun\/tanrinin-bir-tabiati-var-mi\/"},"modified":"2026-04-16T02:11:46","modified_gmt":"2026-04-15T23:11:46","slug":"tanrinin-bir-tabiati-var-mi","status":"publish","type":"product","link":"https:\/\/roveyayinevi.com.tr\/index.php\/urun\/tanrinin-bir-tabiati-var-mi\/","title":{"rendered":"Tanr\u0131&#8217;n\u0131n Bir Tabiat\u0131 Var m\u0131?"},"content":{"rendered":"<p>Din ve felsefe a\u00e7\u0131s\u0131ndan Tanr\u0131&#8217;n\u0131n nas\u0131l varl\u0131k oldu\u011fu O&#8217;nun varl\u0131\u011f\u0131 kadar \u00f6nemlidir. Muhtemelen bu y\u00fczden teistik dinlerin felsefe-teoloji geleneklerinde Tanr\u0131&#8217;n\u0131n varl\u0131\u011f\u0131ndan ayr\u0131 bir tabiat\u0131n\u0131n (mahiyetinin) olup olmad\u0131\u011f\u0131, ilahi s\u0131fatlar\u0131n \u0130lahi Zat&#8217;la ili\u015fkisi \u00f6nemli bir tart\u0131\u015fman\u0131n konusu olmu\u015ftur. Orta \u00c7a\u011fda cereyan eden bu ayr\u0131nt\u0131l\u0131 tart\u0131\u015fma felsefi teoloji a\u00e7\u0131s\u0131ndan \u00f6nemini bug\u00fcn de korumaktad\u0131r. \ufffcTan\u0131t\u0131m Metni<\/p>\n","protected":false},"excerpt":{"rendered":"<p>Din ve felsefe a\u00e7\u0131s\u0131ndan Tanr\u0131&#8217;n\u0131n nas\u0131l varl\u0131k oldu\u011fu O&#8217;nun varl\u0131\u011f\u0131 kadar \u00f6nemlidir. Muhtemelen bu y\u00fczden teistik dinlerin felsefe-teoloji geleneklerinde Tanr\u0131&#8217;n\u0131n varl\u0131\u011f\u0131ndan ayr\u0131 bir tabiat\u0131n\u0131n (mahiyetinin) olup<span class=\"excerpt-hellip\"> [\u2026]<\/span><\/p>\n","protected":false},"featured_media":0,"template":"","meta":{"_monsterinsights_skip_tracking":false,"_monsterinsights_sitenote_active":false,"_monsterinsights_sitenote_note":"","_monsterinsights_sitenote_category":0},"product_brand":[],"product_cat":[12388,14717],"product_tag":[],"class_list":{"0":"post-783494","1":"product","2":"type-product","3":"status-publish","5":"product_cat-felsefe","6":"product_cat-felsefe-tarihi","7":"pa_tur-kitap","8":"pa_yayinevi-elis-yayinlari","9":"pa_yazar-alvin-plantinga","11":"first","12":"instock","13":"sale","14":"shipping-taxable","15":"purchasable","16":"product-type-simple"},"_links":{"self":[{"href":"https:\/\/roveyayinevi.com.tr\/index.php\/wp-json\/wp\/v2\/product\/783494","targetHints":{"allow":["GET"]}}],"collection":[{"href":"https:\/\/roveyayinevi.com.tr\/index.php\/wp-json\/wp\/v2\/product"}],"about":[{"href":"https:\/\/roveyayinevi.com.tr\/index.php\/wp-json\/wp\/v2\/types\/product"}],"wp:attachment":[{"href":"https:\/\/roveyayinevi.com.tr\/index.php\/wp-json\/wp\/v2\/media?parent=783494"}],"wp:term":[{"taxonomy":"product_brand","embeddable":true,"href":"https:\/\/roveyayinevi.com.tr\/index.php\/wp-json\/wp\/v2\/product_brand?post=783494"},{"taxonomy":"product_cat","embeddable":true,"href":"https:\/\/roveyayinevi.com.tr\/index.php\/wp-json\/wp\/v2\/product_cat?post=783494"},{"taxonomy":"product_tag","embeddable":true,"href":"https:\/\/roveyayinevi.com.tr\/index.php\/wp-json\/wp\/v2\/product_tag?post=783494"}],"curies":[{"name":"wp","href":"https:\/\/api.w.org\/{rel}","templated":true}]}}

Tanrı&#8217;nın Bir Tabiatı Var mı?

<p>Din ve felsefe açısından Tanrı&#8217;nın nasıl varlık olduğu O&#8217;nun varlığı kadar önemlidir. Muhtemelen bu yüzden teistik dinlerin felsefe-teoloji geleneklerinde Tanrı&#8217;nın varlığından ayrı bir tabiatının (mahiyetinin) olup olmadığı, ilahi sıfatların İlahi Zat&#8217;la ilişkisi önemli bir tartışmanın konusu olmuştur. Orta Çağda cereyan eden bu ayrıntılı tartışma felsefi teoloji açısından önemini bugün de korumaktadır. ￼Tanıtım Metni</p>

<p>Din ve felsefe açısından Tanrı&#8217;nın nasıl varlık olduğu O&#8217;nun varlığı kadar önemlidir. Muhtemelen bu yüzden teistik dinlerin felsefe-teoloji geleneklerinde Tanrı&#8217;nın varlığından ayrı bir tabiatının (mahiyetinin) olup<span class="excerpt-hellip"> […]</span></p>
