{"id":783466,"date":"2026-02-26T21:53:28","date_gmt":"2026-02-26T18:53:28","guid":{"rendered":"https:\/\/roveyayinevi.com.tr\/index.php\/urun\/islami-tebligin-medine-donemi-ve-cihad\/"},"modified":"2026-04-16T02:06:26","modified_gmt":"2026-04-15T23:06:26","slug":"islami-tebligin-medine-donemi-ve-cihad","status":"publish","type":"product","link":"https:\/\/roveyayinevi.com.tr\/index.php\/urun\/islami-tebligin-medine-donemi-ve-cihad\/","title":{"rendered":"\u0130slami Tebli\u011fin Medine D\u00f6nemi ve Cihad"},"content":{"rendered":"<p>Cihada, Allah`\u0131n istedi\u011fi gibi \u0130slam`\u0131n ya\u015fanmas\u0131d\u0131r. Dolay\u0131s\u0131yla \u0130slimi tebli\u011f u\u011fruna verilen b\u00fct\u00fcn m\u00fccadele Cihad`d\u0131r. B\u00f6yle ele al\u0131nd\u0131\u011f\u0131 takdirde g\u00f6r\u00fclecektir ki, \u0130slam Devleti`nin t\u00fcm faaliyetleri Cihad`\u0131 i\u00e7ermektedir.Biz bu kitap\u00e7\u0131\u011f\u0131m\u0131zda cihad\u0131n sadece bir y\u00f6n\u00fc olan askeri cihad\u0131 incelemeyi hedef tuttu\u011fumuzdan, meseleyi m\u00fcmk\u00fcn mertebe \u00f6zl\u00fc aktarmaya \u00e7al\u0131\u015ft\u0131k. Bu k\u00fc\u00e7\u00fck \u00e7al\u0131\u015fmada Devletin yo\u011fun i\u015fleri yan\u0131nda Hz. Peygamber (s.a.v.)`in askeri cihada ne kadar \u00f6nem verdi\u011fi, on senelik Medine hayat\u0131n\u0131n ekserisini Allak yolunda sava\u015fmaya ay\u0131rd\u0131\u011f\u0131 g\u00f6r\u00fclecektir.<\/p>\n","protected":false},"excerpt":{"rendered":"<p>Cihada, Allah`\u0131n istedi\u011fi gibi \u0130slam`\u0131n ya\u015fanmas\u0131d\u0131r. Dolay\u0131s\u0131yla \u0130slimi tebli\u011f u\u011fruna verilen b\u00fct\u00fcn m\u00fccadele Cihad`d\u0131r. B\u00f6yle ele al\u0131nd\u0131\u011f\u0131 takdirde g\u00f6r\u00fclecektir ki, \u0130slam Devleti`nin t\u00fcm faaliyetleri Cihad`\u0131 i\u00e7ermektedir.Biz<span class=\"excerpt-hellip\"> [\u2026]<\/span><\/p>\n","protected":false},"featured_media":0,"template":"","meta":{"_monsterinsights_skip_tracking":false,"_monsterinsights_sitenote_active":false,"_monsterinsights_sitenote_note":"","_monsterinsights_sitenote_category":0},"product_brand":[],"product_cat":[12718,12719,18109],"product_tag":[],"class_list":{"0":"post-783466","1":"product","2":"type-product","3":"status-publish","5":"product_cat-din","6":"product_cat-islam","7":"product_cat-islam-tarihi","8":"pa_cilt-ciltsiz","9":"pa_tur-kitap","10":"pa_yayinevi-beyan-yayinlari","11":"pa_yazar-ihsan-sureyya-sirma","13":"first","14":"instock","15":"sale","16":"shipping-taxable","17":"purchasable","18":"product-type-simple"},"_links":{"self":[{"href":"https:\/\/roveyayinevi.com.tr\/index.php\/wp-json\/wp\/v2\/product\/783466","targetHints":{"allow":["GET"]}}],"collection":[{"href":"https:\/\/roveyayinevi.com.tr\/index.php\/wp-json\/wp\/v2\/product"}],"about":[{"href":"https:\/\/roveyayinevi.com.tr\/index.php\/wp-json\/wp\/v2\/types\/product"}],"wp:attachment":[{"href":"https:\/\/roveyayinevi.com.tr\/index.php\/wp-json\/wp\/v2\/media?parent=783466"}],"wp:term":[{"taxonomy":"product_brand","embeddable":true,"href":"https:\/\/roveyayinevi.com.tr\/index.php\/wp-json\/wp\/v2\/product_brand?post=783466"},{"taxonomy":"product_cat","embeddable":true,"href":"https:\/\/roveyayinevi.com.tr\/index.php\/wp-json\/wp\/v2\/product_cat?post=783466"},{"taxonomy":"product_tag","embeddable":true,"href":"https:\/\/roveyayinevi.com.tr\/index.php\/wp-json\/wp\/v2\/product_tag?post=783466"}],"curies":[{"name":"wp","href":"https:\/\/api.w.org\/{rel}","templated":true}]}}