{"id":783464,"date":"2026-02-26T21:53:24","date_gmt":"2026-02-26T18:53:24","guid":{"rendered":"https:\/\/roveyayinevi.com.tr\/index.php\/urun\/kurana-gore-dort-terim\/"},"modified":"2026-04-16T02:06:26","modified_gmt":"2026-04-15T23:06:26","slug":"kurana-gore-dort-terim","status":"publish","type":"product","link":"https:\/\/roveyayinevi.com.tr\/index.php\/urun\/kurana-gore-dort-terim\/","title":{"rendered":"Kur\u2019an\u2019a G\u00f6re D\u00f6rt Terim"},"content":{"rendered":"<p>\u0130nsan, \u0130lah&#8217;\u0131n ne oldu\u011funu, Rabb&#8217;\u0131n ne anlama geldi\u011fini, \u0130badetin neden ibaret oldu\u011funu, Dinin neye dendi\u011fini anlamazsa, \u015f\u00fcphesiz, Kur&#8217;an-\u0131 Kerim&#8217;in tamam\u0131 onun g\u00f6zleri \u00f6n\u00fcnden manas\u0131ndan hi\u00e7bir \u015fey anla\u015f\u0131lmayan, geli\u015fi g\u00fczel bir s\u00f6z y\u0131\u011f\u0131n\u0131 gibi ge\u00e7er gider. Bu durumda da Tevhid&#8217;in hakikatini bilemez; \u015firkin mahiyetini kavrayamaz. \u0130badetini Allah&#8217;a tahsis etmeye g\u00fcc\u00fc yetmedi\u011fi gibi, dininde de ihlasla Allah&#8217;a y\u00f6nelemez. Bu d\u00f6rt terimin ifade etmek istedi\u011fi mana, \u015fahs\u0131n zihninde kapal\u0131, kar\u0131\u015f\u0131k kal\u0131rsa ve onlar\u0131n manalar\u0131 hakk\u0131nda insan\u0131n bilgisi noksan olursa, tabi ki ona Kur&#8217;an-\u0131 Kerim&#8217;in hidayet ve ir\u015fad ad\u0131na sundu\u011fu \u015feyler de kar\u0131\u015f\u0131k g\u00f6r\u00fcn\u00fcr. Kur&#8217;an-\u0131 Kerim&#8217;e inanmakla beraber inanc\u0131 ile b\u00fct\u00fcn amelleri noksan kal\u0131r.<\/p>\n","protected":false},"excerpt":{"rendered":"<p>\u0130nsan, \u0130lah&#8217;\u0131n ne oldu\u011funu, Rabb&#8217;\u0131n ne anlama geldi\u011fini, \u0130badetin neden ibaret oldu\u011funu, Dinin neye dendi\u011fini anlamazsa, \u015f\u00fcphesiz, Kur&#8217;an-\u0131 Kerim&#8217;in tamam\u0131 onun g\u00f6zleri \u00f6n\u00fcnden manas\u0131ndan hi\u00e7bir \u015fey<span class=\"excerpt-hellip\"> [\u2026]<\/span><\/p>\n","protected":false},"featured_media":0,"template":"","meta":{"_monsterinsights_skip_tracking":false,"_monsterinsights_sitenote_active":false,"_monsterinsights_sitenote_note":"","_monsterinsights_sitenote_category":0},"product_brand":[],"product_cat":[12718,12719,17284],"product_tag":[],"class_list":{"0":"post-783464","1":"product","2":"type-product","3":"status-publish","5":"product_cat-din","6":"product_cat-islam","7":"product_cat-kuran-ve-kuran-uzerine","8":"pa_cilt-ciltsiz","9":"pa_tur-kitap","10":"pa_yayinevi-beyan-yayinlari","11":"pa_yazar-mevdudi","13":"first","14":"instock","15":"sale","16":"shipping-taxable","17":"purchasable","18":"product-type-simple"},"_links":{"self":[{"href":"https:\/\/roveyayinevi.com.tr\/index.php\/wp-json\/wp\/v2\/product\/783464","targetHints":{"allow":["GET"]}}],"collection":[{"href":"https:\/\/roveyayinevi.com.tr\/index.php\/wp-json\/wp\/v2\/product"}],"about":[{"href":"https:\/\/roveyayinevi.com.tr\/index.php\/wp-json\/wp\/v2\/types\/product"}],"wp:attachment":[{"href":"https:\/\/roveyayinevi.com.tr\/index.php\/wp-json\/wp\/v2\/media?parent=783464"}],"wp:term":[{"taxonomy":"product_brand","embeddable":true,"href":"https:\/\/roveyayinevi.com.tr\/index.php\/wp-json\/wp\/v2\/product_brand?post=783464"},{"taxonomy":"product_cat","embeddable":true,"href":"https:\/\/roveyayinevi.com.tr\/index.php\/wp-json\/wp\/v2\/product_cat?post=783464"},{"taxonomy":"product_tag","embeddable":true,"href":"https:\/\/roveyayinevi.com.tr\/index.php\/wp-json\/wp\/v2\/product_tag?post=783464"}],"curies":[{"name":"wp","href":"https:\/\/api.w.org\/{rel}","templated":true}]}}