{"id":783457,"date":"2026-02-26T21:50:34","date_gmt":"2026-02-26T18:50:34","guid":{"rendered":"https:\/\/roveyayinevi.com.tr\/index.php\/urun\/ataturkculukte-ulusal-hedef-ulusal-politika-ulusal-strateji\/"},"modified":"2026-04-16T02:04:39","modified_gmt":"2026-04-15T23:04:39","slug":"ataturkculukte-ulusal-hedef-ulusal-politika-ulusal-strateji","status":"publish","type":"product","link":"https:\/\/roveyayinevi.com.tr\/index.php\/urun\/ataturkculukte-ulusal-hedef-ulusal-politika-ulusal-strateji\/","title":{"rendered":"Atat\u00fcrk\u00e7\u00fcl\u00fckte Ulusal Hedef Ulusal Politika Ulusal Strateji"},"content":{"rendered":"<p>Tarihi ger\u00e7ekler her devletin bir Ulusal Hedefi, Ulusal Politikas\u0131 ve Ulusal Stratejisinin varl\u0131\u011f\u0131n\u0131 g\u00f6stermektedir. O devlet var olduk\u00e7a, i\u00e7te ve d\u0131\u015fta bunlara ba\u011fl\u0131 kalmakta, o \u00fclkenin geli\u015fmesi ve geni\u015flemesi i\u00e7in tarihsel ve ya\u015famsal bir \u00f6nem arz etmektedir. Devletlerden baz\u0131lar\u0131 bu Ulusal Hedefleri, Ulusal \u00e7\u0131karlar\u0131na uygun bir tarzda, topraklar\u0131na toprak katmak, ekonomik durumlar\u0131n\u0131 daha da geli\u015ftirmek i\u00e7in tarihlerinin derinliklerinden gelen bir azimle ve inatla s\u00fcrd\u00fcr\u00fcrler. Her f\u0131rsatta bu hedefi ger\u00e7ekle\u015ftirmek i\u00e7in Ulusal Politikalar\u0131n\u0131, ulusal Stratejilerini buna g\u00f6re d\u00fczenlerler. Bu tutum ve davran\u0131\u015flar\u0131n\u0131 d\u00fcnya bar\u0131\u015f\u0131na zarar verme pahas\u0131na da olsa devam ettirirler. <\/p>\n","protected":false},"excerpt":{"rendered":"<p>Tarihi ger\u00e7ekler her devletin bir Ulusal Hedefi, Ulusal Politikas\u0131 ve Ulusal Stratejisinin varl\u0131\u011f\u0131n\u0131 g\u00f6stermektedir. O devlet var olduk\u00e7a, i\u00e7te ve d\u0131\u015fta bunlara ba\u011fl\u0131 kalmakta, o \u00fclkenin<span class=\"excerpt-hellip\"> [\u2026]<\/span><\/p>\n","protected":false},"featured_media":0,"template":"","meta":{"_monsterinsights_skip_tracking":false,"_monsterinsights_sitenote_active":false,"_monsterinsights_sitenote_note":"","_monsterinsights_sitenote_category":0},"product_brand":[],"product_cat":[13059,12337],"product_tag":[],"class_list":{"0":"post-783457","1":"product","2":"type-product","3":"status-publish","5":"product_cat-diger-politika-siyaset","6":"product_cat-politika-siyaset","7":"pa_tur-kitap","8":"pa_yayinevi-siyasal-kitabevi","9":"pa_yazar-sitki-aydinel","11":"first","12":"instock","13":"sale","14":"shipping-taxable","15":"purchasable","16":"product-type-simple"},"_links":{"self":[{"href":"https:\/\/roveyayinevi.com.tr\/index.php\/wp-json\/wp\/v2\/product\/783457","targetHints":{"allow":["GET"]}}],"collection":[{"href":"https:\/\/roveyayinevi.com.tr\/index.php\/wp-json\/wp\/v2\/product"}],"about":[{"href":"https:\/\/roveyayinevi.com.tr\/index.php\/wp-json\/wp\/v2\/types\/product"}],"wp:attachment":[{"href":"https:\/\/roveyayinevi.com.tr\/index.php\/wp-json\/wp\/v2\/media?parent=783457"}],"wp:term":[{"taxonomy":"product_brand","embeddable":true,"href":"https:\/\/roveyayinevi.com.tr\/index.php\/wp-json\/wp\/v2\/product_brand?post=783457"},{"taxonomy":"product_cat","embeddable":true,"href":"https:\/\/roveyayinevi.com.tr\/index.php\/wp-json\/wp\/v2\/product_cat?post=783457"},{"taxonomy":"product_tag","embeddable":true,"href":"https:\/\/roveyayinevi.com.tr\/index.php\/wp-json\/wp\/v2\/product_tag?post=783457"}],"curies":[{"name":"wp","href":"https:\/\/api.w.org\/{rel}","templated":true}]}}