{"id":783454,"date":"2026-02-26T21:50:15","date_gmt":"2026-02-26T18:50:15","guid":{"rendered":"https:\/\/roveyayinevi.com.tr\/index.php\/urun\/insan-ne-ile-yasar-29\/"},"modified":"2026-04-16T02:04:00","modified_gmt":"2026-04-15T23:04:00","slug":"insan-ne-ile-yasar-29","status":"publish","type":"product","link":"https:\/\/roveyayinevi.com.tr\/index.php\/urun\/insan-ne-ile-yasar-29\/","title":{"rendered":"\u0130nsan Ne ile Ya\u015far?"},"content":{"rendered":"<p>Anlad\u0131m ki; Allah insanlar\u0131n birbirinden ayr\u0131 ayr\u0131 de\u011fil, tek v\u00fccut halinde ya\u015famalar\u0131n\u0131 istedi\u011finden, herbirine kendi ihtiya\u00e7lar\u0131n\u0131 de\u011fil; herbirine, hepsi i\u00e7in gerekli olan \u015feyleri ilham ediyor. Anlad\u0131m ki, insanlar kendilerini d\u00fc\u015f\u00fcnerek ya\u015f\u0131yor gibi g\u00f6r\u00fcnse de, hakikatte onlar\u0131 ya\u015fatan tek \u015fey sevgidir. Kim severse Allah\u2019a yakla\u015f\u0131r; Allah da ona yakla\u015f\u0131r. \u00c7\u00fcnk\u00fc O, sevgiyi yaratand\u0131r!.. <\/p>\n","protected":false},"excerpt":{"rendered":"<p>Anlad\u0131m ki; Allah insanlar\u0131n birbirinden ayr\u0131 ayr\u0131 de\u011fil, tek v\u00fccut halinde ya\u015famalar\u0131n\u0131 istedi\u011finden, herbirine kendi ihtiya\u00e7lar\u0131n\u0131 de\u011fil; herbirine, hepsi i\u00e7in gerekli olan \u015feyleri ilham ediyor. Anlad\u0131m<span class=\"excerpt-hellip\"> [\u2026]<\/span><\/p>\n","protected":false},"featured_media":0,"template":"","meta":{"_monsterinsights_skip_tracking":false,"_monsterinsights_sitenote_active":false,"_monsterinsights_sitenote_note":"","_monsterinsights_sitenote_category":0},"product_brand":[],"product_cat":[12291,13570],"product_tag":[],"class_list":{"0":"post-783454","1":"product","2":"type-product","3":"status-publish","5":"product_cat-edebiyat","6":"product_cat-rus-edebiyati","7":"pa_tur-kitap","8":"pa_yayinevi-sule-yayinlari","9":"pa_yazar-lev-nikolayevic-tolstoy","11":"first","12":"instock","13":"sale","14":"shipping-taxable","15":"purchasable","16":"product-type-simple"},"_links":{"self":[{"href":"https:\/\/roveyayinevi.com.tr\/index.php\/wp-json\/wp\/v2\/product\/783454","targetHints":{"allow":["GET"]}}],"collection":[{"href":"https:\/\/roveyayinevi.com.tr\/index.php\/wp-json\/wp\/v2\/product"}],"about":[{"href":"https:\/\/roveyayinevi.com.tr\/index.php\/wp-json\/wp\/v2\/types\/product"}],"wp:attachment":[{"href":"https:\/\/roveyayinevi.com.tr\/index.php\/wp-json\/wp\/v2\/media?parent=783454"}],"wp:term":[{"taxonomy":"product_brand","embeddable":true,"href":"https:\/\/roveyayinevi.com.tr\/index.php\/wp-json\/wp\/v2\/product_brand?post=783454"},{"taxonomy":"product_cat","embeddable":true,"href":"https:\/\/roveyayinevi.com.tr\/index.php\/wp-json\/wp\/v2\/product_cat?post=783454"},{"taxonomy":"product_tag","embeddable":true,"href":"https:\/\/roveyayinevi.com.tr\/index.php\/wp-json\/wp\/v2\/product_tag?post=783454"}],"curies":[{"name":"wp","href":"https:\/\/api.w.org\/{rel}","templated":true}]}}