{"id":783443,"date":"2026-02-26T21:48:43","date_gmt":"2026-02-26T18:48:43","guid":{"rendered":"https:\/\/roveyayinevi.com.tr\/index.php\/urun\/haydi-namaza\/"},"modified":"2026-04-16T02:02:58","modified_gmt":"2026-04-15T23:02:58","slug":"haydi-namaza","status":"publish","type":"product","link":"https:\/\/roveyayinevi.com.tr\/index.php\/urun\/haydi-namaza\/","title":{"rendered":"Haydi Namaza"},"content":{"rendered":"<p>Bir M\u00fcsl\u00fcman gen\u00e7 olarak, namaza bak\u0131\u015f\u0131n\u0131z\u0131 ve namazla ili\u015fkinizi hi\u00e7 sorgulad\u0131n\u0131z m\u0131? Namazlar\u0131n\u0131z\u0131 dosdo\u011fru, devaml\u0131 ve hu\u015f\u00fb i\u00e7inde yani bilin\u00e7li olarak k\u0131labiliyor musunuz? Yoksa, namazlar\u0131n\u0131z\u0131 savsaklay\u0131p ihmal ediyor yada \u00e2det yerini bulsun diye, sadece \u00fczerinize bir bor\u00e7 oldu\u011fu i\u00e7in mi k\u0131l\u0131yorsunuz? Ni\u00e7in namaz k\u0131ld\u0131\u011f\u0131n\u0131z, namazda neler s\u00f6yledi\u011finiz, Allah&#8217;a hangi konularda s\u00f6z verdi\u011finizin fark\u0131nda m\u0131s\u0131n\u0131z? Namazdaki k\u0131y\u00e2m\u0131n, r\u00fck\u00fbun, secdenin, te\u015fehh\u00fcde oturman\u0131nne anlama geldi\u011fini biliyor musunuz? K\u0131ld\u0131\u011f\u0131n\u0131z namazlardan manevi bir tat alabiliyor musunuz? Namazda Allah&#8217;\u0131n ad\u0131n\u0131 zikredip \u00e2yetlerini okurken kalpleriniz titreyip t\u00fcyleriniz \u00fcrperebiliyor mu? Ara s\u0131ra da olsa g\u00f6zleriniz ya\u015farabiliyor mu? Namazlar\u0131n\u0131z sizi \u00e7irkin ve k\u00f6t\u00fc davran\u0131\u015flardan al\u0131koyabiliyor mu? \u0130\u015fte bu kitap; siz sevgili gen\u00e7lerin \u015fahs\u0131nda t\u00fcm g\u00fcn\u00fcm\u00fcz M\u00fcsl\u00fcmanlar\u0131n\u0131n -maalesef- i\u00e7i bo\u015falm\u0131\u015f namazlar\u0131n\u0131n i\u00e7ini doldurmaya, onlar\u0131n k\u0131ld\u0131klar\u0131 namazlardan &#8216;haberdar&#8217; olmalar\u0131n\u0131 sa\u011flamaya ve dosdo\u011fru, gere\u011fi gibi namaz k\u0131lmalar\u0131na katk\u0131da bulunmaya y\u00f6nelik bilgi ve yorumlar i\u00e7ermekte; Kur&#8217;\u00e2n&#8217;\u0131n tan\u0131mlad\u0131\u011f\u0131, Allah Ras\u00fbl\u00fc(s.) ve ashab\u0131n\u0131n k\u0131ld\u0131\u011f\u0131 namazlar\u0131 yakalamak i\u00e7in  haydi namaza!  demektedir. <\/p>\n","protected":false},"excerpt":{"rendered":"<p>Bir M\u00fcsl\u00fcman gen\u00e7 olarak, namaza bak\u0131\u015f\u0131n\u0131z\u0131 ve namazla ili\u015fkinizi hi\u00e7 sorgulad\u0131n\u0131z m\u0131? Namazlar\u0131n\u0131z\u0131 dosdo\u011fru, devaml\u0131 ve hu\u015f\u00fb i\u00e7inde yani bilin\u00e7li olarak k\u0131labiliyor musunuz? Yoksa, namazlar\u0131n\u0131z\u0131 savsaklay\u0131p<span class=\"excerpt-hellip\"> [\u2026]<\/span><\/p>\n","protected":false},"featured_media":0,"template":"","meta":{"_monsterinsights_skip_tracking":false,"_monsterinsights_sitenote_active":false,"_monsterinsights_sitenote_note":"","_monsterinsights_sitenote_category":0},"product_brand":[],"product_cat":[16789,12718,12719],"product_tag":[],"class_list":{"0":"post-783443","1":"product","2":"type-product","3":"status-publish","5":"product_cat-diger-islam","6":"product_cat-din","7":"product_cat-islam","8":"pa_tur-kitap","9":"pa_yayinevi-pinar-yayinlari","10":"pa_yazar-abdullah-yildiz","12":"first","13":"instock","14":"sale","15":"shipping-taxable","16":"purchasable","17":"product-type-simple"},"_links":{"self":[{"href":"https:\/\/roveyayinevi.com.tr\/index.php\/wp-json\/wp\/v2\/product\/783443","targetHints":{"allow":["GET"]}}],"collection":[{"href":"https:\/\/roveyayinevi.com.tr\/index.php\/wp-json\/wp\/v2\/product"}],"about":[{"href":"https:\/\/roveyayinevi.com.tr\/index.php\/wp-json\/wp\/v2\/types\/product"}],"wp:attachment":[{"href":"https:\/\/roveyayinevi.com.tr\/index.php\/wp-json\/wp\/v2\/media?parent=783443"}],"wp:term":[{"taxonomy":"product_brand","embeddable":true,"href":"https:\/\/roveyayinevi.com.tr\/index.php\/wp-json\/wp\/v2\/product_brand?post=783443"},{"taxonomy":"product_cat","embeddable":true,"href":"https:\/\/roveyayinevi.com.tr\/index.php\/wp-json\/wp\/v2\/product_cat?post=783443"},{"taxonomy":"product_tag","embeddable":true,"href":"https:\/\/roveyayinevi.com.tr\/index.php\/wp-json\/wp\/v2\/product_tag?post=783443"}],"curies":[{"name":"wp","href":"https:\/\/api.w.org\/{rel}","templated":true}]}}