{"id":783440,"date":"2026-02-26T21:48:36","date_gmt":"2026-02-26T18:48:36","guid":{"rendered":"https:\/\/roveyayinevi.com.tr\/index.php\/urun\/gelin-musluman-olalim\/"},"modified":"2026-04-16T02:02:42","modified_gmt":"2026-04-15T23:02:42","slug":"gelin-musluman-olalim","status":"publish","type":"product","link":"https:\/\/roveyayinevi.com.tr\/index.php\/urun\/gelin-musluman-olalim\/","title":{"rendered":"Gelin M\u00fcsl\u00fcman Olal\u0131m"},"content":{"rendered":"<p>Bu bir uyar\u0131, tavsiye ve \u00f6\u011f\u00fct kitab\u0131d\u0131r.Amac\u0131 insanlar\u0131 Allaha itaat etmeye te\u015fvik etmek, onlar\u0131 itaatsizlikten uzak tutmak ve Ona kar\u015f\u0131 samimi olmalar\u0131n\u0131 sa\u011flamakt\u0131r. Arka Kapak Yaz\u0131s\u0131Kitab\u0131 okuyun, g\u00f6receksiniz ki Mevdudinin s\u00f6ylevinde bir kez yer alm\u0131\u015f s\u0131radan s\u00f6zler bile ola\u011fan \u00fcst\u00fc ya da en az\u0131ndan bizim zaman\u0131m\u0131zda ola\u011fan\u00fcst\u00fc olmu\u015f bir \u00f6zellik kazanmaktad\u0131r. \u00c7\u00fcnk\u00fc o, Kuranda sadece s\u00f6zl\u00fck ve k\u00fclt\u00fcrel anlamlar\u0131 olan s\u00f6zlere duygu ve niyet katar. B\u00f6ylece Kuran\u0131n buyru\u011fu taraf\u0131ndan yeniden \u015fekillenen ve onun y\u00fcre\u011finin potas\u0131nda eriyen, \u0130man, \u0130slam ve \u0130slam\u0131n be\u015f \u015fart\u0131 gibi kavramlar ilk ortaya \u00e7\u0131kt\u0131klar\u0131 y\u0131llardasahip olduklar\u0131 bir canl\u0131l\u0131k ve devrimci bir heyecan kazan\u0131rlar. Derken inan\u00e7 ve uygulamalar\u0131m\u0131z\u0131n o kabul edegeldi\u011fimiz sakin d\u00fcnyas\u0131 \u00e7\u00f6kmeye ba\u015flar. Sonra \u0130slam\u0131 yeniden anlamaya \u00e7al\u0131\u015fmak i\u00e7in istek ve cesaret bulmaya ba\u015flar\u0131z.Bu bir uyar\u0131, tavsiye ve \u00f6\u011f\u00fct kitab\u0131d\u0131r.Amac\u0131 insanlar\u0131 Allaha itaat etmeye te\u015fvik etmek, onlar\u0131 itaatsizlikten uzak tutmak ve Ona kar\u015f\u0131 samimi olmalar\u0131n\u0131 sa\u011flamakt\u0131r. <\/p>\n","protected":false},"excerpt":{"rendered":"<p>Bu bir uyar\u0131, tavsiye ve \u00f6\u011f\u00fct kitab\u0131d\u0131r.Amac\u0131 insanlar\u0131 Allaha itaat etmeye te\u015fvik etmek, onlar\u0131 itaatsizlikten uzak tutmak ve Ona kar\u015f\u0131 samimi olmalar\u0131n\u0131 sa\u011flamakt\u0131r. Arka Kapak Yaz\u0131s\u0131Kitab\u0131<span class=\"excerpt-hellip\"> [\u2026]<\/span><\/p>\n","protected":false},"featured_media":0,"template":"","meta":{"_monsterinsights_skip_tracking":false,"_monsterinsights_sitenote_active":false,"_monsterinsights_sitenote_note":"","_monsterinsights_sitenote_category":0},"product_brand":[],"product_cat":[16789,12718,12719],"product_tag":[],"class_list":{"0":"post-783440","1":"product","2":"type-product","3":"status-publish","5":"product_cat-diger-islam","6":"product_cat-din","7":"product_cat-islam","8":"pa_tur-kitap","9":"pa_yayinevi-pinar-yayinlari","10":"pa_yazar-seyyid-ebul-ala-el-mevdudi","12":"first","13":"instock","14":"sale","15":"shipping-taxable","16":"purchasable","17":"product-type-simple"},"_links":{"self":[{"href":"https:\/\/roveyayinevi.com.tr\/index.php\/wp-json\/wp\/v2\/product\/783440","targetHints":{"allow":["GET"]}}],"collection":[{"href":"https:\/\/roveyayinevi.com.tr\/index.php\/wp-json\/wp\/v2\/product"}],"about":[{"href":"https:\/\/roveyayinevi.com.tr\/index.php\/wp-json\/wp\/v2\/types\/product"}],"wp:attachment":[{"href":"https:\/\/roveyayinevi.com.tr\/index.php\/wp-json\/wp\/v2\/media?parent=783440"}],"wp:term":[{"taxonomy":"product_brand","embeddable":true,"href":"https:\/\/roveyayinevi.com.tr\/index.php\/wp-json\/wp\/v2\/product_brand?post=783440"},{"taxonomy":"product_cat","embeddable":true,"href":"https:\/\/roveyayinevi.com.tr\/index.php\/wp-json\/wp\/v2\/product_cat?post=783440"},{"taxonomy":"product_tag","embeddable":true,"href":"https:\/\/roveyayinevi.com.tr\/index.php\/wp-json\/wp\/v2\/product_tag?post=783440"}],"curies":[{"name":"wp","href":"https:\/\/api.w.org\/{rel}","templated":true}]}}