{"id":783423,"date":"2026-02-26T21:43:45","date_gmt":"2026-02-26T18:43:45","guid":{"rendered":"https:\/\/roveyayinevi.com.tr\/index.php\/urun\/hac-2\/"},"modified":"2026-04-16T01:58:39","modified_gmt":"2026-04-15T22:58:39","slug":"hac-2","status":"publish","type":"product","link":"https:\/\/roveyayinevi.com.tr\/index.php\/urun\/hac-2\/","title":{"rendered":"Hac"},"content":{"rendered":"<p>Hayat, d\u00f6ng\u00fcsel bir hareket, k\u0131s\u0131r d\u00f6ng\u00fc, bo\u015f, anlams\u0131z, tekd\u00fcze gelgitler&#8230; Tema\u015fa; sonu\u00e7suz, anlams\u0131z sabah ve ak\u015famlar\u0131n seyri; tats\u0131z ve sonu gelmez bir oyun&#8230; Zaman\u0131n yoktur. Hepsi \u0131zd\u0131rap, tela\u015f, bekleyi\u015f&#8230; Ve hac, senin bu aptalca cebre, bu anlams\u0131z lanetli yazg\u0131ya kar\u015f\u0131 isyan\u0131n. Karars\u0131z, teredd\u00fctl\u00fc ve d\u00f6ng\u00fcsel hayattan, t\u00fcketim i\u00e7in \u00fcretim, \u00fcretim i\u00e7in t\u00fcketimden kurtulu\u015fun. Hac, ucu ka\u00e7m\u0131\u015f bir yumak gibi varl\u0131\u011f\u0131n\u0131 a\u00e7ar. Bu kapal\u0131 daire, devrimci niyet le a\u00e7\u0131l\u0131r, ufuk olur, yola koyulur. Dosdo\u011fru bir seyir \u00e7izgisinde ebediyete hicret eder. Ba\u015fka bir y\u00f6ne, O&#8217;na do\u011fru. Kendi evinden Allah&#8217;\u0131n Evi&#8217;ne, halk\u0131n evince hicret! \ufffcTan\u0131t\u0131m Metni<\/p>\n","protected":false},"excerpt":{"rendered":"<p>Hayat, d\u00f6ng\u00fcsel bir hareket, k\u0131s\u0131r d\u00f6ng\u00fc, bo\u015f, anlams\u0131z, tekd\u00fcze gelgitler&#8230; Tema\u015fa; sonu\u00e7suz, anlams\u0131z sabah ve ak\u015famlar\u0131n seyri; tats\u0131z ve sonu gelmez bir oyun&#8230; Zaman\u0131n yoktur. Hepsi<span class=\"excerpt-hellip\"> [\u2026]<\/span><\/p>\n","protected":false},"featured_media":0,"template":"","meta":{"_monsterinsights_skip_tracking":false,"_monsterinsights_sitenote_active":false,"_monsterinsights_sitenote_note":"","_monsterinsights_sitenote_category":0},"product_brand":[],"product_cat":[12718,12719,13025],"product_tag":[],"class_list":{"0":"post-783423","1":"product","2":"type-product","3":"status-publish","5":"product_cat-din","6":"product_cat-islam","7":"product_cat-islam-ve-gunumuz-islam-dusuncesi","8":"pa_tur-kitap","9":"pa_yayinevi-fecr-yayinlari","10":"pa_yazar-ali-seriati","12":"first","13":"instock","14":"sale","15":"shipping-taxable","16":"purchasable","17":"product-type-simple"},"_links":{"self":[{"href":"https:\/\/roveyayinevi.com.tr\/index.php\/wp-json\/wp\/v2\/product\/783423","targetHints":{"allow":["GET"]}}],"collection":[{"href":"https:\/\/roveyayinevi.com.tr\/index.php\/wp-json\/wp\/v2\/product"}],"about":[{"href":"https:\/\/roveyayinevi.com.tr\/index.php\/wp-json\/wp\/v2\/types\/product"}],"wp:attachment":[{"href":"https:\/\/roveyayinevi.com.tr\/index.php\/wp-json\/wp\/v2\/media?parent=783423"}],"wp:term":[{"taxonomy":"product_brand","embeddable":true,"href":"https:\/\/roveyayinevi.com.tr\/index.php\/wp-json\/wp\/v2\/product_brand?post=783423"},{"taxonomy":"product_cat","embeddable":true,"href":"https:\/\/roveyayinevi.com.tr\/index.php\/wp-json\/wp\/v2\/product_cat?post=783423"},{"taxonomy":"product_tag","embeddable":true,"href":"https:\/\/roveyayinevi.com.tr\/index.php\/wp-json\/wp\/v2\/product_tag?post=783423"}],"curies":[{"name":"wp","href":"https:\/\/api.w.org\/{rel}","templated":true}]}}