{"id":783420,"date":"2026-02-26T21:43:37","date_gmt":"2026-02-26T18:43:37","guid":{"rendered":"https:\/\/roveyayinevi.com.tr\/index.php\/urun\/ali-siasi-safevi-siasi\/"},"modified":"2026-04-16T01:58:38","modified_gmt":"2026-04-15T22:58:38","slug":"ali-siasi-safevi-siasi","status":"publish","type":"product","link":"https:\/\/roveyayinevi.com.tr\/index.php\/urun\/ali-siasi-safevi-siasi\/","title":{"rendered":"Ali \u015eias\u0131 Safevi \u015eias\u0131"},"content":{"rendered":"<p>Bug\u00fcn \u0130slam d\u00fcnyas\u0131nda \u015fiddetlenen bu yalanc\u0131 sava\u015f Ali \u015eias\u0131&#8217;yla Muhammedi S\u00fcnnili\u011fin sava\u015f\u0131 de\u011fildir. Bu sava\u015f,  Safevi \u015eiasi n\u0131n  Emevi S\u00fcnnili\u011fi  ile sava\u015f\u0131 olup Safeviler&#8217;in Osmanl\u0131lar&#8217;la sava\u015f\u0131n\u0131n ve bu iki d\u00fc\u015fman devletin siyasette dini kullanmalar\u0131n\u0131n yans\u0131mas\u0131d\u0131r. \u0130kincisi, \u0130slam \u00fclkelerinin her yan\u0131nda yeni yeni canland\u0131r\u0131lan ve d\u00fczenli programlarla, d\u00fczenli i\u015fleyen b\u00fct\u00e7e, hesap, kitap ve taktiklerle icra edilen bu sava\u015f, \u0130slam-Siyonizm sava\u015f\u0131ndan sonra ortaya \u00e7\u0131km\u0131\u015ft\u0131r. Bu sava\u015f, b\u00fct\u00fcn halk\u0131n ve \u00f6zellikle ger\u00e7ek Ali \u015eiasi ve Muhammedi s\u00fcnnilik alimlerinin d\u00fc\u015f\u00fcncesinde M\u00fcsl\u00fcmanlar\u0131n ortak d\u0131\u015f tehlike kar\u015f\u0131s\u0131nda birlik, beraberlik ve dayan\u0131\u015fma fikri g\u00fcndeme geldikten sonra g\u00fcndeme gelmi\u015ftir. Plan, cephe gerisinde tefrika \u00e7\u0131karma plan\u0131d\u0131r. Bu, M\u00fcsl\u00fcmanlar\u0131n Siyonizm tehlikesinden gafil kalmalar\u0131n\u0131 sa\u011flaman\u0131n en iyi yoludur. Ama\u00e7, S\u00fcnni halk\u0131n, \u0130slam&#8217;\u0131n tehlikesi \u015eiiliktir, diye korkmas\u0131n\u0131 sa\u011flamak, \u015eii halk\u0131 da, \u0130slam&#8217;\u0131n tehlikesi S\u00fcnniliktir, diye korkutmakt\u0131r! D\u00fc\u015fman i\u00e7in bundan daha iyi bir ba\u015far\u0131 olamaz. \u00d6yle bir plan ortaya koyarlar ki kar\u015f\u0131 cephede d\u00fc\u015fmana sald\u0131rmak i\u00e7in ayn\u0131 zamanda i\u00e7in ayn\u0131 siperin i\u00e7erisinde pusu kuran iki asker ans\u0131z\u0131n birbirinin can\u0131na kast eder ve beriki,  Kap\u0131y\u0131 Hz. Fat\u0131ma&#8217;n\u0131n b\u00f6\u011fr\u00fcne vuran sendin.  diyerek arkada\u015f\u0131n\u0131n yakas\u0131na yap\u0131\u015f\u0131rken \u00f6teki de  \u00d6mer&#8217;e \u015f\u00f6yle b\u00f6yle diyen sendin ha?  die berikinin yakas\u0131na yap\u0131\u015farak ba\u011f\u0131r\u0131r. Bu iki karde\u015fin kopard\u0131\u011f\u0131 yaygara ve \u0130slam&#8217;\u0131n ilk d\u00f6nemindeki anla\u015fmazl\u0131klar\u0131 d\u00fczeltmek i\u00e7in \u00e7\u0131kar\u0131lan karga\u015fa aras\u0131nda biri kulak kesilse, \u0131rma\u011f\u0131n bat\u0131 k\u0131\u015f\u0131s\u0131ndan zafer ve alay kahkahas\u0131n\u0131 duyabilir. <\/p>\n","protected":false},"excerpt":{"rendered":"<p>Bug\u00fcn \u0130slam d\u00fcnyas\u0131nda \u015fiddetlenen bu yalanc\u0131 sava\u015f Ali \u015eias\u0131&#8217;yla Muhammedi S\u00fcnnili\u011fin sava\u015f\u0131 de\u011fildir. Bu sava\u015f, Safevi \u015eiasi n\u0131n Emevi S\u00fcnnili\u011fi ile sava\u015f\u0131 olup Safeviler&#8217;in Osmanl\u0131lar&#8217;la sava\u015f\u0131n\u0131n<span class=\"excerpt-hellip\"> [\u2026]<\/span><\/p>\n","protected":false},"featured_media":0,"template":"","meta":{"_monsterinsights_skip_tracking":false,"_monsterinsights_sitenote_active":false,"_monsterinsights_sitenote_note":"","_monsterinsights_sitenote_category":0},"product_brand":[],"product_cat":[12718,12719,12720],"product_tag":[],"class_list":{"0":"post-783420","1":"product","2":"type-product","3":"status-publish","5":"product_cat-din","6":"product_cat-islam","7":"product_cat-tasavvuf-mezhepler-tarikatlar","8":"pa_tur-kitap","9":"pa_yayinevi-fecr-yayinlari","10":"pa_yazar-ali-seriati","12":"first","13":"instock","14":"sale","15":"shipping-taxable","16":"purchasable","17":"product-type-simple"},"_links":{"self":[{"href":"https:\/\/roveyayinevi.com.tr\/index.php\/wp-json\/wp\/v2\/product\/783420","targetHints":{"allow":["GET"]}}],"collection":[{"href":"https:\/\/roveyayinevi.com.tr\/index.php\/wp-json\/wp\/v2\/product"}],"about":[{"href":"https:\/\/roveyayinevi.com.tr\/index.php\/wp-json\/wp\/v2\/types\/product"}],"wp:attachment":[{"href":"https:\/\/roveyayinevi.com.tr\/index.php\/wp-json\/wp\/v2\/media?parent=783420"}],"wp:term":[{"taxonomy":"product_brand","embeddable":true,"href":"https:\/\/roveyayinevi.com.tr\/index.php\/wp-json\/wp\/v2\/product_brand?post=783420"},{"taxonomy":"product_cat","embeddable":true,"href":"https:\/\/roveyayinevi.com.tr\/index.php\/wp-json\/wp\/v2\/product_cat?post=783420"},{"taxonomy":"product_tag","embeddable":true,"href":"https:\/\/roveyayinevi.com.tr\/index.php\/wp-json\/wp\/v2\/product_tag?post=783420"}],"curies":[{"name":"wp","href":"https:\/\/api.w.org\/{rel}","templated":true}]}}