{"id":783413,"date":"2026-02-26T03:50:42","date_gmt":"2026-02-26T00:50:42","guid":{"rendered":"https:\/\/roveyayinevi.com.tr\/index.php\/urun\/alevilerde-hakka-yurume-ve-erkani\/"},"modified":"2026-04-15T03:47:39","modified_gmt":"2026-04-15T00:47:39","slug":"alevilerde-hakka-yurume-ve-erkani","status":"publish","type":"product","link":"https:\/\/roveyayinevi.com.tr\/index.php\/urun\/alevilerde-hakka-yurume-ve-erkani\/","title":{"rendered":"Alevilerde Hakk\u2019a Y\u00fcr\u00fcme ve Erkan\u0131"},"content":{"rendered":"<p>Bu eser, Alevilik inanc\u0131nda \u201cHakk\u2019a y\u00fcr\u00fcme\u201d anlay\u0131\u015f\u0131n\u0131 ve bu s\u00fcrece dair uygulanan erk\u00e2nlar\u0131 detayl\u0131 \u015fekilde ele al\u0131r. \u00d6l\u00fcm\u00fcn bir son de\u011fil, Hak\u2019ka kavu\u015fma olarak de\u011ferlendirildi\u011fi Alevi \u00f6\u011fretisini; rit\u00fceller, dualar ve toplumsal boyutlar\u0131yla a\u00e7\u0131klar. \u0130nan\u00e7 prati\u011fini do\u011fru ve sistemli bi\u00e7imde \u00f6\u011frenmek isteyenler i\u00e7in rehber niteli\u011finde bir kaynakt\u0131r. Bu eser, Alevilik inanc\u0131nda \u201cHakk\u2019a y\u00fcr\u00fcme\u201d anlay\u0131\u015f\u0131n\u0131 ve bu s\u00fcrece dair uygulanan erk\u00e2nlar\u0131 detayl\u0131 \u015fekilde ele al\u0131r. \u00d6l\u00fcm\u00fcn bir son de\u011fil, Hak\u2019ka kavu\u015fma olarak de\u011ferlendirildi\u011fi Alevi \u00f6\u011fretisini; rit\u00fceller, dualar ve toplumsal boyutlar\u0131yla a\u00e7\u0131klar.<\/p>\n","protected":false},"excerpt":{"rendered":"<p>Bu eser, Alevilik inanc\u0131nda \u201cHakk\u2019a y\u00fcr\u00fcme\u201d anlay\u0131\u015f\u0131n\u0131 ve bu s\u00fcrece dair uygulanan erk\u00e2nlar\u0131 detayl\u0131 \u015fekilde ele al\u0131r. \u00d6l\u00fcm\u00fcn bir son de\u011fil, Hak\u2019ka kavu\u015fma olarak de\u011ferlendirildi\u011fi Alevi<span class=\"excerpt-hellip\"> [\u2026]<\/span><\/p>\n","protected":false},"featured_media":0,"template":"","meta":{"_monsterinsights_skip_tracking":false,"_monsterinsights_sitenote_active":false,"_monsterinsights_sitenote_note":"","_monsterinsights_sitenote_category":0},"product_brand":[],"product_cat":[141304],"product_tag":[],"class_list":{"0":"post-783413","1":"product","2":"type-product","3":"status-publish","5":"product_cat-yeni-cikanlar","6":"pa_cilt-ciltsiz","7":"pa_tur-kitap","8":"pa_yayinevi-baris-kitap","9":"pa_yazar-piri-er","11":"first","12":"instock","13":"sale","14":"shipping-taxable","15":"purchasable","16":"product-type-simple"},"_links":{"self":[{"href":"https:\/\/roveyayinevi.com.tr\/index.php\/wp-json\/wp\/v2\/product\/783413","targetHints":{"allow":["GET"]}}],"collection":[{"href":"https:\/\/roveyayinevi.com.tr\/index.php\/wp-json\/wp\/v2\/product"}],"about":[{"href":"https:\/\/roveyayinevi.com.tr\/index.php\/wp-json\/wp\/v2\/types\/product"}],"wp:attachment":[{"href":"https:\/\/roveyayinevi.com.tr\/index.php\/wp-json\/wp\/v2\/media?parent=783413"}],"wp:term":[{"taxonomy":"product_brand","embeddable":true,"href":"https:\/\/roveyayinevi.com.tr\/index.php\/wp-json\/wp\/v2\/product_brand?post=783413"},{"taxonomy":"product_cat","embeddable":true,"href":"https:\/\/roveyayinevi.com.tr\/index.php\/wp-json\/wp\/v2\/product_cat?post=783413"},{"taxonomy":"product_tag","embeddable":true,"href":"https:\/\/roveyayinevi.com.tr\/index.php\/wp-json\/wp\/v2\/product_tag?post=783413"}],"curies":[{"name":"wp","href":"https:\/\/api.w.org\/{rel}","templated":true}]}}