{"id":783412,"date":"2026-02-26T03:48:54","date_gmt":"2026-02-26T00:48:54","guid":{"rendered":"https:\/\/roveyayinevi.com.tr\/index.php\/urun\/felatun-bey-ile-rakim-efendi-12\/"},"modified":"2026-04-15T03:45:19","modified_gmt":"2026-04-15T00:45:19","slug":"felatun-bey-ile-rakim-efendi-12","status":"publish","type":"product","link":"https:\/\/roveyayinevi.com.tr\/index.php\/urun\/felatun-bey-ile-rakim-efendi-12\/","title":{"rendered":"Felatun Bey \u0130le Rak\u0131m Efendi"},"content":{"rendered":"<p>\u201c\u0130nsan\u0131n do\u011fu\u015ftan getirdi\u011fi \u015feyler ki insan kendi mutluluk h\u00e2linden yaln\u0131z kendisi haberdar olmas\u0131yla kanaat etmez. Herkesi de haberdar etmek ister.\u201d Fel\u00e2tun Bey, zengin, mirasyedi, g\u00f6steri\u015f merakl\u0131s\u0131 bir gen\u00e7tir. R\u00e2k\u0131m Efendi\u2019yse kendi eme\u011fiyle \u00e7al\u0131\u015fan, k\u00fclt\u00fcrl\u00fc, \u00f6l\u00e7\u00fcl\u00fc ve al\u00e7akg\u00f6n\u00fcll\u00fc bir gen\u00e7tir. Fel\u00e2tun Bey, Avrupa hayran\u0131d\u0131r ama Bat\u0131\u2019n\u0131n \u00f6z\u00fcn\u00fc de\u011fil, yaln\u0131zca d\u0131\u015f g\u00f6r\u00fcn\u00fc\u015f\u00fcn\u00fc taklit eder. Frans\u0131zca konu\u015fmaya, Bat\u0131l\u0131 gibi giyinmeye \u00f6zenir ama \u00e7al\u0131\u015fmay\u0131, \u00fcretmeyi sevmez. Zaman\u0131n\u0131 e\u011flence, kumar ve kad\u0131nlarla ge\u00e7irir. R\u00e2k\u0131m Efendi ise Bat\u0131 k\u00fclt\u00fcr\u00fcn\u00fc ak\u0131lc\u0131 bi\u00e7imde benimser. Yabanc\u0131 dil \u00f6\u011frenir, \u00e7ok okur, \u00e7al\u0131\u015farak kendi servetini kazan\u0131r. Ahlakl\u0131, yard\u0131msever ve \u00e7al\u0131\u015fkan biridir.<\/p>\n","protected":false},"excerpt":{"rendered":"<p>\u201c\u0130nsan\u0131n do\u011fu\u015ftan getirdi\u011fi \u015feyler ki insan kendi mutluluk h\u00e2linden yaln\u0131z kendisi haberdar olmas\u0131yla kanaat etmez. Herkesi de haberdar etmek ister.\u201d Fel\u00e2tun Bey, zengin, mirasyedi, g\u00f6steri\u015f merakl\u0131s\u0131<span class=\"excerpt-hellip\"> [\u2026]<\/span><\/p>\n","protected":false},"featured_media":0,"template":"","meta":{"_monsterinsights_skip_tracking":false,"_monsterinsights_sitenote_active":false,"_monsterinsights_sitenote_note":"","_monsterinsights_sitenote_category":0},"product_brand":[],"product_cat":[12291,12711],"product_tag":[],"class_list":{"0":"post-783412","1":"product","2":"type-product","3":"status-publish","5":"product_cat-edebiyat","6":"product_cat-roman-oyku","7":"pa_cilt-ciltsiz","8":"pa_tur-kitap","9":"pa_yayinevi-dokuz-yayinlari","10":"pa_yazar-ahmet-mithat-efendi","12":"first","13":"instock","14":"sale","15":"shipping-taxable","16":"purchasable","17":"product-type-simple"},"_links":{"self":[{"href":"https:\/\/roveyayinevi.com.tr\/index.php\/wp-json\/wp\/v2\/product\/783412","targetHints":{"allow":["GET"]}}],"collection":[{"href":"https:\/\/roveyayinevi.com.tr\/index.php\/wp-json\/wp\/v2\/product"}],"about":[{"href":"https:\/\/roveyayinevi.com.tr\/index.php\/wp-json\/wp\/v2\/types\/product"}],"wp:attachment":[{"href":"https:\/\/roveyayinevi.com.tr\/index.php\/wp-json\/wp\/v2\/media?parent=783412"}],"wp:term":[{"taxonomy":"product_brand","embeddable":true,"href":"https:\/\/roveyayinevi.com.tr\/index.php\/wp-json\/wp\/v2\/product_brand?post=783412"},{"taxonomy":"product_cat","embeddable":true,"href":"https:\/\/roveyayinevi.com.tr\/index.php\/wp-json\/wp\/v2\/product_cat?post=783412"},{"taxonomy":"product_tag","embeddable":true,"href":"https:\/\/roveyayinevi.com.tr\/index.php\/wp-json\/wp\/v2\/product_tag?post=783412"}],"curies":[{"name":"wp","href":"https:\/\/api.w.org\/{rel}","templated":true}]}}