{"id":783405,"date":"2026-02-26T03:48:22","date_gmt":"2026-02-26T00:48:22","guid":{"rendered":"https:\/\/roveyayinevi.com.tr\/index.php\/urun\/vatan-yahut-silistre-14\/"},"modified":"2026-04-15T03:45:19","modified_gmt":"2026-04-15T00:45:19","slug":"vatan-yahut-silistre-14","status":"publish","type":"product","link":"https:\/\/roveyayinevi.com.tr\/index.php\/urun\/vatan-yahut-silistre-14\/","title":{"rendered":"Vatan Yahut Silistre"},"content":{"rendered":"<p>\u201cSanki \u00f6mr\u00fcmde g\u00f6rd\u00fc\u011f\u00fcm, duydu\u011fum, okudu\u011fum, d\u00fc\u015f\u00fcnd\u00fc\u011f\u00fcm ne kadar g\u00fczel \u015fey varsa hepsi bir yerde toplanm\u0131\u015f da bir insan y\u00fcz\u00fc olup kar\u015f\u0131ma gelmi\u015fti.\u201d Oyun, Ruslarla yap\u0131lan Silistre Sava\u015f\u0131 s\u0131ras\u0131nda ge\u00e7er. \u0130slam Bey, vatan\u0131 savunmak i\u00e7in Silistre Kalesi\u2019ne gider. Zekiye, onu \u00e7ok sevdi\u011fi i\u00e7in arkas\u0131ndan gizlice erkek k\u0131l\u0131\u011f\u0131na girip asker olur ve cepheye gider. Sava\u015f s\u0131ras\u0131nda b\u00fcy\u00fck bir kahramanl\u0131k \u00f6rne\u011fi g\u00f6steren \u0130sl\u00e2m Bey yaralan\u0131r, Zekiye onun yan\u0131nda sava\u015f\u0131r ve ona bakar. Ger\u00e7ekler ortaya \u00e7\u0131k\u0131nca  Zekiye\u2019nin kimli\u011fi \u00f6\u011frenilir ama herkes onun cesaretine hayran kal\u0131r. Vatan Yahut Silistre; 1873 y\u0131l\u0131nda sahnelenmi\u015f, Nam\u0131k Kemal\u2019in kaleme ald\u0131\u011f\u0131 bir tiyatro eseridir. Bu eser, T\u00fcrk edebiyat\u0131nda vatan sevgisini i\u015fleyen ilk tiyatro olma \u00f6zelli\u011fine sahiptir.<\/p>\n","protected":false},"excerpt":{"rendered":"<p>\u201cSanki \u00f6mr\u00fcmde g\u00f6rd\u00fc\u011f\u00fcm, duydu\u011fum, okudu\u011fum, d\u00fc\u015f\u00fcnd\u00fc\u011f\u00fcm ne kadar g\u00fczel \u015fey varsa hepsi bir yerde toplanm\u0131\u015f da bir insan y\u00fcz\u00fc olup kar\u015f\u0131ma gelmi\u015fti.\u201d Oyun, Ruslarla yap\u0131lan Silistre<span class=\"excerpt-hellip\"> [\u2026]<\/span><\/p>\n","protected":false},"featured_media":0,"template":"","meta":{"_monsterinsights_skip_tracking":false,"_monsterinsights_sitenote_active":false,"_monsterinsights_sitenote_note":"","_monsterinsights_sitenote_category":0},"product_brand":[],"product_cat":[12291,14272],"product_tag":[],"class_list":{"0":"post-783405","1":"product","2":"type-product","3":"status-publish","5":"product_cat-edebiyat","6":"product_cat-tiyatro","7":"pa_cilt-ciltsiz","8":"pa_tur-kitap","9":"pa_yayinevi-dokuz-yayinlari","10":"pa_yazar-namik-kemal","12":"first","13":"instock","14":"sale","15":"shipping-taxable","16":"purchasable","17":"product-type-simple"},"_links":{"self":[{"href":"https:\/\/roveyayinevi.com.tr\/index.php\/wp-json\/wp\/v2\/product\/783405","targetHints":{"allow":["GET"]}}],"collection":[{"href":"https:\/\/roveyayinevi.com.tr\/index.php\/wp-json\/wp\/v2\/product"}],"about":[{"href":"https:\/\/roveyayinevi.com.tr\/index.php\/wp-json\/wp\/v2\/types\/product"}],"wp:attachment":[{"href":"https:\/\/roveyayinevi.com.tr\/index.php\/wp-json\/wp\/v2\/media?parent=783405"}],"wp:term":[{"taxonomy":"product_brand","embeddable":true,"href":"https:\/\/roveyayinevi.com.tr\/index.php\/wp-json\/wp\/v2\/product_brand?post=783405"},{"taxonomy":"product_cat","embeddable":true,"href":"https:\/\/roveyayinevi.com.tr\/index.php\/wp-json\/wp\/v2\/product_cat?post=783405"},{"taxonomy":"product_tag","embeddable":true,"href":"https:\/\/roveyayinevi.com.tr\/index.php\/wp-json\/wp\/v2\/product_tag?post=783405"}],"curies":[{"name":"wp","href":"https:\/\/api.w.org\/{rel}","templated":true}]}}