{"id":783404,"date":"2026-02-26T03:48:17","date_gmt":"2026-02-26T00:48:17","guid":{"rendered":"https:\/\/roveyayinevi.com.tr\/index.php\/urun\/efsuncu-baba-4\/"},"modified":"2026-04-13T03:41:41","modified_gmt":"2026-04-13T00:41:41","slug":"efsuncu-baba-4","status":"publish","type":"product","link":"https:\/\/roveyayinevi.com.tr\/index.php\/urun\/efsuncu-baba-4\/","title":{"rendered":"Efsuncu Baba"},"content":{"rendered":"<p>\u201cHakikatin b\u00fcy\u00fckl\u00fc\u011f\u00fcn\u00fc tan\u0131y\u0131p da onunla dost olamayanlar\u2026 O kisveye girmi\u015f yalanlarla oyalan\u0131rlar. Bu komedya sahnesinin en arka perdesini kald\u0131r\u0131p as\u0131rlardan, as\u0131rlardan beri insanlardan saklanan guguklar\u0131 apa\u00e7\u0131k insanl\u0131\u011fa g\u00f6stermek her memlekette kanunen memnudur.\u201d B\u00fcy\u00fcye, muskaya define av\u0131na inanan Efsuncu Baba bir g\u00fcn gizli bir defter bulur.  \u0130\u00e7indeki bilgileri \u00e7\u00f6zmesi i\u00e7in iki mele\u011fe ihtiyac\u0131 vard\u0131r. Kirkor ve Agop ad\u0131nda iki evsiz gen\u00e7 bu iki mele\u011fin k\u0131l\u0131\u011f\u0131na girer ve Efsuncu Baba\u2019n\u0131n bat\u0131l inan\u00e7lar\u0131n\u0131 kullanarak hem kendilerine ge\u00e7im kayna\u011f\u0131 hem de ya\u015fayacak bir ev bulmu\u015f olurlar.  H\u00fcseyin Rahmi G\u00fcrp\u0131nar\u2019\u0131n bu roman\u0131, d\u00f6nemin toplumsal yap\u0131s\u0131n\u0131, bat\u0131l inan\u00e7lar\u0131, hurafeleri ve sahte dindarl\u0131\u011f\u0131 hicivli bir \u00fcslupla ele alan bir toplum ele\u015ftirisidir.<\/p>\n","protected":false},"excerpt":{"rendered":"<p>\u201cHakikatin b\u00fcy\u00fckl\u00fc\u011f\u00fcn\u00fc tan\u0131y\u0131p da onunla dost olamayanlar\u2026 O kisveye girmi\u015f yalanlarla oyalan\u0131rlar. Bu komedya sahnesinin en arka perdesini kald\u0131r\u0131p as\u0131rlardan, as\u0131rlardan beri insanlardan saklanan guguklar\u0131 apa\u00e7\u0131k<span class=\"excerpt-hellip\"> [\u2026]<\/span><\/p>\n","protected":false},"featured_media":0,"template":"","meta":{"_monsterinsights_skip_tracking":false,"_monsterinsights_sitenote_active":false,"_monsterinsights_sitenote_note":"","_monsterinsights_sitenote_category":0},"product_brand":[],"product_cat":[12291,12711],"product_tag":[],"class_list":{"0":"post-783404","1":"product","2":"type-product","3":"status-publish","5":"product_cat-edebiyat","6":"product_cat-roman-oyku","7":"pa_cilt-ciltsiz","8":"pa_tur-kitap","9":"pa_yayinevi-dokuz-yayinlari","10":"pa_yazar-huseyin-rahmi-gurpinar","12":"first","13":"instock","14":"sale","15":"shipping-taxable","16":"purchasable","17":"product-type-simple"},"_links":{"self":[{"href":"https:\/\/roveyayinevi.com.tr\/index.php\/wp-json\/wp\/v2\/product\/783404","targetHints":{"allow":["GET"]}}],"collection":[{"href":"https:\/\/roveyayinevi.com.tr\/index.php\/wp-json\/wp\/v2\/product"}],"about":[{"href":"https:\/\/roveyayinevi.com.tr\/index.php\/wp-json\/wp\/v2\/types\/product"}],"wp:attachment":[{"href":"https:\/\/roveyayinevi.com.tr\/index.php\/wp-json\/wp\/v2\/media?parent=783404"}],"wp:term":[{"taxonomy":"product_brand","embeddable":true,"href":"https:\/\/roveyayinevi.com.tr\/index.php\/wp-json\/wp\/v2\/product_brand?post=783404"},{"taxonomy":"product_cat","embeddable":true,"href":"https:\/\/roveyayinevi.com.tr\/index.php\/wp-json\/wp\/v2\/product_cat?post=783404"},{"taxonomy":"product_tag","embeddable":true,"href":"https:\/\/roveyayinevi.com.tr\/index.php\/wp-json\/wp\/v2\/product_tag?post=783404"}],"curies":[{"name":"wp","href":"https:\/\/api.w.org\/{rel}","templated":true}]}}