{"id":783402,"date":"2026-02-26T03:48:09","date_gmt":"2026-02-26T00:48:09","guid":{"rendered":"https:\/\/roveyayinevi.com.tr\/index.php\/urun\/irade-terbiyesi-8\/"},"modified":"2026-04-15T03:45:19","modified_gmt":"2026-04-15T00:45:19","slug":"irade-terbiyesi-8","status":"publish","type":"product","link":"https:\/\/roveyayinevi.com.tr\/index.php\/urun\/irade-terbiyesi-8\/","title":{"rendered":"\u0130rade Terbiyesi"},"content":{"rendered":"<p>\u201cM\u00f6sy\u00f6 Girard bize bir kitap tavsiye etti ve mutlaka okumam\u0131z\u0131 s\u00f6yledi. Bu, Aix-Marseille \u00dcniversitesi rekt\u00f6r\u00fc Jules Payot\u2019un \u0130rade Terbiyesi adl\u0131 kitab\u0131 idi. Ertesi g\u00fcn \u015fehre inerek kitab\u0131 ald\u0131m. \u0130htiyar bir me\u015fenin dibine oturarak \u0130rade Terbiyesi\u2019ni okumaya koyuldum. Okuduk\u00e7a i\u00e7imde tahass\u00fcr ve nedametle kar\u0131\u015f\u0131k m\u00fcphem bir ac\u0131 duymaya ba\u015flad\u0131m. Kendi kendime, \u2018Ah bu kitap on sekiz yirmi ya\u015flar\u0131mdayken elime ge\u00e7meliydi,\u2019 diyor ve gecikti\u011fim i\u00e7in \u00fcz\u00fcl\u00fcyordum.\u201dProf. Dr. Ali Fuat Ba\u015fgil Gen\u00e7lerle Ba\u015fba\u015faYapt\u0131\u011f\u0131 ara\u015ft\u0131rmalar ve yaz\u0131lar\u0131yla 20. y\u00fczy\u0131l\u0131n ba\u015f\u0131ndan bu yana \u00e7o\u011fu d\u00fc\u015f\u00fcn\u00fcr, sanat\u00e7\u0131 ve bilim adam\u0131 \u00fczerinde \u00f6nemli bir etki yaratmay\u0131 ba\u015faran Jules Payot, okuyucuyu tekd\u00fcze olgular\u0131n \u00f6tesine g\u00f6t\u00fcr\u00fcyor; bizzat irademizi e\u011fitmek yoluyla arzu edilen ba\u015far\u0131lar\u0131n m\u00fcmk\u00fcn olabilece\u011fini, \u00e7abalar\u0131m\u0131z\u0131n ancak bu yolla bir de\u011fer kazanabilece\u011fini ortaya koyuyor.\u201c&#8230;B\u00f6yle bir deneyimden sonra, zaman i\u00e7inde geriye d\u00f6n\u00fcp bakan ka\u00e7 ki\u015fiyiz? Bizi orta\u00f6\u011frenim veya \u00fcniversite ortam\u0131ndan birka\u00e7 ahlaksal z\u0131rvayla, s\u00fcsl\u00fc p\u00fcsl\u00fc ve parlak ama son derece aptalca form\u00fcllere dayanarak vah\u015fi bir ya\u015fam\u0131n kollar\u0131na f\u0131rlat\u0131p atm\u0131\u015f bir topluma, \u015fimdi hangimiz lanetler okumay\u0131 beceriyoruz dersiniz?\u201d<\/p>\n","protected":false},"excerpt":{"rendered":"<p>\u201cM\u00f6sy\u00f6 Girard bize bir kitap tavsiye etti ve mutlaka okumam\u0131z\u0131 s\u00f6yledi. Bu, Aix-Marseille \u00dcniversitesi rekt\u00f6r\u00fc Jules Payot\u2019un \u0130rade Terbiyesi adl\u0131 kitab\u0131 idi. Ertesi g\u00fcn \u015fehre inerek<span class=\"excerpt-hellip\"> [\u2026]<\/span><\/p>\n","protected":false},"featured_media":0,"template":"","meta":{"_monsterinsights_skip_tracking":false,"_monsterinsights_sitenote_active":false,"_monsterinsights_sitenote_note":"","_monsterinsights_sitenote_category":0},"product_brand":[],"product_cat":[12388],"product_tag":[],"class_list":{"0":"post-783402","1":"product","2":"type-product","3":"status-publish","5":"product_cat-felsefe","6":"pa_cilt-ciltsiz","7":"pa_tur-kitap","8":"pa_yayinevi-dokuz-yayinlari","9":"pa_yazar-jules-payot","11":"first","12":"instock","13":"sale","14":"shipping-taxable","15":"purchasable","16":"product-type-simple"},"_links":{"self":[{"href":"https:\/\/roveyayinevi.com.tr\/index.php\/wp-json\/wp\/v2\/product\/783402","targetHints":{"allow":["GET"]}}],"collection":[{"href":"https:\/\/roveyayinevi.com.tr\/index.php\/wp-json\/wp\/v2\/product"}],"about":[{"href":"https:\/\/roveyayinevi.com.tr\/index.php\/wp-json\/wp\/v2\/types\/product"}],"wp:attachment":[{"href":"https:\/\/roveyayinevi.com.tr\/index.php\/wp-json\/wp\/v2\/media?parent=783402"}],"wp:term":[{"taxonomy":"product_brand","embeddable":true,"href":"https:\/\/roveyayinevi.com.tr\/index.php\/wp-json\/wp\/v2\/product_brand?post=783402"},{"taxonomy":"product_cat","embeddable":true,"href":"https:\/\/roveyayinevi.com.tr\/index.php\/wp-json\/wp\/v2\/product_cat?post=783402"},{"taxonomy":"product_tag","embeddable":true,"href":"https:\/\/roveyayinevi.com.tr\/index.php\/wp-json\/wp\/v2\/product_tag?post=783402"}],"curies":[{"name":"wp","href":"https:\/\/api.w.org\/{rel}","templated":true}]}}