{"id":783384,"date":"2026-02-26T03:15:13","date_gmt":"2026-02-26T00:15:13","guid":{"rendered":"https:\/\/roveyayinevi.com.tr\/index.php\/urun\/ataturk-cumhuriyet-ve-ozgurluk\/"},"modified":"2026-02-27T03:04:18","modified_gmt":"2026-02-27T00:04:18","slug":"ataturk-cumhuriyet-ve-ozgurluk","status":"publish","type":"product","link":"https:\/\/roveyayinevi.com.tr\/index.php\/urun\/ataturk-cumhuriyet-ve-ozgurluk\/","title":{"rendered":"Atat\u00fcrk &#8211; Cumhuriyet ve \u00d6zg\u00fcrl\u00fck"},"content":{"rendered":"<p>20\u2019inci y\u00fczy\u0131l\u0131n ba\u015f\u0131nda T\u00fcrkler tarih sahnesinden tamamen silinmek \u00fczereydi. Bitmeyen sava\u015flar milletin belini b\u00fckm\u00fc\u015f, ekonomik kriz iyice b\u00fcy\u00fcm\u00fc\u015ft\u00fc. Elde yok, avu\u00e7ta yoktu. Bat\u0131, y\u0131llard\u0131r can \u00e7eki\u015fen \u201cHasta Adam\u201d\u0131 art\u0131k g\u00f6mmeye haz\u0131rlan\u0131yordu. T\u00fcm planlar ve gizli anla\u015fmalar haz\u0131rd\u0131. Sonra hi\u00e7 kimsenin beklemedi\u011fi bir \u015fey oldu. Bir adam \u00e7\u0131kt\u0131 ve her \u015fey de\u011fi\u015fti. Atat\u00fcrk\u2019\u00fcn \u00f6nderli\u011finde Cumhuriyet\u2019e giden yedi efsanevi g\u00fcn\u00fcn hik\u00e2yesi. Atat\u00fcrk\u2019\u00fcn \u00e7ocuklu\u011fu, gen\u00e7li\u011fi, harbiye y\u0131llar\u0131 ve sava\u015flar\u0131. \u00c7anakkale\u2019den Kurtulu\u015f Sava\u015f\u0131\u2019na, 19 May\u0131s\u2019tan B\u00fcy\u00fck Taaruz\u2019a bir milletin k\u00fcllerinden yeniden do\u011fu\u015funun \u00f6yk\u00fcs\u00fc. Hasan Tahsin\u2019den \u015eehit \u015eerife Bac\u0131\u2019ya, Halide Edib\u2019den Mehmet Akif\u2019e, her sayfas\u0131 s\u00fcrpriz karakterlerle dolu bir y\u0131ld\u0131zlar ge\u00e7idi. D\u00fcnyan\u0131n \u0130lk G\u00fcn\u00fc ve Son Sefarad\/Cennetin Kap\u0131lar\u0131 gibi eserlerin sevilen romanc\u0131s\u0131, akademisyen-yazar Beyaz\u0131t Akman yedi y\u0131l aradan sonra, Cumhuriyetin roman\u0131n\u0131 100\u2019\u00fcnc\u00fc y\u0131l i\u00e7in yazd\u0131. Cumhuriyeti film tad\u0131nda bir kere daha okumak, okutmak, ya\u015famak ve ya\u015fatmak i\u00e7in&#8230; Cumhuriyetimizin 100\u2019\u00fcnc\u00fc y\u0131l\u0131na arma\u011fan olsun! <\/p>\n","protected":false},"excerpt":{"rendered":"<p>20\u2019inci y\u00fczy\u0131l\u0131n ba\u015f\u0131nda T\u00fcrkler tarih sahnesinden tamamen silinmek \u00fczereydi. Bitmeyen sava\u015flar milletin belini b\u00fckm\u00fc\u015f, ekonomik kriz iyice b\u00fcy\u00fcm\u00fc\u015ft\u00fc. Elde yok, avu\u00e7ta yoktu. Bat\u0131, y\u0131llard\u0131r can \u00e7eki\u015fen<span class=\"excerpt-hellip\"> [\u2026]<\/span><\/p>\n","protected":false},"featured_media":0,"template":"","meta":{"_monsterinsights_skip_tracking":false,"_monsterinsights_sitenote_active":false,"_monsterinsights_sitenote_note":"","_monsterinsights_sitenote_category":0},"product_brand":[],"product_cat":[12291,12745],"product_tag":[],"class_list":{"0":"post-783384","1":"product","2":"type-product","3":"status-publish","5":"product_cat-edebiyat","6":"product_cat-tarihi-roman","7":"pa_cilt-ciltsiz","8":"pa_tur-kitap","9":"pa_yayinevi-kopernik-kitap","10":"pa_yazar-beyazit-akman","12":"first","13":"instock","14":"sale","15":"shipping-taxable","16":"purchasable","17":"product-type-simple"},"_links":{"self":[{"href":"https:\/\/roveyayinevi.com.tr\/index.php\/wp-json\/wp\/v2\/product\/783384","targetHints":{"allow":["GET"]}}],"collection":[{"href":"https:\/\/roveyayinevi.com.tr\/index.php\/wp-json\/wp\/v2\/product"}],"about":[{"href":"https:\/\/roveyayinevi.com.tr\/index.php\/wp-json\/wp\/v2\/types\/product"}],"wp:attachment":[{"href":"https:\/\/roveyayinevi.com.tr\/index.php\/wp-json\/wp\/v2\/media?parent=783384"}],"wp:term":[{"taxonomy":"product_brand","embeddable":true,"href":"https:\/\/roveyayinevi.com.tr\/index.php\/wp-json\/wp\/v2\/product_brand?post=783384"},{"taxonomy":"product_cat","embeddable":true,"href":"https:\/\/roveyayinevi.com.tr\/index.php\/wp-json\/wp\/v2\/product_cat?post=783384"},{"taxonomy":"product_tag","embeddable":true,"href":"https:\/\/roveyayinevi.com.tr\/index.php\/wp-json\/wp\/v2\/product_tag?post=783384"}],"curies":[{"name":"wp","href":"https:\/\/api.w.org\/{rel}","templated":true}]}}