{"id":783380,"date":"2026-02-26T03:07:30","date_gmt":"2026-02-26T00:07:30","guid":{"rendered":"https:\/\/roveyayinevi.com.tr\/index.php\/urun\/gencler-icin-nutuk-12\/"},"modified":"2026-02-27T02:57:34","modified_gmt":"2026-02-26T23:57:34","slug":"gencler-icin-nutuk-12","status":"publish","type":"product","link":"https:\/\/roveyayinevi.com.tr\/index.php\/urun\/gencler-icin-nutuk-12\/","title":{"rendered":"Gen\u00e7ler \u0130\u00e7in Nutuk"},"content":{"rendered":"<p>\u0130zmirin da\u011flar\u0131nda \u00e7i\u00e7ekler a\u00e7ar Alt\u0131n g\u00fcne\u015f orada s\u0131rmalar sa\u00e7ar Bozulmu\u015f d\u00fc\u015fmanlar yel gibi ka\u00e7ar Ya\u015fa Mustafa Kemal Pa\u015fa ya\u015fa Ad\u0131n yaz\u0131lacak m\u00fccevher ta\u015fa   \u0130zmir\u2019in da\u011flar\u0131nda oturdum kald\u0131m \u015eehit olanlar\u0131 deftere yazd\u0131m \u00d6ks\u00fcz yavrular\u0131 ba\u011fr\u0131ma bast\u0131m Ya\u015fa Mustafa Kemal Pa\u015fa Ya\u015fa Ad\u0131n yaz\u0131lacak m\u00fccevher ta\u015fa. <\/p>\n","protected":false},"excerpt":{"rendered":"<p>\u0130zmirin da\u011flar\u0131nda \u00e7i\u00e7ekler a\u00e7ar Alt\u0131n g\u00fcne\u015f orada s\u0131rmalar sa\u00e7ar Bozulmu\u015f d\u00fc\u015fmanlar yel gibi ka\u00e7ar Ya\u015fa Mustafa Kemal Pa\u015fa ya\u015fa Ad\u0131n yaz\u0131lacak m\u00fccevher ta\u015fa \u0130zmir\u2019in da\u011flar\u0131nda oturdum<span class=\"excerpt-hellip\"> [\u2026]<\/span><\/p>\n","protected":false},"featured_media":0,"template":"","meta":{"_monsterinsights_skip_tracking":false,"_monsterinsights_sitenote_active":false,"_monsterinsights_sitenote_note":"","_monsterinsights_sitenote_category":0},"product_brand":[],"product_cat":[12530,12304],"product_tag":[],"class_list":{"0":"post-783380","1":"product","2":"type-product","3":"status-publish","5":"product_cat-mustafa-kemal-ataturk","6":"product_cat-tarih","7":"pa_cilt-ciltsiz","8":"pa_tur-kitap","9":"pa_yayinevi-puslu-yayinlari","10":"pa_yazar-ahmet-hur","12":"first","13":"instock","14":"sale","15":"shipping-taxable","16":"purchasable","17":"product-type-simple"},"_links":{"self":[{"href":"https:\/\/roveyayinevi.com.tr\/index.php\/wp-json\/wp\/v2\/product\/783380","targetHints":{"allow":["GET"]}}],"collection":[{"href":"https:\/\/roveyayinevi.com.tr\/index.php\/wp-json\/wp\/v2\/product"}],"about":[{"href":"https:\/\/roveyayinevi.com.tr\/index.php\/wp-json\/wp\/v2\/types\/product"}],"wp:attachment":[{"href":"https:\/\/roveyayinevi.com.tr\/index.php\/wp-json\/wp\/v2\/media?parent=783380"}],"wp:term":[{"taxonomy":"product_brand","embeddable":true,"href":"https:\/\/roveyayinevi.com.tr\/index.php\/wp-json\/wp\/v2\/product_brand?post=783380"},{"taxonomy":"product_cat","embeddable":true,"href":"https:\/\/roveyayinevi.com.tr\/index.php\/wp-json\/wp\/v2\/product_cat?post=783380"},{"taxonomy":"product_tag","embeddable":true,"href":"https:\/\/roveyayinevi.com.tr\/index.php\/wp-json\/wp\/v2\/product_tag?post=783380"}],"curies":[{"name":"wp","href":"https:\/\/api.w.org\/{rel}","templated":true}]}}