{"id":783375,"date":"2026-02-26T02:55:16","date_gmt":"2026-02-25T23:55:16","guid":{"rendered":"https:\/\/roveyayinevi.com.tr\/index.php\/urun\/mustafa-kemal-ataturkun-liderlik-sirlari\/"},"modified":"2026-02-27T02:45:32","modified_gmt":"2026-02-26T23:45:32","slug":"mustafa-kemal-ataturkun-liderlik-sirlari","status":"publish","type":"product","link":"https:\/\/roveyayinevi.com.tr\/index.php\/urun\/mustafa-kemal-ataturkun-liderlik-sirlari\/","title":{"rendered":"Mustafa Kemal Atat\u00fcrk\u2019\u00fcn Liderlik S\u0131rlar\u0131"},"content":{"rendered":"<p>Ge\u00e7enlerde toplumda renkli ki\u015fili\u011fiyle tan\u0131nan bir kimseyle tan\u0131\u015ft\u0131m. G\u00f6rm\u00fc\u015f, ge\u00e7irmi\u015f biri. \u0130smimi s\u00f6yleyince, \u2018ben sizi biliyorum\u2019, dedi. \u015ea\u015f\u0131rd\u0131m. Me\u011fer, Mustafa Kemal Atat\u00fcrk\u2019\u00fcn Liderlik S\u0131rlar\u0131 adl\u0131 kitab\u0131m\u0131 okumu\u015f. Bu nedenle ismimi biliyormu\u015f. \u2018Sizin kitab\u0131n bir de hikayesi var,\u2019 dedi ve anlatt\u0131.Zaman\u0131nda bir partiden milletvekili aday\u0131 olmu\u015f. Amac\u0131 da Meclis\u2019e girip, \u00fclkesine faydal\u0131 olmakm\u0131\u015f. Se\u00e7imle ilgili parti i\u00e7i toplant\u0131lara girince, bakm\u0131\u015f Parti\u2019nin Genel Ba\u015fkan\u0131 \u2018her \u015feyi bilirim havas\u0131nda.\u2019 Bu renkli ki\u015fi, Genel Ba\u015fkan\u2019dan so\u011fumu\u015f. Yap\u0131lan se\u00e7imlerde b\u00f6lgesinde baya\u011f\u0131 bir oy alm\u0131\u015f ama Parti baraj\u0131n alt\u0131nda kalm\u0131\u015f. Se\u00e7imden sonra, benim kitab\u0131n i\u00e7inde Parti Genel Ba\u015fkan\u0131\u2019nda olmayan \u00e7ok \u00f6nemli \u00fc\u00e7 \u00f6zelli\u011fin alt\u0131n\u0131 k\u0131rm\u0131z\u0131yla \u00e7izmi\u015f. Genel Ba\u015fkan\u2019a gitmi\u015f ve kendisine:- Bak\u0131n, Say\u0131n Ba\u015fkan. G\u00fczel \u015feyler yapt\u0131n\u0131z. Yeterli olmasa da iyi bir netice elde ettiniz. Ama bundan sonras\u0131 siz- in i\u00e7in zor, demi\u015f. \u00c7ok yanl\u0131\u015f i\u015fler yap\u0131yorsunuz. Bak\u0131n size bir kitap getirdim, diyerek Mustafa Kemal Atat\u00fcrk\u2019\u00fcn Liderlik S\u0131rlar\u0131 kitab\u0131m\u0131 \u00f6n\u00fcne koymu\u015f.- Bu kitab\u0131n i\u00e7inde k\u0131rm\u0131z\u0131 kalemle \u00e7izdi\u011fim yerleri iyice okuyun. Ondan sonra devam edecekseniz edin. Ama e\u011fer bunlar\u0131 okuyup uygulayamazsan\u0131z, ba\u015far\u0131l\u0131 olamazs\u0131n\u0131z, demi\u015f ve partiden istifa etmi\u015f.Siz de kitaptaki 50 Liderlik \u00f6zelli\u011finin yard\u0131m\u0131yla bir \u015firketteki, m\u00fcessesedeki ve hatta politikadaki ki\u015filerin \u2018Lider\u2019 olup olmad\u0131klar\u0131n\u0131 tespit edebilirsiniz.<\/p>\n","protected":false},"excerpt":{"rendered":"<p>Ge\u00e7enlerde toplumda renkli ki\u015fili\u011fiyle tan\u0131nan bir kimseyle tan\u0131\u015ft\u0131m. G\u00f6rm\u00fc\u015f, ge\u00e7irmi\u015f biri. \u0130smimi s\u00f6yleyince, \u2018ben sizi biliyorum\u2019, dedi. \u015ea\u015f\u0131rd\u0131m. Me\u011fer, Mustafa Kemal Atat\u00fcrk\u2019\u00fcn Liderlik S\u0131rlar\u0131 adl\u0131 kitab\u0131m\u0131<span class=\"excerpt-hellip\"> [\u2026]<\/span><\/p>\n","protected":false},"featured_media":0,"template":"","meta":{"_monsterinsights_skip_tracking":false,"_monsterinsights_sitenote_active":false,"_monsterinsights_sitenote_note":"","_monsterinsights_sitenote_category":0},"product_brand":[],"product_cat":[12530,12304],"product_tag":[],"class_list":{"0":"post-783375","1":"product","2":"type-product","3":"status-publish","5":"product_cat-mustafa-kemal-ataturk","6":"product_cat-tarih","7":"pa_cilt-ciltsiz","8":"pa_tur-kitap","9":"pa_yayinevi-humanist-kitap-yayincilik","10":"pa_yazar-adnan-nur-baykal","12":"first","13":"instock","14":"sale","15":"shipping-taxable","16":"purchasable","17":"product-type-simple"},"_links":{"self":[{"href":"https:\/\/roveyayinevi.com.tr\/index.php\/wp-json\/wp\/v2\/product\/783375","targetHints":{"allow":["GET"]}}],"collection":[{"href":"https:\/\/roveyayinevi.com.tr\/index.php\/wp-json\/wp\/v2\/product"}],"about":[{"href":"https:\/\/roveyayinevi.com.tr\/index.php\/wp-json\/wp\/v2\/types\/product"}],"wp:attachment":[{"href":"https:\/\/roveyayinevi.com.tr\/index.php\/wp-json\/wp\/v2\/media?parent=783375"}],"wp:term":[{"taxonomy":"product_brand","embeddable":true,"href":"https:\/\/roveyayinevi.com.tr\/index.php\/wp-json\/wp\/v2\/product_brand?post=783375"},{"taxonomy":"product_cat","embeddable":true,"href":"https:\/\/roveyayinevi.com.tr\/index.php\/wp-json\/wp\/v2\/product_cat?post=783375"},{"taxonomy":"product_tag","embeddable":true,"href":"https:\/\/roveyayinevi.com.tr\/index.php\/wp-json\/wp\/v2\/product_tag?post=783375"}],"curies":[{"name":"wp","href":"https:\/\/api.w.org\/{rel}","templated":true}]}}