{"id":783374,"date":"2026-02-26T02:54:25","date_gmt":"2026-02-25T23:54:25","guid":{"rendered":"https:\/\/roveyayinevi.com.tr\/index.php\/urun\/roland-barthesin-yazarin-olumu\/"},"modified":"2026-03-15T21:46:33","modified_gmt":"2026-03-15T18:46:33","slug":"roland-barthesin-yazarin-olumu","status":"publish","type":"product","link":"https:\/\/roveyayinevi.com.tr\/index.php\/urun\/roland-barthesin-yazarin-olumu\/","title":{"rendered":"Roland Barthes\u2019\u0131n Yazar\u0131n \u00d6l\u00fcm\u00fc"},"content":{"rendered":"<p>Frans\u0131z filozof ve dilbilimci Roland Barthes\u2019\u0131n 1968\u2019de kaleme ald\u0131\u011f\u0131 &#8220;Yazar\u0131n \u00d6l\u00fcm\u00fc&#8221; yay\u0131mland\u0131\u011f\u0131 andan itibaren d\u00fcnya \u00e7ap\u0131nda etkili olmu\u015f, edebiyat kuram\u0131 ve felsefe alan\u0131nda b\u00fcy\u00fck tart\u0131\u015fmalar do\u011furmu\u015ftur.Laura Seymour &#8220;Yazar\u0131n \u00d6l\u00fcm\u00fc&#8221;n\u00fcn edebiyat tarihindeki yerini, yaz\u0131ld\u0131\u011f\u0131 ortam\u0131, edebiyat alan\u0131ndaki ele\u015ftirilerini, \u00f6nerilerini, ald\u0131\u011f\u0131 tepkileri ve yaratt\u0131\u011f\u0131 tesiri a\u00e7\u0131klay\u0131c\u0131 ve ak\u0131c\u0131 bir dil, ad\u0131m ad\u0131m takip edilen analizler ve etkili bir y\u00f6ntemle anlat\u0131yor.\u201cYazar\u0131n \u00d6l\u00fcm\u00fc\u2019n\u00fc okumak, bize edeb\u00ee metinler de dahil olmak \u00fczere her t\u00fcr metni yorumlamak i\u00e7in yeni ele\u015ftirel d\u00fc\u015f\u00fcnme becerileri sa\u011flar. Roland Barthes\u2019\u0131n \u00e7al\u0131\u015fmas\u0131 \u00f6zellikle, anlam\u0131n metnin neresinde oldu\u011fuyla ilgilidir. Bir metne ili\u015fkin yorumlar\u0131m\u0131z\u0131 yazar\u0131n ama\u00e7lad\u0131\u011f\u0131 anlam hakk\u0131ndaki sabit fikirlere y\u00f6nlendirmemiz gerekti\u011fi yerine, metnin potansiyel olarak sonsuz okuyucular\u0131n\u0131n o metnin yine sonsuz yorumlar\u0131n\u0131 \u00fcretebilece\u011fini savunur.\u201d<\/p>\n","protected":false},"excerpt":{"rendered":"<p>Frans\u0131z filozof ve dilbilimci Roland Barthes\u2019\u0131n 1968\u2019de kaleme ald\u0131\u011f\u0131 &#8220;Yazar\u0131n \u00d6l\u00fcm\u00fc&#8221; yay\u0131mland\u0131\u011f\u0131 andan itibaren d\u00fcnya \u00e7ap\u0131nda etkili olmu\u015f, edebiyat kuram\u0131 ve felsefe alan\u0131nda b\u00fcy\u00fck tart\u0131\u015fmalar do\u011furmu\u015ftur.Laura<span class=\"excerpt-hellip\"> [\u2026]<\/span><\/p>\n","protected":false},"featured_media":0,"template":"","meta":{"_monsterinsights_skip_tracking":false,"_monsterinsights_sitenote_active":false,"_monsterinsights_sitenote_note":"","_monsterinsights_sitenote_category":0},"product_brand":[],"product_cat":[13072,12291],"product_tag":[],"class_list":{"0":"post-783374","1":"product","2":"type-product","3":"status-publish","5":"product_cat-arastirma-inceleme-referans","6":"product_cat-edebiyat","7":"pa_cilt-ciltsiz","8":"pa_tur-kitap","9":"pa_yayinevi-ketebe-yayinlari","10":"pa_yazar-laura-seymour","12":"first","13":"instock","14":"sale","15":"shipping-taxable","16":"purchasable","17":"product-type-simple"},"_links":{"self":[{"href":"https:\/\/roveyayinevi.com.tr\/index.php\/wp-json\/wp\/v2\/product\/783374","targetHints":{"allow":["GET"]}}],"collection":[{"href":"https:\/\/roveyayinevi.com.tr\/index.php\/wp-json\/wp\/v2\/product"}],"about":[{"href":"https:\/\/roveyayinevi.com.tr\/index.php\/wp-json\/wp\/v2\/types\/product"}],"wp:attachment":[{"href":"https:\/\/roveyayinevi.com.tr\/index.php\/wp-json\/wp\/v2\/media?parent=783374"}],"wp:term":[{"taxonomy":"product_brand","embeddable":true,"href":"https:\/\/roveyayinevi.com.tr\/index.php\/wp-json\/wp\/v2\/product_brand?post=783374"},{"taxonomy":"product_cat","embeddable":true,"href":"https:\/\/roveyayinevi.com.tr\/index.php\/wp-json\/wp\/v2\/product_cat?post=783374"},{"taxonomy":"product_tag","embeddable":true,"href":"https:\/\/roveyayinevi.com.tr\/index.php\/wp-json\/wp\/v2\/product_tag?post=783374"}],"curies":[{"name":"wp","href":"https:\/\/api.w.org\/{rel}","templated":true}]}}