{"id":783364,"date":"2026-02-26T02:37:54","date_gmt":"2026-02-25T23:37:54","guid":{"rendered":"https:\/\/roveyayinevi.com.tr\/index.php\/urun\/kurtulus-yolculugu\/"},"modified":"2026-02-27T02:30:49","modified_gmt":"2026-02-26T23:30:49","slug":"kurtulus-yolculugu","status":"publish","type":"product","link":"https:\/\/roveyayinevi.com.tr\/index.php\/urun\/kurtulus-yolculugu\/","title":{"rendered":"Kurtulu\u015f Yolculu\u011fu"},"content":{"rendered":"<p>Gazi Mustafa Kemal Atat\u00fcrk\u2019\u00fcn &#8221;G\u00f6z\u00fcm Sakarya&#8217;da, Dumlup\u0131nar&#8217;da kula\u011f\u0131m \u0130nebolu&#8217;da &#8230;&#8221; dedi\u011fi, \u0130nebolu\u2019dan \u00f6nce Ankara\u2019ya oradan da cepheye uzanan, \u00e7o\u011funlukla ka\u011fn\u0131 alaylar\u0131yla ge\u00e7ilen yol \u201c\u0130stiklal Yolu\u201d olarak an\u0131l\u0131r ve her ad\u0131m\u0131nda ad\u0131 az bilinen ya da \u00e7oktan unutulmu\u015f insanlar\u0131m\u0131z\u0131n al\u0131n teri vard\u0131r. Bu yol kurtulu\u015fa uzanan ana ikmal yoludur.   Bu kitab\u0131n yaz\u0131lmas\u0131na neden olan, bir hafta sonu okul \u00e7\u0131k\u0131\u015f\u0131nda bayrak t\u00f6reninden ka\u00e7an ve yan\u0131ndaki arkada\u015f\u0131na bu y\u0131la kadar ka\u00e7 kez \u0130stiklal Mar\u015f\u0131 ve sayg\u0131 duru\u015funda \u201cSap gibi\u201d bekledi\u011fini anlatan, bir delikanl\u0131 idi. O g\u00fcn, soka\u011f\u0131n ortas\u0131nda, okul bah\u00e7esinde s\u00f6ylenen \u0130stiklal Mar\u015f\u0131&#8217;na e\u015flik ederken \u201cAh yavrum, ke\u015fke bilseydin, ke\u015fke tarihimiz sana kuru kuru olaylarla de\u011fil, insan hikayeleri ile anlat\u0131lsayd\u0131\u201d demi\u015ftim. Anlatan yoksa ben anlat\u0131r\u0131m diyerek ba\u015flad\u0131m yazmaya.   Dilerim anla\u015f\u0131ls\u0131n, dilerim \u00e7ocuklar\u0131m\u0131z \u0130stiklal Mar\u015f\u0131&#8217;n\u0131n neden \u201cKorkma!\u201d diye ba\u015flad\u0131\u011f\u0131n\u0131 anlas\u0131n.   <\/p>\n","protected":false},"excerpt":{"rendered":"<p>Gazi Mustafa Kemal Atat\u00fcrk\u2019\u00fcn &#8221;G\u00f6z\u00fcm Sakarya&#8217;da, Dumlup\u0131nar&#8217;da kula\u011f\u0131m \u0130nebolu&#8217;da &#8230;&#8221; dedi\u011fi, \u0130nebolu\u2019dan \u00f6nce Ankara\u2019ya oradan da cepheye uzanan, \u00e7o\u011funlukla ka\u011fn\u0131 alaylar\u0131yla ge\u00e7ilen yol \u201c\u0130stiklal Yolu\u201d olarak<span class=\"excerpt-hellip\"> [\u2026]<\/span><\/p>\n","protected":false},"featured_media":0,"template":"","meta":{"_monsterinsights_skip_tracking":false,"_monsterinsights_sitenote_active":false,"_monsterinsights_sitenote_note":"","_monsterinsights_sitenote_category":0},"product_brand":[],"product_cat":[12777,12291],"product_tag":[],"class_list":{"0":"post-783364","1":"product","2":"type-product","3":"status-publish","5":"product_cat-deneme","6":"product_cat-edebiyat","7":"pa_cilt-ciltsiz","8":"pa_tur-kitap","9":"pa_yayinevi-atayurt-yayinlari","10":"pa_yazar-feride-cigdem-sonmez","12":"first","13":"instock","14":"sale","15":"shipping-taxable","16":"purchasable","17":"product-type-simple"},"_links":{"self":[{"href":"https:\/\/roveyayinevi.com.tr\/index.php\/wp-json\/wp\/v2\/product\/783364","targetHints":{"allow":["GET"]}}],"collection":[{"href":"https:\/\/roveyayinevi.com.tr\/index.php\/wp-json\/wp\/v2\/product"}],"about":[{"href":"https:\/\/roveyayinevi.com.tr\/index.php\/wp-json\/wp\/v2\/types\/product"}],"wp:attachment":[{"href":"https:\/\/roveyayinevi.com.tr\/index.php\/wp-json\/wp\/v2\/media?parent=783364"}],"wp:term":[{"taxonomy":"product_brand","embeddable":true,"href":"https:\/\/roveyayinevi.com.tr\/index.php\/wp-json\/wp\/v2\/product_brand?post=783364"},{"taxonomy":"product_cat","embeddable":true,"href":"https:\/\/roveyayinevi.com.tr\/index.php\/wp-json\/wp\/v2\/product_cat?post=783364"},{"taxonomy":"product_tag","embeddable":true,"href":"https:\/\/roveyayinevi.com.tr\/index.php\/wp-json\/wp\/v2\/product_tag?post=783364"}],"curies":[{"name":"wp","href":"https:\/\/api.w.org\/{rel}","templated":true}]}}