{"id":783347,"date":"2026-02-26T02:29:53","date_gmt":"2026-02-25T23:29:53","guid":{"rendered":"https:\/\/roveyayinevi.com.tr\/index.php\/urun\/geometri-7\/"},"modified":"2026-02-27T02:23:33","modified_gmt":"2026-02-26T23:23:33","slug":"geometri-7","status":"publish","type":"product","link":"https:\/\/roveyayinevi.com.tr\/index.php\/urun\/geometri-7\/","title":{"rendered":"Geometri"},"content":{"rendered":"<p>&#8220;Bu kitab\u0131 Atat\u00fcrk, \u00f6l\u00fcm\u00fcnden bir bu\u00e7uk y\u0131l kadar \u00f6nce, III. T\u00fcrk Dil Kurultay\u0131&#8217;ndan hemen sonra 1936-1937 y\u0131l\u0131 k\u0131\u015f aylar\u0131nda Dolmabah\u00e7e Saray\u0131&#8217;nda kendi eliyle yazm\u0131\u015ft\u0131r. Askerlik \u00e7\u0131\u011f\u0131r\u0131ndan gelen Atat\u00fcrk&#8217;\u00fc, siyaset olaylar\u0131 b\u00fcy\u00fck bir devlet adam\u0131 yapm\u0131\u015f oldu\u011fu gibi, yurdun k\u00fclt\u00fcr sorunlar\u0131 da O&#8217;nu b\u00fcy\u00fck bir e\u011fitimci durumuna getirmi\u015ftir. Atat\u00fcrk&#8217;\u00fcn bu yap\u0131t\u0131, Geometri \u00f6\u011fretenler ile bu konuda kitap yazacaklara k\u0131lavuz olarak ne\u015fredilmi\u015ftir.Atat\u00fcrk, III. T\u00fcrk Dil Kurultay\u0131&#8217;nda bir &#8216;dil felsefesi kuram\u0131&#8217; olarak G\u00fcne\u015f-Dil Teorisi&#8217;ni ortaya koydu. Kimi \u00e7evreler bunu, T\u00fcrk\u00e7eyi ar\u0131tma \u00e7\u0131\u011f\u0131r\u0131ndan Osmanl\u0131cac\u0131l\u0131\u011fa geri d\u00f6n\u00fc\u015f i\u00e7in Atat\u00fcrk&#8217;\u00fcn yapt\u0131\u011f\u0131 bir &#8216;manevra&#8217; sand\u0131lar. Bu kitap bu san\u0131n\u0131n yanl\u0131\u015f oldu\u011funu kesin olarak ortaya \u00e7\u0131karmaktad\u0131r\u2026 Atat\u00fcrk i\u00e7ten, \u00f6zden, y\u00fcre\u011fi a\u00e7\u0131k bir Ata idi; k\u0131l\u0131c\u0131yla ulusunu kurtaran, kalemiyle de onu y\u00fckselten.&#8221;-A. D\u0130LA\u00c7AR-<\/p>\n","protected":false},"excerpt":{"rendered":"<p>&#8220;Bu kitab\u0131 Atat\u00fcrk, \u00f6l\u00fcm\u00fcnden bir bu\u00e7uk y\u0131l kadar \u00f6nce, III. T\u00fcrk Dil Kurultay\u0131&#8217;ndan hemen sonra 1936-1937 y\u0131l\u0131 k\u0131\u015f aylar\u0131nda Dolmabah\u00e7e Saray\u0131&#8217;nda kendi eliyle yazm\u0131\u015ft\u0131r. Askerlik \u00e7\u0131\u011f\u0131r\u0131ndan<span class=\"excerpt-hellip\"> [\u2026]<\/span><\/p>\n","protected":false},"featured_media":0,"template":"","meta":{"_monsterinsights_skip_tracking":false,"_monsterinsights_sitenote_active":false,"_monsterinsights_sitenote_note":"","_monsterinsights_sitenote_category":0},"product_brand":[],"product_cat":[12530,12304],"product_tag":[],"class_list":{"0":"post-783347","1":"product","2":"type-product","3":"status-publish","5":"product_cat-mustafa-kemal-ataturk","6":"product_cat-tarih","7":"pa_cilt-ciltsiz","8":"pa_tur-kitap","9":"pa_yayinevi-librum-kitap","10":"pa_yazar-mustafa-kemal-ataturk","12":"first","13":"instock","14":"sale","15":"shipping-taxable","16":"purchasable","17":"product-type-simple"},"_links":{"self":[{"href":"https:\/\/roveyayinevi.com.tr\/index.php\/wp-json\/wp\/v2\/product\/783347","targetHints":{"allow":["GET"]}}],"collection":[{"href":"https:\/\/roveyayinevi.com.tr\/index.php\/wp-json\/wp\/v2\/product"}],"about":[{"href":"https:\/\/roveyayinevi.com.tr\/index.php\/wp-json\/wp\/v2\/types\/product"}],"wp:attachment":[{"href":"https:\/\/roveyayinevi.com.tr\/index.php\/wp-json\/wp\/v2\/media?parent=783347"}],"wp:term":[{"taxonomy":"product_brand","embeddable":true,"href":"https:\/\/roveyayinevi.com.tr\/index.php\/wp-json\/wp\/v2\/product_brand?post=783347"},{"taxonomy":"product_cat","embeddable":true,"href":"https:\/\/roveyayinevi.com.tr\/index.php\/wp-json\/wp\/v2\/product_cat?post=783347"},{"taxonomy":"product_tag","embeddable":true,"href":"https:\/\/roveyayinevi.com.tr\/index.php\/wp-json\/wp\/v2\/product_tag?post=783347"}],"curies":[{"name":"wp","href":"https:\/\/api.w.org\/{rel}","templated":true}]}}

<p>&#8220;Bu kitabı Atatürk, ölümünden bir buçuk yıl kadar önce, III. Türk Dil Kurultayı&#8217;ndan hemen sonra 1936-1937 yılı kış aylarında Dolmabahçe Sarayı&#8217;nda kendi eliyle yazmıştır. Askerlik çığırından gelen Atatürk&#8217;ü, siyaset olayları büyük bir devlet adamı yapmış olduğu gibi, yurdun kültür sorunları da O&#8217;nu büyük bir eğitimci durumuna getirmiştir. Atatürk&#8217;ün bu yapıtı, Geometri öğretenler ile bu konuda kitap yazacaklara kılavuz olarak neşredilmiştir.Atatürk, III. Türk Dil Kurultayı&#8217;nda bir &#8216;dil felsefesi kuramı&#8217; olarak Güneş-Dil Teorisi&#8217;ni ortaya koydu. Kimi çevreler bunu, Türkçeyi arıtma çığırından Osmanlıcacılığa geri dönüş için Atatürk&#8217;ün yaptığı bir &#8216;manevra&#8217; sandılar. Bu kitap bu sanının yanlış olduğunu kesin olarak ortaya çıkarmaktadır… Atatürk içten, özden, yüreği açık bir Ata idi; kılıcıyla ulusunu kurtaran, kalemiyle de onu yükselten.&#8221;-A. DİLAÇAR-</p>

<p>&#8220;Bu kitabı Atatürk, ölümünden bir buçuk yıl kadar önce, III. Türk Dil Kurultayı&#8217;ndan hemen sonra 1936-1937 yılı kış aylarında Dolmabahçe Sarayı&#8217;nda kendi eliyle yazmıştır. Askerlik çığırından<span class="excerpt-hellip"> […]</span></p>
