{"id":783339,"date":"2026-02-26T02:26:08","date_gmt":"2026-02-25T23:26:08","guid":{"rendered":"https:\/\/roveyayinevi.com.tr\/index.php\/urun\/ataturk-gencliginin-ogrenci-andi\/"},"modified":"2026-02-27T02:20:10","modified_gmt":"2026-02-26T23:20:10","slug":"ataturk-gencliginin-ogrenci-andi","status":"publish","type":"product","link":"https:\/\/roveyayinevi.com.tr\/index.php\/urun\/ataturk-gencliginin-ogrenci-andi\/","title":{"rendered":"Atat\u00fcrk Gen\u00e7li\u011finin \u00d6\u011frenci And\u0131"},"content":{"rendered":"<p>And yemin etmektir, yani bir \u015feyi i\u00e7tenlikle, kuvvetle istemektir. Herhangi bir i\u015fi yap\u0131p yapmamakta kararl\u0131 olmakt\u0131r. T\u00fcrklerde \u201cand\u201d i\u00e7mek \u00e7ok \u00f6nemlidir. T\u00fcrkler, tarihin en eski d\u00f6nemlerinden beri, belli kutsallar\u0131 olan bir millettir. Mill\u00ee ve manevi de\u011ferlerinin \u00fczerine s\u00f6z s\u00f6ylenmeyecek kutsallar\u0131 vard\u0131r. T\u00fcrkler, tarih boyunca hep inan\u00e7l\u0131 ve kararl\u0131 olagelmi\u015flerdir. \u0130\u015fte bu nedenle \u201cand i\u00e7me\u201d, yani yemin etme gelene\u011fi, b\u00f6yle bir ihtiya\u00e7tan do\u011fmu\u015ftur. \u00dczerinde \u201cand\u201d i\u00e7ilen s\u00f6z veya davran\u0131\u015fa, T\u00fcrk t\u00f6resi tan\u0131k k\u0131l\u0131nm\u0131\u015ft\u0131r. B\u00f6ylece, geri d\u00f6n\u00fclmez ya\u015fant\u0131lar ortaya \u00e7\u0131km\u0131\u015ft\u0131r. \u015eimdi art\u0131k \u2018And\u0131m\u0131z\u2019\u0131 bir kez daha hat\u0131rlaman\u0131n tam s\u0131ras\u0131&#8230; Bir i\u011fde a\u011fac\u0131n\u0131n kesilmesine duygulan\u0131p \u00fcz\u00fclen, at\u0131n\u0131n \u00f6l\u00fcm\u00fcne katlanamay\u0131p a\u011flayan, dost meclislerinde t\u00fcrk\u00fcler s\u00f6yleyip co\u015ftu\u011funda kalkarak zeybek oynayan&#8230; \u00c7ocuklar\u0131 olmad\u0131\u011f\u0131 h\u00e2lde onlarca manevi \u00e7ocuk edinen, en \u00e7ok da en sevdi\u011fi insanlara, sevgisini \u201c\u00e7ocuk\u201d diyerek ifade eden&#8230; Cumhuriyet\u2019imizin biricik mimar\u0131 Atam\u0131z\u0131, en kalb\u00ee sevgi ve sayg\u0131yla an\u0131yor, bu kitab\u0131 d\u00fcnyan\u0131n b\u00fct\u00fcn \u00e7ocuklar\u0131na arma\u011fan ediyoruz\u2026 <\/p>\n","protected":false},"excerpt":{"rendered":"<p>And yemin etmektir, yani bir \u015feyi i\u00e7tenlikle, kuvvetle istemektir. Herhangi bir i\u015fi yap\u0131p yapmamakta kararl\u0131 olmakt\u0131r. T\u00fcrklerde \u201cand\u201d i\u00e7mek \u00e7ok \u00f6nemlidir. T\u00fcrkler, tarihin en eski d\u00f6nemlerinden<span class=\"excerpt-hellip\"> [\u2026]<\/span><\/p>\n","protected":false},"featured_media":0,"template":"","meta":{"_monsterinsights_skip_tracking":false,"_monsterinsights_sitenote_active":false,"_monsterinsights_sitenote_note":"","_monsterinsights_sitenote_category":0},"product_brand":[],"product_cat":[13590,12337],"product_tag":[],"class_list":{"0":"post-783339","1":"product","2":"type-product","3":"status-publish","5":"product_cat-arastirma-inceleme-politika-siyaset","6":"product_cat-politika-siyaset","7":"pa_cilt-ciltsiz","8":"pa_tur-kitap","9":"pa_yayinevi-az-kitap-yayinlari","10":"pa_yazar-ekmel-ali-okur-yuksel-mert","12":"first","13":"instock","14":"sale","15":"shipping-taxable","16":"purchasable","17":"product-type-simple"},"_links":{"self":[{"href":"https:\/\/roveyayinevi.com.tr\/index.php\/wp-json\/wp\/v2\/product\/783339","targetHints":{"allow":["GET"]}}],"collection":[{"href":"https:\/\/roveyayinevi.com.tr\/index.php\/wp-json\/wp\/v2\/product"}],"about":[{"href":"https:\/\/roveyayinevi.com.tr\/index.php\/wp-json\/wp\/v2\/types\/product"}],"wp:attachment":[{"href":"https:\/\/roveyayinevi.com.tr\/index.php\/wp-json\/wp\/v2\/media?parent=783339"}],"wp:term":[{"taxonomy":"product_brand","embeddable":true,"href":"https:\/\/roveyayinevi.com.tr\/index.php\/wp-json\/wp\/v2\/product_brand?post=783339"},{"taxonomy":"product_cat","embeddable":true,"href":"https:\/\/roveyayinevi.com.tr\/index.php\/wp-json\/wp\/v2\/product_cat?post=783339"},{"taxonomy":"product_tag","embeddable":true,"href":"https:\/\/roveyayinevi.com.tr\/index.php\/wp-json\/wp\/v2\/product_tag?post=783339"}],"curies":[{"name":"wp","href":"https:\/\/api.w.org\/{rel}","templated":true}]}}