{"id":783314,"date":"2026-02-26T02:09:14","date_gmt":"2026-02-25T23:09:14","guid":{"rendered":"https:\/\/roveyayinevi.com.tr\/index.php\/urun\/esprileri-ile-icimizden-biri-ataturk\/"},"modified":"2026-04-16T02:07:21","modified_gmt":"2026-04-15T23:07:21","slug":"esprileri-ile-icimizden-biri-ataturk","status":"publish","type":"product","link":"https:\/\/roveyayinevi.com.tr\/index.php\/urun\/esprileri-ile-icimizden-biri-ataturk\/","title":{"rendered":"Esprileri ile \u0130\u00e7imizden Biri Atat\u00fcrk"},"content":{"rendered":"<p>Bence bug\u00fcnler; Atat\u00fcrk&#8217;\u00fcn \u00f6l\u00fcm\u00fcn\u00fc de\u011fil, \u00f6l\u00fcms\u00fczl\u00fc\u011f\u00fcn\u00fcn nedenlerini tart\u0131\u015ft\u0131\u011f\u0131m\u0131z g\u00fcnler olmal\u0131d\u0131r. Bence bug\u00fcnler; T\u00fcrkiye&#8217;nin kurtulu\u015funu ba\u015fka \u00fclkelerin ba\u015fka lider ve sistemlerinde arama gafletinde olanlara hat\u0131rlatma g\u00fcnleri olmal\u0131d\u0131r. Bence bug\u00fcnler; Atat\u00fcrk&#8217;\u00fcn sar\u0131 sa\u00e7l\u0131, mavi g\u00f6zl\u00fc bir devdi \u015feklinde ezberletilen \u015fekilcili\u011fi b\u0131rak\u0131p, O&#8217;nun ilkelerini, devrimlerini a\u00e7\u0131klayarak, anlayarak, benimseyerek sevdirece\u011fimiz ve uygulataca\u011f\u0131m\u0131z bir hale nas\u0131l getirebilece\u011fimizi d\u00fc\u015f\u00fcnme g\u00fcnleri olmal\u0131d\u0131r. Ve bug\u00fcnler; Atat\u00fcrk&#8217;e ka\u00e7 \u00e7i\u00e7ek ekti\u011fimizin veya ka\u00e7 a\u011fa\u00e7 kesti\u011fimizin, ka\u00e7 kitap okudu\u011fumuzun veya ka\u00e7 yolsuzluk yapt\u0131\u011f\u0131m\u0131z\u0131n, ka\u00e7 fabrika a\u00e7t\u0131\u011f\u0131m\u0131z\u0131n veya ka\u00e7 fabrika kapatt\u0131\u011f\u0131m\u0131z\u0131n hesab\u0131n\u0131 verdi\u011fimiz g\u00fcnler olmal\u0131d\u0131r.&#8221;<\/p>\n","protected":false},"excerpt":{"rendered":"<p>Bence bug\u00fcnler; Atat\u00fcrk&#8217;\u00fcn \u00f6l\u00fcm\u00fcn\u00fc de\u011fil, \u00f6l\u00fcms\u00fczl\u00fc\u011f\u00fcn\u00fcn nedenlerini tart\u0131\u015ft\u0131\u011f\u0131m\u0131z g\u00fcnler olmal\u0131d\u0131r. Bence bug\u00fcnler; T\u00fcrkiye&#8217;nin kurtulu\u015funu ba\u015fka \u00fclkelerin ba\u015fka lider ve sistemlerinde arama gafletinde olanlara hat\u0131rlatma g\u00fcnleri olmal\u0131d\u0131r.<span class=\"excerpt-hellip\"> [\u2026]<\/span><\/p>\n","protected":false},"featured_media":0,"template":"","meta":{"_monsterinsights_skip_tracking":false,"_monsterinsights_sitenote_active":false,"_monsterinsights_sitenote_note":"","_monsterinsights_sitenote_category":0},"product_brand":[],"product_cat":[12530,12304],"product_tag":[],"class_list":{"0":"post-783314","1":"product","2":"type-product","3":"status-publish","5":"product_cat-mustafa-kemal-ataturk","6":"product_cat-tarih","7":"pa_cilt-ciltsiz","8":"pa_tur-kitap","9":"pa_yayinevi-epsilon-ozel-urun","10":"pa_yazar-ilknur-gunturkun-kalipci","12":"first","13":"instock","14":"sale","15":"shipping-taxable","16":"purchasable","17":"product-type-simple"},"_links":{"self":[{"href":"https:\/\/roveyayinevi.com.tr\/index.php\/wp-json\/wp\/v2\/product\/783314","targetHints":{"allow":["GET"]}}],"collection":[{"href":"https:\/\/roveyayinevi.com.tr\/index.php\/wp-json\/wp\/v2\/product"}],"about":[{"href":"https:\/\/roveyayinevi.com.tr\/index.php\/wp-json\/wp\/v2\/types\/product"}],"wp:attachment":[{"href":"https:\/\/roveyayinevi.com.tr\/index.php\/wp-json\/wp\/v2\/media?parent=783314"}],"wp:term":[{"taxonomy":"product_brand","embeddable":true,"href":"https:\/\/roveyayinevi.com.tr\/index.php\/wp-json\/wp\/v2\/product_brand?post=783314"},{"taxonomy":"product_cat","embeddable":true,"href":"https:\/\/roveyayinevi.com.tr\/index.php\/wp-json\/wp\/v2\/product_cat?post=783314"},{"taxonomy":"product_tag","embeddable":true,"href":"https:\/\/roveyayinevi.com.tr\/index.php\/wp-json\/wp\/v2\/product_tag?post=783314"}],"curies":[{"name":"wp","href":"https:\/\/api.w.org\/{rel}","templated":true}]}}

Esprileri ile İçimizden Biri Atatürk

<p>Bence bugünler; Atatürk&#8217;ün ölümünü değil, ölümsüzlüğünün nedenlerini tartıştığımız günler olmalıdır. Bence bugünler; Türkiye&#8217;nin kurtuluşunu başka ülkelerin başka lider ve sistemlerinde arama gafletinde olanlara hatırlatma günleri olmalıdır. Bence bugünler; Atatürk&#8217;ün sarı saçlı, mavi gözlü bir devdi şeklinde ezberletilen şekilciliği bırakıp, O&#8217;nun ilkelerini, devrimlerini açıklayarak, anlayarak, benimseyerek sevdireceğimiz ve uygulatacağımız bir hale nasıl getirebileceğimizi düşünme günleri olmalıdır. Ve bugünler; Atatürk&#8217;e kaç çiçek ektiğimizin veya kaç ağaç kestiğimizin, kaç kitap okuduğumuzun veya kaç yolsuzluk yaptığımızın, kaç fabrika açtığımızın veya kaç fabrika kapattığımızın hesabını verdiğimiz günler olmalıdır.&#8221;</p>

<p>Bence bugünler; Atatürk&#8217;ün ölümünü değil, ölümsüzlüğünün nedenlerini tartıştığımız günler olmalıdır. Bence bugünler; Türkiye&#8217;nin kurtuluşunu başka ülkelerin başka lider ve sistemlerinde arama gafletinde olanlara hatırlatma günleri olmalıdır.<span class="excerpt-hellip"> […]</span></p>
