{"id":783310,"date":"2026-02-26T02:06:56","date_gmt":"2026-02-25T23:06:56","guid":{"rendered":"https:\/\/roveyayinevi.com.tr\/index.php\/urun\/ataturkun-ihtilal-hukuku\/"},"modified":"2026-02-27T02:06:28","modified_gmt":"2026-02-26T23:06:28","slug":"ataturkun-ihtilal-hukuku","status":"publish","type":"product","link":"https:\/\/roveyayinevi.com.tr\/index.php\/urun\/ataturkun-ihtilal-hukuku\/","title":{"rendered":"Atat\u00fcrk\u2019\u00fcn \u0130htilal Hukuku"},"content":{"rendered":"<p>Taha Akyol\u2019dan, Atat\u00fcrk ihtilalinin TBMM\u2019yi, hukuku ve yarg\u0131y\u0131 nas\u0131l \u015fekillendirdi\u011fine dair titiz ve kapsaml\u0131 bir \u00e7al\u0131\u015fma&#8230; \u0130nk\u0131lab\u0131n kanunu mevcut kanunlar\u0131n \u00fcst\u00fcndedir. -Gazi Mustafa Kemal- Ocak 1923 Her cumhuriyet h\u00e2kimiyet-i milliye de\u011fildir&#8230; -Rauf Orbay- Kas\u0131m 1923 Memleket demokrasiye lay\u0131kt\u0131r, millet bilin\u00e7lidir&#8230; -K\u00e2z\u0131m Karabekir- Haziran 1925 \u0130htilal devrinden kanun devrine girdik&#8230; -\u0130smet \u0130n\u00f6n\u00fc- \u015eubat 1948 Milli M\u00fccadele, milletin b\u00fct\u00fcn kesimlerini temsil eden T\u00fcrkiye B\u00fcy\u00fck Millet Meclisi\u2019ne dayanarak zafere ula\u015ft\u0131. Zaferden sonra yeni devletin rejiminin nas\u0131l olaca\u011f\u0131 konusunda Milli M\u00fccadele kahramanlar\u0131n\u0131n yollar\u0131 ayr\u0131ld\u0131. Mustafa Kemal devrimci bir \u00e7a\u011fda\u015fla\u015fmay\u0131, muhalifler ise evrimci bir reformizmi savunuyordu. B\u00fcy\u00fck kavgalar ya\u015fand\u0131, \u0130stiklal Mahkemeleri harekete ge\u00e7irildi&#8230; Taha Akyol Atat\u00fcrk\u2019\u00fcn \u0130htilal Hukuku adl\u0131 bu titiz ve kapsaml\u0131 \u00e7al\u0131\u015fmas\u0131nda, Atat\u00fcrk ihtilalinin TBMM\u2019yi, hukuku ve yarg\u0131y\u0131 nas\u0131l \u015fekillendirdi\u011fini ayr\u0131nt\u0131lar\u0131yla inceliyor. <\/p>\n","protected":false},"excerpt":{"rendered":"<p>Taha Akyol\u2019dan, Atat\u00fcrk ihtilalinin TBMM\u2019yi, hukuku ve yarg\u0131y\u0131 nas\u0131l \u015fekillendirdi\u011fine dair titiz ve kapsaml\u0131 bir \u00e7al\u0131\u015fma&#8230; \u0130nk\u0131lab\u0131n kanunu mevcut kanunlar\u0131n \u00fcst\u00fcndedir. -Gazi Mustafa Kemal- Ocak 1923<span class=\"excerpt-hellip\"> [\u2026]<\/span><\/p>\n","protected":false},"featured_media":0,"template":"","meta":{"_monsterinsights_skip_tracking":false,"_monsterinsights_sitenote_active":false,"_monsterinsights_sitenote_note":"","_monsterinsights_sitenote_category":0},"product_brand":[],"product_cat":[12370,12304],"product_tag":[],"class_list":{"0":"post-783310","1":"product","2":"type-product","3":"status-publish","5":"product_cat-arastirma-inceleme","6":"product_cat-tarih","7":"pa_tur-kitap","8":"pa_yayinevi-dogan-kitap","9":"pa_yazar-taha-akyol","11":"first","12":"instock","13":"sale","14":"shipping-taxable","15":"purchasable","16":"product-type-simple"},"_links":{"self":[{"href":"https:\/\/roveyayinevi.com.tr\/index.php\/wp-json\/wp\/v2\/product\/783310","targetHints":{"allow":["GET"]}}],"collection":[{"href":"https:\/\/roveyayinevi.com.tr\/index.php\/wp-json\/wp\/v2\/product"}],"about":[{"href":"https:\/\/roveyayinevi.com.tr\/index.php\/wp-json\/wp\/v2\/types\/product"}],"wp:attachment":[{"href":"https:\/\/roveyayinevi.com.tr\/index.php\/wp-json\/wp\/v2\/media?parent=783310"}],"wp:term":[{"taxonomy":"product_brand","embeddable":true,"href":"https:\/\/roveyayinevi.com.tr\/index.php\/wp-json\/wp\/v2\/product_brand?post=783310"},{"taxonomy":"product_cat","embeddable":true,"href":"https:\/\/roveyayinevi.com.tr\/index.php\/wp-json\/wp\/v2\/product_cat?post=783310"},{"taxonomy":"product_tag","embeddable":true,"href":"https:\/\/roveyayinevi.com.tr\/index.php\/wp-json\/wp\/v2\/product_tag?post=783310"}],"curies":[{"name":"wp","href":"https:\/\/api.w.org\/{rel}","templated":true}]}}