{"id":783294,"date":"2026-02-26T02:00:53","date_gmt":"2026-02-25T23:00:53","guid":{"rendered":"https:\/\/roveyayinevi.com.tr\/index.php\/urun\/ataturkle-beraber\/"},"modified":"2026-02-27T02:00:49","modified_gmt":"2026-02-26T23:00:49","slug":"ataturkle-beraber","status":"publish","type":"product","link":"https:\/\/roveyayinevi.com.tr\/index.php\/urun\/ataturkle-beraber\/","title":{"rendered":"Atat\u00fcrk\u2019le Beraber"},"content":{"rendered":"<p>Milli M\u00fccadele\u2019nin h\u0131z kazand\u0131\u011f\u0131 d\u00f6nemde, Meclis\u2019te ve sava\u015f meydanlar\u0131nda ya\u015fananlar\u0131 aktarmakla g\u00f6revli bir gazetecinin kaleminden Atat\u00fcrk ve o d\u00f6nemler. \u0130smail Habib Sev\u00fck, Kurtulu\u015f Sava\u015f\u0131 \u2018ndan Cumhuriyet\u2019e ve devrimlere uzanan co\u015fkulu de\u011fi\u015fim d\u00f6nemini, tarihe not olarak d\u00fc\u015f\u00fcyor: Konya ve Adana gezilerinden Kastamonu\u2019daki \u015eapka Devrimi\u2019ne, saltanat\u0131n kald\u0131r\u0131l\u0131\u015f\u0131ndan \u0130kinci Meclis se\u00e7imlerine dek pek \u00e7ok tarihi olay&#8230; \u0130smail Habib Sev\u00fck\u2019\u00fcn Atat\u00fcrk\u2019\u00fcn \u00f6l\u00fcm\u00fc \u00fczerine kaleme ald\u0131\u011f\u0131 an\u0131lar\u0131, bir edebiyat\u00e7\u0131 ve gazeteci g\u00f6z\u00fcyle 1921-38 d\u00f6neminin panoramas\u0131n\u0131 \u00e7iziyor. \u0130lk bask\u0131s\u0131 Atat\u00fcrk \u0130\u00e7in ad\u0131yla yap\u0131lan bu kitab\u0131n dili gen\u00e7 ku\u015faklar i\u00e7in g\u00fcncelle\u015ftirildi, metni foto\u011fraflar ve a\u00e7\u0131klay\u0131c\u0131 dipnotlarla zenginle\u015ftirildi. \u0130smail Habib Sev\u00fck (1892-1954) Edremit&#8217;te do\u011fdu, Bursa Lisesi&#8217;ni ve \u0130stanbul Hukuk Fak\u00fcltesi&#8217;ni bitirdi. Lisede ba\u015flayan edebiyat sevgisi ile Frans\u0131zca ve Fars\u00e7a bilgisi sayesinde edebiyat \u00f6\u011fretmeni olarak hayata at\u0131ld\u0131. Anadolu&#8217;da \u00f6\u011fretmenlik yapt\u0131\u011f\u0131 y\u0131llarda ba\u015flayan Milli M\u00fccadele&#8217;yi destekledi; \u00f6nce Bal\u0131kesir&#8217;de \u0130zmir&#8217;e Do\u011fru, ard\u0131ndan Kastamonu&#8217;da A\u00e7\u0131k S\u00f6z gazetelerinde ba\u015fyaz\u0131lar yazd\u0131. 1921&#8217;de Ankara&#8217;ya tayini \u00e7\u0131kt\u0131\u011f\u0131nda kendini Milli M\u00fccadele&#8217;nin ortas\u0131nda buldu. Yaz\u0131lar\u0131n\u0131 Yeni G\u00fcn ve H\u00e2kimiyet-i Milliye&#8217;de s\u00fcrd\u00fcrd\u00fc. Gazi Mustafa Kemal&#8217;le tan\u0131\u015ft\u0131 ve onunla birlikte pek \u00e7ok yurt gezisine kat\u0131ld\u0131, pek \u00e7ok tarihi olaya tan\u0131k oldu. \u00e7e\u015fitli kentlerde e\u011fitimcili\u011fini s\u00fcrd\u00fcrd\u00fc. \u0130lk bask\u0131s\u0131 1925&#8217;te yap\u0131lan T\u00fcrk Tecedd\u00fct Edebiyat\u0131 Tarihi&#8217;ni iki kez elden ge\u00e7irdi: 1931-32&#8217;de Edebi Yenili\u011fimiz, 1940&#8217;ta da Yeni Edebi Yenili\u011fimiz ad\u0131yla yay\u0131mlad\u0131. Ba\u015fl\u0131ca eserleri aras\u0131nda Tanzimat&#8217;tan Beri, Avrupa Edebiyat\u0131 ve Biz, O Zamanlar, Tuna&#8217;dan Bat\u0131&#8217;ya ve Dil Davas\u0131 yer al\u0131r. \ufffcTan\u0131t\u0131m Metni<\/p>\n","protected":false},"excerpt":{"rendered":"<p>Milli M\u00fccadele\u2019nin h\u0131z kazand\u0131\u011f\u0131 d\u00f6nemde, Meclis\u2019te ve sava\u015f meydanlar\u0131nda ya\u015fananlar\u0131 aktarmakla g\u00f6revli bir gazetecinin kaleminden Atat\u00fcrk ve o d\u00f6nemler. \u0130smail Habib Sev\u00fck, Kurtulu\u015f Sava\u015f\u0131 \u2018ndan Cumhuriyet\u2019e<span class=\"excerpt-hellip\"> [\u2026]<\/span><\/p>\n","protected":false},"featured_media":0,"template":"","meta":{"_monsterinsights_skip_tracking":false,"_monsterinsights_sitenote_active":false,"_monsterinsights_sitenote_note":"","_monsterinsights_sitenote_category":0},"product_brand":[],"product_cat":[12530,12304],"product_tag":[],"class_list":{"0":"post-783294","1":"product","2":"type-product","3":"status-publish","5":"product_cat-mustafa-kemal-ataturk","6":"product_cat-tarih","7":"pa_cilt-ciltsiz","8":"pa_tur-kitap","9":"pa_yayinevi-is-bankasi-kultur-yayinlari","10":"pa_yazar-ismail-habib-sevuk","12":"first","13":"instock","14":"sale","15":"shipping-taxable","16":"purchasable","17":"product-type-simple"},"_links":{"self":[{"href":"https:\/\/roveyayinevi.com.tr\/index.php\/wp-json\/wp\/v2\/product\/783294","targetHints":{"allow":["GET"]}}],"collection":[{"href":"https:\/\/roveyayinevi.com.tr\/index.php\/wp-json\/wp\/v2\/product"}],"about":[{"href":"https:\/\/roveyayinevi.com.tr\/index.php\/wp-json\/wp\/v2\/types\/product"}],"wp:attachment":[{"href":"https:\/\/roveyayinevi.com.tr\/index.php\/wp-json\/wp\/v2\/media?parent=783294"}],"wp:term":[{"taxonomy":"product_brand","embeddable":true,"href":"https:\/\/roveyayinevi.com.tr\/index.php\/wp-json\/wp\/v2\/product_brand?post=783294"},{"taxonomy":"product_cat","embeddable":true,"href":"https:\/\/roveyayinevi.com.tr\/index.php\/wp-json\/wp\/v2\/product_cat?post=783294"},{"taxonomy":"product_tag","embeddable":true,"href":"https:\/\/roveyayinevi.com.tr\/index.php\/wp-json\/wp\/v2\/product_tag?post=783294"}],"curies":[{"name":"wp","href":"https:\/\/api.w.org\/{rel}","templated":true}]}}

Atatürk’le Beraber

<p>Milli Mücadele’nin hız kazandığı dönemde, Meclis’te ve savaş meydanlarında yaşananları aktarmakla görevli bir gazetecinin kaleminden Atatürk ve o dönemler. İsmail Habib Sevük, Kurtuluş Savaşı ‘ndan Cumhuriyet’e ve devrimlere uzanan coşkulu değişim dönemini, tarihe not olarak düşüyor: Konya ve Adana gezilerinden Kastamonu’daki Şapka Devrimi’ne, saltanatın kaldırılışından İkinci Meclis seçimlerine dek pek çok tarihi olay&#8230; İsmail Habib Sevük’ün Atatürk’ün ölümü üzerine kaleme aldığı anıları, bir edebiyatçı ve gazeteci gözüyle 1921-38 döneminin panoramasını çiziyor. İlk baskısı Atatürk İçin adıyla yapılan bu kitabın dili genç kuşaklar için güncelleştirildi, metni fotoğraflar ve açıklayıcı dipnotlarla zenginleştirildi. İsmail Habib Sevük (1892-1954) Edremit&#8217;te doğdu, Bursa Lisesi&#8217;ni ve İstanbul Hukuk Fakültesi&#8217;ni bitirdi. Lisede başlayan edebiyat sevgisi ile Fransızca ve Farsça bilgisi sayesinde edebiyat öğretmeni olarak hayata atıldı. Anadolu&#8217;da öğretmenlik yaptığı yıllarda başlayan Milli Mücadele&#8217;yi destekledi; önce Balıkesir&#8217;de İzmir&#8217;e Doğru, ardından Kastamonu&#8217;da Açık Söz gazetelerinde başyazılar yazdı. 1921&#8217;de Ankara&#8217;ya tayini çıktığında kendini Milli Mücadele&#8217;nin ortasında buldu. Yazılarını Yeni Gün ve Hâkimiyet-i Milliye&#8217;de sürdürdü. Gazi Mustafa Kemal&#8217;le tanıştı ve onunla birlikte pek çok yurt gezisine katıldı, pek çok tarihi olaya tanık oldu. çeşitli kentlerde eğitimciliğini sürdürdü. İlk baskısı 1925&#8217;te yapılan Türk Teceddüt Edebiyatı Tarihi&#8217;ni iki kez elden geçirdi: 1931-32&#8217;de Edebi Yeniliğimiz, 1940&#8217;ta da Yeni Edebi Yeniliğimiz adıyla yayımladı. Başlıca eserleri arasında Tanzimat&#8217;tan Beri, Avrupa Edebiyatı ve Biz, O Zamanlar, Tuna&#8217;dan Batı&#8217;ya ve Dil Davası yer alır. ￼Tanıtım Metni</p>

<p>Milli Mücadele’nin hız kazandığı dönemde, Meclis’te ve savaş meydanlarında yaşananları aktarmakla görevli bir gazetecinin kaleminden Atatürk ve o dönemler. İsmail Habib Sevük, Kurtuluş Savaşı ‘ndan Cumhuriyet’e<span class="excerpt-hellip"> […]</span></p>
