{"id":783284,"date":"2026-02-25T14:35:44","date_gmt":"2026-02-25T11:35:44","guid":{"rendered":"https:\/\/roveyayinevi.com.tr\/index.php\/urun\/findikkiran-ile-fareler-krali\/"},"modified":"2026-04-15T03:47:33","modified_gmt":"2026-04-15T00:47:33","slug":"findikkiran-ile-fareler-krali","status":"publish","type":"product","link":"https:\/\/roveyayinevi.com.tr\/index.php\/urun\/findikkiran-ile-fareler-krali\/","title":{"rendered":"F\u0131nd\u0131kk\u0131ran ile Fareler Kral\u0131"},"content":{"rendered":"<p>Bir Noel gecesi, \u00e7ocuklu\u011fun hayal g\u00fcc\u00fcyle karanl\u0131k masallar\u0131n s\u0131n\u0131r\u0131nda a\u00e7\u0131lan bir kap\u0131&#8230; Yedi ya\u015f\u0131ndaki Marie ve karde\u015fi Fritz\u2019in Noel gecesi ald\u0131\u011f\u0131 bir\u00e7ok hediye aras\u0131nda bir de F\u0131nd\u0131kk\u0131ran vard\u0131r. Fritz onu hor kullan\u0131p di\u015fini k\u0131r\u0131nca Marie zavall\u0131 oyunca\u011f\u0131 himayesine al\u0131r. Fakat onu bekleyen b\u00fcy\u00fcleyici maceradan hen\u00fcz haberi yoktur. Gece yar\u0131s\u0131 olunca kendini oyuncaklar\u0131n canland\u0131\u011f\u0131, iyiler ve k\u00f6t\u00fcler aras\u0131ndaki ezel\u00ee m\u00fccadelenin soluksuz s\u00fcrd\u00fc\u011f\u00fc sihirli bir d\u00fcnyada bulur. Bu d\u00fcnyan\u0131n varl\u0131\u011f\u0131na kimse inanmasa da Marie, Fareler Kral\u0131\u2019yla sava\u015fan F\u0131nd\u0131kk\u0131ran\u2019a yard\u0131m etmeye ve onu \u00fczerindeki korkun\u00e7 lanetten kurtarmaya kararl\u0131d\u0131r.F\u0131nd\u0131kk\u0131ran \u0130le Fareler Kral\u0131 okuru, E.T.A. Hoffmann\u2019\u0131n d\u00fc\u015fle ger\u00e7e\u011fi i\u00e7 i\u00e7e ge\u00e7iren tarz\u0131yla, oyuncaklar\u0131n canland\u0131\u011f\u0131, cesaretin s\u0131nand\u0131\u011f\u0131 ve masumiyetin d\u00f6n\u00fc\u015f\u00fcme u\u011frad\u0131\u011f\u0131 b\u00fcy\u00fcl\u00fc bir d\u00fcnyaya davet eder. K\u00fc\u00e7\u00fck Marie\u2019nin g\u00f6z\u00fcnden anlat\u0131lan bu masalda sevgi ve fedak\u00e2rl\u0131k, grotesk korkularla, fantastik \u00e7at\u0131\u015fmalarla yan yana y\u00fcr\u00fcr. Romantik d\u00f6nemin hayal g\u00fcc\u00fcn\u00fc, gotik atmosferle ve ince bir psikolojik derinlikle birle\u015ftiren Hoffmann, \u00e7ocuklara oldu\u011fu kadar yeti\u015fkinlere de seslenen zamans\u0131z bir klasik yarat\u0131r.1816\u2019da yay\u0131mlanan ve \u00f6nce Alexandre Dumas\u2019ya, Dumas\u2019n\u0131n uyarlamas\u0131 arac\u0131l\u0131\u011f\u0131yla da \u00c7aykovski\u2019ye ilham veren F\u0131nd\u0131kk\u0131ran yaln\u0131zca bir masal de\u011fil hayal g\u00fcc\u00fcn\u00fcn karanl\u0131kla y\u00fczle\u015ferek olgunla\u015ft\u0131\u011f\u0131 bir edebiyat deneyimidir.<\/p>\n","protected":false},"excerpt":{"rendered":"<p>Bir Noel gecesi, \u00e7ocuklu\u011fun hayal g\u00fcc\u00fcyle karanl\u0131k masallar\u0131n s\u0131n\u0131r\u0131nda a\u00e7\u0131lan bir kap\u0131&#8230; Yedi ya\u015f\u0131ndaki Marie ve karde\u015fi Fritz\u2019in Noel gecesi ald\u0131\u011f\u0131 bir\u00e7ok hediye aras\u0131nda bir de<span class=\"excerpt-hellip\"> [\u2026]<\/span><\/p>\n","protected":false},"featured_media":0,"template":"","meta":{"_monsterinsights_skip_tracking":false,"_monsterinsights_sitenote_active":false,"_monsterinsights_sitenote_note":"","_monsterinsights_sitenote_category":0},"product_brand":[],"product_cat":[12291,13706],"product_tag":[],"class_list":{"0":"post-783284","1":"product","2":"type-product","3":"status-publish","5":"product_cat-edebiyat","6":"product_cat-efsane-destan-masal","7":"pa_cilt-ciltsiz","8":"pa_tur-kitap","9":"pa_yayinevi-can-yayinlari","10":"pa_yazar-e-t-a-hoffmann","12":"first","13":"instock","14":"sale","15":"shipping-taxable","16":"purchasable","17":"product-type-simple"},"_links":{"self":[{"href":"https:\/\/roveyayinevi.com.tr\/index.php\/wp-json\/wp\/v2\/product\/783284","targetHints":{"allow":["GET"]}}],"collection":[{"href":"https:\/\/roveyayinevi.com.tr\/index.php\/wp-json\/wp\/v2\/product"}],"about":[{"href":"https:\/\/roveyayinevi.com.tr\/index.php\/wp-json\/wp\/v2\/types\/product"}],"wp:attachment":[{"href":"https:\/\/roveyayinevi.com.tr\/index.php\/wp-json\/wp\/v2\/media?parent=783284"}],"wp:term":[{"taxonomy":"product_brand","embeddable":true,"href":"https:\/\/roveyayinevi.com.tr\/index.php\/wp-json\/wp\/v2\/product_brand?post=783284"},{"taxonomy":"product_cat","embeddable":true,"href":"https:\/\/roveyayinevi.com.tr\/index.php\/wp-json\/wp\/v2\/product_cat?post=783284"},{"taxonomy":"product_tag","embeddable":true,"href":"https:\/\/roveyayinevi.com.tr\/index.php\/wp-json\/wp\/v2\/product_tag?post=783284"}],"curies":[{"name":"wp","href":"https:\/\/api.w.org\/{rel}","templated":true}]}}