{"id":783274,"date":"2026-02-25T03:44:35","date_gmt":"2026-02-25T00:44:35","guid":{"rendered":"https:\/\/roveyayinevi.com.tr\/index.php\/urun\/a-dictionary-of-love\/"},"modified":"2026-04-15T03:47:38","modified_gmt":"2026-04-15T00:47:38","slug":"a-dictionary-of-love","status":"publish","type":"product","link":"https:\/\/roveyayinevi.com.tr\/index.php\/urun\/a-dictionary-of-love\/","title":{"rendered":"A Dictionary Of Love"},"content":{"rendered":"<p>A Dictionary of Love, a\u015fk\u0131n adland\u0131r\u0131lamayan h\u00e2llerini merkeze alan bir \u015fiir kitab\u0131.Ya\u015fama, tan\u0131k olarak ve kay\u0131t tutarak tutunma ihtiyac\u0131ndan do\u011fdu; hudutlanamayan, kab\u0131ndan ta\u015fan; ta\u015ft\u0131k\u00e7a \u00e7o\u011falan duygular\u0131n e\u015fi\u011finden yaz\u0131ld\u0131.A\u015fk\u0131n insan\u0131 hem in\u015fa edip hem de parampar\u00e7a ederek olu\u015fturdu\u011fu k\u0131r\u0131klar\u0131, bo\u015fluklar\u0131 tarad\u0131; o bo\u015flukta yank\u0131lananlara kulak verdi, ses oldu.Bu \u015fiirler ya\u015farken yaz\u0131ld\u0131.Kimi zaman yasa, kimi zaman sessizli\u011fe, kimi zaman ise \u00e7a\u011flayan bir nehre yasland\u0131.Yazma s\u00fcreci sezgisel, par\u00e7al\u0131 ve zamana yay\u0131lan bir s\u00fcre\u00e7ti.Anlamdan \u00e7ok ritme, a\u00e7\u0131klamadan \u00e7ok bo\u015fluklara g\u00fcvenerek ilerledi. Bu kitap, kendini bir ili\u015fkinin, bir kayb\u0131n, bir bekleyi\u015fin ya da bir d\u00f6n\u00fc\u015f\u00fcm\u00fcn e\u015fi\u011finde bulanlara a\u00e7\u0131l\u0131yor.Okura tan\u0131m sunmak yerine, kendi i\u00e7 s\u00f6zl\u00fc\u011f\u00fcn\u00fc kurabilece\u011fi bir alan sunuyor.A Dictionary of Love is a poetry collection written from the threshold of feelings that resist naming\u2014emotions that dissolve when defined, expand when held, and persist through uncertainty.Born from a need to hold on to life through witnessing, through keeping a record, these poems listen to love\u2019s fractures and voids; the ways it both builds and dismantles us.These poems were written while living.At times they leaned into silence, at times into grief, at times into a rushing river.They move forward by trusting rhythm more than meaning, gaps more than explanation, inviting the reader to listen rather than interpret.This book opens to those who find themselves at a turning point\u2013at the edge of a relationship, a loss, a period of waiting. Rather than telling the reader what this is, it offers a space in which one can form an inner dictionary.<\/p>\n","protected":false},"excerpt":{"rendered":"<p>A Dictionary of Love, a\u015fk\u0131n adland\u0131r\u0131lamayan h\u00e2llerini merkeze alan bir \u015fiir kitab\u0131.Ya\u015fama, tan\u0131k olarak ve kay\u0131t tutarak tutunma ihtiyac\u0131ndan do\u011fdu; hudutlanamayan, kab\u0131ndan ta\u015fan; ta\u015ft\u0131k\u00e7a \u00e7o\u011falan duygular\u0131n<span class=\"excerpt-hellip\"> [\u2026]<\/span><\/p>\n","protected":false},"featured_media":0,"template":"","meta":{"_monsterinsights_skip_tracking":false,"_monsterinsights_sitenote_active":false,"_monsterinsights_sitenote_note":"","_monsterinsights_sitenote_category":0},"product_brand":[],"product_cat":[12472],"product_tag":[],"class_list":{"0":"post-783274","1":"product","2":"type-product","3":"status-publish","5":"product_cat-yabanci-dilde-kitaplar","6":"pa_cilt-ciltsiz","7":"pa_tur-kitap","8":"pa_yayinevi-perseus","9":"pa_yazar-berna-kahraman","11":"first","12":"instock","13":"sale","14":"shipping-taxable","15":"purchasable","16":"product-type-simple"},"_links":{"self":[{"href":"https:\/\/roveyayinevi.com.tr\/index.php\/wp-json\/wp\/v2\/product\/783274","targetHints":{"allow":["GET"]}}],"collection":[{"href":"https:\/\/roveyayinevi.com.tr\/index.php\/wp-json\/wp\/v2\/product"}],"about":[{"href":"https:\/\/roveyayinevi.com.tr\/index.php\/wp-json\/wp\/v2\/types\/product"}],"wp:attachment":[{"href":"https:\/\/roveyayinevi.com.tr\/index.php\/wp-json\/wp\/v2\/media?parent=783274"}],"wp:term":[{"taxonomy":"product_brand","embeddable":true,"href":"https:\/\/roveyayinevi.com.tr\/index.php\/wp-json\/wp\/v2\/product_brand?post=783274"},{"taxonomy":"product_cat","embeddable":true,"href":"https:\/\/roveyayinevi.com.tr\/index.php\/wp-json\/wp\/v2\/product_cat?post=783274"},{"taxonomy":"product_tag","embeddable":true,"href":"https:\/\/roveyayinevi.com.tr\/index.php\/wp-json\/wp\/v2\/product_tag?post=783274"}],"curies":[{"name":"wp","href":"https:\/\/api.w.org\/{rel}","templated":true}]}}