{"id":783254,"date":"2026-02-25T03:43:45","date_gmt":"2026-02-25T00:43:45","guid":{"rendered":"https:\/\/roveyayinevi.com.tr\/index.php\/urun\/fatmayi-kim-kacirdi\/"},"modified":"2026-04-15T03:47:36","modified_gmt":"2026-04-15T00:47:36","slug":"fatmayi-kim-kacirdi","status":"publish","type":"product","link":"https:\/\/roveyayinevi.com.tr\/index.php\/urun\/fatmayi-kim-kacirdi\/","title":{"rendered":"Fatma\u2019y\u0131 Kim Ka\u00e7\u0131rd\u0131?"},"content":{"rendered":"<p>Erkan olanlar\u0131 bir \u00e7\u0131rp\u0131da anlatt\u0131. Anlat\u0131lanlar, sorunun aynen kald\u0131\u011f\u0131n\u0131 g\u00f6steriyordu.\u201c\u015eimdi ne olacak?\u201d diye sordu Ralf.\u201cFatma\u2019ya yard\u0131m etmeliyiz, ama nas\u0131l?\u201d diye ekledi Inge.\u201cBurhan\u2019\u0131n olumlu bir sonu\u00e7 alamayaca\u011f\u0131n\u0131 tahmin ediyordum,\u201d dedi Doris. \u201cD\u00fcnden beri bu olas\u0131l\u0131\u011f\u0131 tahmin ederek d\u00fc\u015f\u00fcnd\u00fcm ama bir \u00e7\u0131kar yol bulamad\u0131m.\u201d\u201cYapacak bir \u015fey yok,\u201d dedi Kaya.\u201cGer\u00e7ekten yok,\u201d dedi Erkan. \u201cBabam Fatma\u2019y\u0131 Teoman\u2019la evlendirmekte kararl\u0131.\u201d\u201cBu kadar \u00e7abuk mu pes edece\u011fiz? Belki bir \u015feyler yapabiliriz,\u201d dedi Inge.\u201cTabii ya pes etmek olur mu? Bir \u015feyler yapmal\u0131y\u0131z! \u00d6rne\u011fin, Fatma\u2019y\u0131 biz ka\u00e7\u0131rabiliriz!\u201d diyen Udo\u2019nun ses tonu alayc\u0131yd\u0131. Onun bu olay\u0131n d\u0131\u015f\u0131nda kalmak i\u00e7in g\u00f6sterdi\u011fi \u00e7aba yetmezmi\u015f gibi bir de alay etmesi, Ralf\u2019e onu i\u011fneleme f\u0131rsat\u0131 verdi.\u201cUdo, senin zek\u00e2na hayran\u0131m! Senden ba\u015fka hi\u00e7bir aptal b\u00f6yle bir \u00e7\u00f6z\u00fcm \u00f6neremezdi,\u201d dedi.Ama Ralf yan\u0131l\u0131yordu. Alay etmek i\u00e7in de ortaya at\u0131lm\u0131\u015f olsa, ciddiye al\u0131nmas\u0131 gereken bir \u00f6neriydi. Ve nitekim Doris bu \u00f6neriyi ciddiye ald\u0131.\u201cUdo, sen bir harikas\u0131n!\u201d dedi.<\/p>\n","protected":false},"excerpt":{"rendered":"<p>Erkan olanlar\u0131 bir \u00e7\u0131rp\u0131da anlatt\u0131. Anlat\u0131lanlar, sorunun aynen kald\u0131\u011f\u0131n\u0131 g\u00f6steriyordu.\u201c\u015eimdi ne olacak?\u201d diye sordu Ralf.\u201cFatma\u2019ya yard\u0131m etmeliyiz, ama nas\u0131l?\u201d diye ekledi Inge.\u201cBurhan\u2019\u0131n olumlu bir sonu\u00e7 alamayaca\u011f\u0131n\u0131<span class=\"excerpt-hellip\"> [\u2026]<\/span><\/p>\n","protected":false},"featured_media":0,"template":"","meta":{"_monsterinsights_skip_tracking":false,"_monsterinsights_sitenote_active":false,"_monsterinsights_sitenote_note":"","_monsterinsights_sitenote_category":0},"product_brand":[],"product_cat":[12291,12711],"product_tag":[],"class_list":{"0":"post-783254","1":"product","2":"type-product","3":"status-publish","5":"product_cat-edebiyat","6":"product_cat-roman-oyku","7":"pa_cilt-ciltsiz","8":"pa_tur-kitap","9":"pa_yayinevi-la-kitap-yayinlari","10":"pa_yazar-zafer-sonmez","12":"first","13":"instock","14":"sale","15":"shipping-taxable","16":"purchasable","17":"product-type-simple"},"_links":{"self":[{"href":"https:\/\/roveyayinevi.com.tr\/index.php\/wp-json\/wp\/v2\/product\/783254","targetHints":{"allow":["GET"]}}],"collection":[{"href":"https:\/\/roveyayinevi.com.tr\/index.php\/wp-json\/wp\/v2\/product"}],"about":[{"href":"https:\/\/roveyayinevi.com.tr\/index.php\/wp-json\/wp\/v2\/types\/product"}],"wp:attachment":[{"href":"https:\/\/roveyayinevi.com.tr\/index.php\/wp-json\/wp\/v2\/media?parent=783254"}],"wp:term":[{"taxonomy":"product_brand","embeddable":true,"href":"https:\/\/roveyayinevi.com.tr\/index.php\/wp-json\/wp\/v2\/product_brand?post=783254"},{"taxonomy":"product_cat","embeddable":true,"href":"https:\/\/roveyayinevi.com.tr\/index.php\/wp-json\/wp\/v2\/product_cat?post=783254"},{"taxonomy":"product_tag","embeddable":true,"href":"https:\/\/roveyayinevi.com.tr\/index.php\/wp-json\/wp\/v2\/product_tag?post=783254"}],"curies":[{"name":"wp","href":"https:\/\/api.w.org\/{rel}","templated":true}]}}