{"id":783232,"date":"2026-02-24T03:43:49","date_gmt":"2026-02-24T00:43:49","guid":{"rendered":"https:\/\/roveyayinevi.com.tr\/index.php\/urun\/fair-play-etik-ve-adil-sporun-teorik-ve-uygulamali-temelleri\/"},"modified":"2026-04-15T03:46:52","modified_gmt":"2026-04-15T00:46:52","slug":"fair-play-etik-ve-adil-sporun-teorik-ve-uygulamali-temelleri","status":"publish","type":"product","link":"https:\/\/roveyayinevi.com.tr\/index.php\/urun\/fair-play-etik-ve-adil-sporun-teorik-ve-uygulamali-temelleri\/","title":{"rendered":"Fair Play: Etik ve Adil Sporun Teorik ve Uygulamal\u0131 Temelleri"},"content":{"rendered":"<p>\u00b7 B\u00d6L\u00dcM 1: FA\u0130R PLAY KAVRAMINA KURAMSAL B\u0130R BAKI\u015e \u00b7 B\u00d6L\u00dcM 2: FA\u0130R PLAY VE HUKUK\u0130 BOYUTU \u00b7 B\u00d6L\u00dcM 3: FA\u0130R PLAY\u2019\u0130N SPOR ALANINDAK\u0130 \u00d6NEM\u0130 VE BRAN\u015e BAZINDA \u0130NCELENMES\u0130 \u00b7 B\u00d6L\u00dcM 4: SPONSORLUK VE REKLAM FAAL\u0130YETLER\u0130N\u0130N FA\u0130R PLAY \u0130LKELER\u0130NE ETK\u0130S\u0130 \u00b7 B\u00d6L\u00dcM 5: FA\u0130R PLAY VE SOSYAL SORUMLULUK BA\u011eLAMINDA SPOR VE G\u00d6N\u00dcLL\u00dcL\u00dcK \u00b7 B\u00d6L\u00dcM 6: TEKNOLOJ\u0130K \u0130LERLEMELER VE FA\u0130R PLAY \u0130L\u0130\u015eK\u0130S\u0130 \u00b7 B\u00d6L\u00dcM 7: FA\u0130R PLAY VE E-SPOR \u00b7 B\u00d6L\u00dcM 8: 6G TEKNOLOJ\u0130S\u0130 VE SPORDA FA\u0130R PLAY: E-SPOR BA\u011eLAMINDA ET\u0130K VE D\u0130J\u0130TAL D\u00d6N\u00dc\u015e\u00dcM\u00b7 B\u00d6L\u00dcM 9: BASKETBOLDA FA\u0130R-PLAY OLGUSUNUN KAVRAMSAL OLARAK \u0130NCELENMES\u0130 \u00b7 B\u00d6L\u00dcM 10: SPORUN KURUMSALLA\u015eMASINDA YEN\u0130 B\u0130R D\u00d6NEM: 7405 SAYILI KANUN VE FA\u0130R PLAY<\/p>\n","protected":false},"excerpt":{"rendered":"<p>\u00b7 B\u00d6L\u00dcM 1: FA\u0130R PLAY KAVRAMINA KURAMSAL B\u0130R BAKI\u015e \u00b7 B\u00d6L\u00dcM 2: FA\u0130R PLAY VE HUKUK\u0130 BOYUTU \u00b7 B\u00d6L\u00dcM 3: FA\u0130R PLAY\u2019\u0130N SPOR ALANINDAK\u0130 \u00d6NEM\u0130 VE<span class=\"excerpt-hellip\"> [\u2026]<\/span><\/p>\n","protected":false},"featured_media":0,"template":"","meta":{"_monsterinsights_skip_tracking":false,"_monsterinsights_sitenote_active":false,"_monsterinsights_sitenote_note":"","_monsterinsights_sitenote_category":0},"product_brand":[],"product_cat":[15563,15564],"product_tag":[],"class_list":{"0":"post-783232","1":"product","2":"type-product","3":"status-publish","5":"product_cat-hobi","6":"product_cat-spor","7":"pa_cilt-ciltsiz","8":"pa_tur-kitap","9":"pa_yayinevi-gazi-kitabevi","10":"pa_yazar-kolektif","12":"first","13":"instock","14":"sale","15":"shipping-taxable","16":"purchasable","17":"product-type-simple"},"_links":{"self":[{"href":"https:\/\/roveyayinevi.com.tr\/index.php\/wp-json\/wp\/v2\/product\/783232","targetHints":{"allow":["GET"]}}],"collection":[{"href":"https:\/\/roveyayinevi.com.tr\/index.php\/wp-json\/wp\/v2\/product"}],"about":[{"href":"https:\/\/roveyayinevi.com.tr\/index.php\/wp-json\/wp\/v2\/types\/product"}],"wp:attachment":[{"href":"https:\/\/roveyayinevi.com.tr\/index.php\/wp-json\/wp\/v2\/media?parent=783232"}],"wp:term":[{"taxonomy":"product_brand","embeddable":true,"href":"https:\/\/roveyayinevi.com.tr\/index.php\/wp-json\/wp\/v2\/product_brand?post=783232"},{"taxonomy":"product_cat","embeddable":true,"href":"https:\/\/roveyayinevi.com.tr\/index.php\/wp-json\/wp\/v2\/product_cat?post=783232"},{"taxonomy":"product_tag","embeddable":true,"href":"https:\/\/roveyayinevi.com.tr\/index.php\/wp-json\/wp\/v2\/product_tag?post=783232"}],"curies":[{"name":"wp","href":"https:\/\/api.w.org\/{rel}","templated":true}]}}