{"id":783227,"date":"2026-02-24T03:43:28","date_gmt":"2026-02-24T00:43:28","guid":{"rendered":"https:\/\/roveyayinevi.com.tr\/index.php\/urun\/insan-iliskileri-uzerine-bozkirin-sozleri-2\/"},"modified":"2026-04-15T03:46:11","modified_gmt":"2026-04-15T00:46:11","slug":"insan-iliskileri-uzerine-bozkirin-sozleri-2","status":"publish","type":"product","link":"https:\/\/roveyayinevi.com.tr\/index.php\/urun\/insan-iliskileri-uzerine-bozkirin-sozleri-2\/","title":{"rendered":"\u0130nsan \u0130li\u015fkileri \u00dczerine Bozk\u0131r\u0131n S\u00f6zleri-2"},"content":{"rendered":"<p>Hayat, bir yolculuktur.Bu yolculukta insana laz\u0131m olan; sab\u0131r, umut, ak\u0131l, fazilet ve do\u011fru s\u00f6z\u00fcn g\u00fcc\u00fcd\u00fcr.Bozk\u0131r\u0131n S\u00f6zleri-2, i\u015fte bu yolculu\u011fun az\u0131\u011f\u0131n\u0131 sunuyor:Bir damla hikmet, bir par\u00e7a \u00f6\u011f\u00fct, bir nefeslik hat\u0131rlatma\u2026Her s\u00f6z, okuyucusuna yeni bir ufuk a\u00e7may\u0131; kimi zaman bir uyar\u0131, kimi zaman bir teselli, kimi zaman da bir yol g\u00f6sterici olmay\u0131 hedefliyor.Bu kitap, bitirildi\u011finde geride yaln\u0131zca okunmu\u015f sat\u0131rlar de\u011fil; d\u00fc\u015f\u00fcn\u00fclm\u00fc\u015f, hissedilmi\u015f ve i\u00e7selle\u015ftirilmi\u015f anlamlar b\u0131raks\u0131n.\u00c7\u00fcnk\u00fc s\u00f6z, ger\u00e7ek hayata ta\u015f\u0131nd\u0131\u011f\u0131nda k\u0131ymet bulur.Okuyana, her sat\u0131rda kendini bulaca\u011f\u0131 bir pencere, yoluna \u0131\u015f\u0131k olacak bir i\u015faret dile\u011fiyle\u2026<\/p>\n","protected":false},"excerpt":{"rendered":"<p>Hayat, bir yolculuktur.Bu yolculukta insana laz\u0131m olan; sab\u0131r, umut, ak\u0131l, fazilet ve do\u011fru s\u00f6z\u00fcn g\u00fcc\u00fcd\u00fcr.Bozk\u0131r\u0131n S\u00f6zleri-2, i\u015fte bu yolculu\u011fun az\u0131\u011f\u0131n\u0131 sunuyor:Bir damla hikmet, bir par\u00e7a \u00f6\u011f\u00fct,<span class=\"excerpt-hellip\"> [\u2026]<\/span><\/p>\n","protected":false},"featured_media":0,"template":"","meta":{"_monsterinsights_skip_tracking":false,"_monsterinsights_sitenote_active":false,"_monsterinsights_sitenote_note":"","_monsterinsights_sitenote_category":0},"product_brand":[],"product_cat":[12777,12291],"product_tag":[],"class_list":{"0":"post-783227","1":"product","2":"type-product","3":"status-publish","5":"product_cat-deneme","6":"product_cat-edebiyat","7":"pa_cilt-ciltsiz","8":"pa_tur-kitap","9":"pa_yayinevi-gulnar-yayinlari","10":"pa_yazar-mehmet-turan","12":"first","13":"instock","14":"sale","15":"shipping-taxable","16":"purchasable","17":"product-type-simple"},"_links":{"self":[{"href":"https:\/\/roveyayinevi.com.tr\/index.php\/wp-json\/wp\/v2\/product\/783227","targetHints":{"allow":["GET"]}}],"collection":[{"href":"https:\/\/roveyayinevi.com.tr\/index.php\/wp-json\/wp\/v2\/product"}],"about":[{"href":"https:\/\/roveyayinevi.com.tr\/index.php\/wp-json\/wp\/v2\/types\/product"}],"wp:attachment":[{"href":"https:\/\/roveyayinevi.com.tr\/index.php\/wp-json\/wp\/v2\/media?parent=783227"}],"wp:term":[{"taxonomy":"product_brand","embeddable":true,"href":"https:\/\/roveyayinevi.com.tr\/index.php\/wp-json\/wp\/v2\/product_brand?post=783227"},{"taxonomy":"product_cat","embeddable":true,"href":"https:\/\/roveyayinevi.com.tr\/index.php\/wp-json\/wp\/v2\/product_cat?post=783227"},{"taxonomy":"product_tag","embeddable":true,"href":"https:\/\/roveyayinevi.com.tr\/index.php\/wp-json\/wp\/v2\/product_tag?post=783227"}],"curies":[{"name":"wp","href":"https:\/\/api.w.org\/{rel}","templated":true}]}}