{"id":783217,"date":"2026-02-24T02:03:12","date_gmt":"2026-02-23T23:03:12","guid":{"rendered":"https:\/\/roveyayinevi.com.tr\/index.php\/urun\/savasi-anlamak\/"},"modified":"2026-04-16T02:02:32","modified_gmt":"2026-04-15T23:02:32","slug":"savasi-anlamak","status":"publish","type":"product","link":"https:\/\/roveyayinevi.com.tr\/index.php\/urun\/savasi-anlamak\/","title":{"rendered":"Sava\u015f\u0131 Anlamak"},"content":{"rendered":"<p>Strateji, asker\u00ee g\u00fcc\u00fcn siyasi ama\u00e7lar\u0131 ba\u015farmak i\u00e7in kullan\u0131ld\u0131\u011f\u0131 y\u00f6ntem olmas\u0131ndan dolay\u0131, genel olarak sava\u015f sanat\u0131 olarak adland\u0131r\u0131lmaktad\u0131r. Sava\u015f\u0131 Anlamak: 21. Y\u00fczy\u0131l i\u00e7in Strateji karma\u015f\u0131k sava\u015fa girme faaliyetinin, kapsaml\u0131 ve a\u00e7\u0131k bir analizini yapmaktad\u0131r. Yal\u0131n bir dille yaz\u0131lm\u0131\u015f olan kitap, okuyuculara Atinal\u0131 General Thukydides ve \u00c7inli sava\u015f\u00e7\u0131 filozof Sun Tzu\u2019nun strateji hakk\u0131nda ilk kez yakla\u015f\u0131k 2500 y\u0131l \u00f6nce yazd\u0131klar\u0131ndan bu yana var olan stratejik d\u00fc\u015f\u00fcncedeki en \u00f6nemli kavramlar\u0131n i\u00e7eri\u011fini b\u00fct\u00fcn olarak vermektedir. Ayr\u0131ca, kitap, siyasi, hukuki ve teknolojik de\u011fi\u015fikli\u011fin stratejik se\u00e7enek ile asker\u00ee strateji \u00fczerindeki etkisini de incelemektedir. Sava\u015f\u0131 Anlamak, zorlama ve bask\u0131 gibi stratejik se\u00e7eneklerin do\u011fas\u0131 ve \u00f6nemi ile a\u011f\u0131rl\u0131k merkezini belirleme ve sald\u0131r\u0131, araziyi ele ge\u00e7irme ve elde tutma, ate\u015f g\u00fcc\u00fc ve manevra ile y\u0131k\u0131c\u0131 darbe gibi stratejik ilkeleri a\u00e7\u0131klamaktad\u0131r. Kitap, 21. y\u00fczy\u0131lda komutanlar\u0131n kar\u015f\u0131 kar\u015f\u0131ya olduklar\u0131 k\u0131s\u0131tlamalar ve f\u0131rsatlar\u0131 tart\u0131\u015fmakta ve asker\u00ee strateji form\u00fclasyonunun muhtemelen \u00fcst d\u00fczey g\u00fcvenlik g\u00f6revlileri i\u00e7in en \u00f6nemli tek sorumluluk olmaya devam edece\u011fini ortaya koymaktad\u0131r. Kitap, konu yakla\u015f\u0131m\u0131 y\u00f6ntemini uygulayarak ve M\u00d6 500\u2019den g\u00fcn\u00fcm\u00fcze kadar tarihi \u00f6rnekleri kullanarak, rekabetin her a\u015famas\u0131ndaki stratejiyi tart\u0131\u015fmaktad\u0131r. Asimetrik sava\u015f \u00e7a\u011f\u0131nda asker\u00ee ba\u015far\u0131 i\u00e7in elzem olan orijinal g\u00f6r\u00fc\u015fler sunmakta, buna kar\u015f\u0131n geni\u015f bir okuyucu kitlesi i\u00e7in okunabilir olarak kalmaktad\u0131r. <\/p>\n","protected":false},"excerpt":{"rendered":"<p>Strateji, asker\u00ee g\u00fcc\u00fcn siyasi ama\u00e7lar\u0131 ba\u015farmak i\u00e7in kullan\u0131ld\u0131\u011f\u0131 y\u00f6ntem olmas\u0131ndan dolay\u0131, genel olarak sava\u015f sanat\u0131 olarak adland\u0131r\u0131lmaktad\u0131r. Sava\u015f\u0131 Anlamak: 21. Y\u00fczy\u0131l i\u00e7in Strateji karma\u015f\u0131k sava\u015fa girme<span class=\"excerpt-hellip\"> [\u2026]<\/span><\/p>\n","protected":false},"featured_media":0,"template":"","meta":{"_monsterinsights_skip_tracking":false,"_monsterinsights_sitenote_active":false,"_monsterinsights_sitenote_note":"","_monsterinsights_sitenote_category":0},"product_brand":[],"product_cat":[12337,14706],"product_tag":[],"class_list":{"0":"post-783217","1":"product","2":"type-product","3":"status-publish","5":"product_cat-politika-siyaset","6":"product_cat-siyaset-bilimi","7":"pa_tur-kitap","8":"pa_yayinevi-phoenix-yayinevi","9":"pa_yazar-alan-stephens","11":"first","12":"instock","13":"sale","14":"shipping-taxable","15":"purchasable","16":"product-type-simple"},"_links":{"self":[{"href":"https:\/\/roveyayinevi.com.tr\/index.php\/wp-json\/wp\/v2\/product\/783217","targetHints":{"allow":["GET"]}}],"collection":[{"href":"https:\/\/roveyayinevi.com.tr\/index.php\/wp-json\/wp\/v2\/product"}],"about":[{"href":"https:\/\/roveyayinevi.com.tr\/index.php\/wp-json\/wp\/v2\/types\/product"}],"wp:attachment":[{"href":"https:\/\/roveyayinevi.com.tr\/index.php\/wp-json\/wp\/v2\/media?parent=783217"}],"wp:term":[{"taxonomy":"product_brand","embeddable":true,"href":"https:\/\/roveyayinevi.com.tr\/index.php\/wp-json\/wp\/v2\/product_brand?post=783217"},{"taxonomy":"product_cat","embeddable":true,"href":"https:\/\/roveyayinevi.com.tr\/index.php\/wp-json\/wp\/v2\/product_cat?post=783217"},{"taxonomy":"product_tag","embeddable":true,"href":"https:\/\/roveyayinevi.com.tr\/index.php\/wp-json\/wp\/v2\/product_tag?post=783217"}],"curies":[{"name":"wp","href":"https:\/\/api.w.org\/{rel}","templated":true}]}}