{"id":783216,"date":"2026-02-23T13:19:57","date_gmt":"2026-02-23T10:19:57","guid":{"rendered":"https:\/\/roveyayinevi.com.tr\/index.php\/urun\/her-seyin-sizi-etkilemesine-son-verin\/"},"modified":"2026-04-08T03:44:31","modified_gmt":"2026-04-08T00:44:31","slug":"her-seyin-sizi-etkilemesine-son-verin","status":"publish","type":"product","link":"https:\/\/roveyayinevi.com.tr\/index.php\/urun\/her-seyin-sizi-etkilemesine-son-verin\/","title":{"rendered":"Her \u015eeyin Sizi Etkilemesine Son Verin"},"content":{"rendered":"<p>HER \u015eEY\u0130N S\u0130Z\u0130 ETK\u0130LEMES\u0130NE SON VER\u0130N, her \u015feyi en ince ayr\u0131nt\u0131s\u0131na kadar d\u00fc\u015f\u00fcnen, duygusal kaosun i\u00e7inde s\u0131k\u0131\u015f\u0131p kalan ve kendisini sabote etme d\u00f6ng\u00fcleri i\u00e7inde hapsolmu\u015f bulan herkes i\u00e7in d\u00f6n\u00fc\u015ft\u00fcr\u00fcc\u00fc bir rehber&#8230; Daniel Chidiac, t\u00fcm samimiyeti ve pratik bilgeli\u011fiyle, k\u00fc\u00e7\u00fck \u015feylerin neden t\u00fcm g\u00fcn\u00fcn\u00fcz\u00fc mahvetti\u011fini ortaya koyuyor ve nihayet bu durumdan kurtulman\u0131z i\u00e7in kan\u0131tlanm\u0131\u015f stratejiler sunuyor. Bu kitap size \u015funlar\u0131 \u00f6\u011fretecek: \u00b7 K\u00fc\u00e7\u00fck \u015feylerin t\u00fcm g\u00fcn\u00fcn\u00fcz\u00fc mahvetmesine izin vermemeyi. \u00b7 Kendinizi sabote eden davran\u0131\u015flar\u0131 fark edip b\u0131rakmay\u0131. \u00b7 Su\u00e7luluk hissetmeden sa\u011fl\u0131kl\u0131 s\u0131n\u0131rlar koymay\u0131. \u00b7 Ger\u00e7ek su\u00e7luluk ile manip\u00fcle edilerek su\u00e7lu hissettirilmek aras\u0131ndaki fark\u0131 ay\u0131rt etmeyi. \u00b7 Kontrolden \u00e7\u0131kmadan \u00f6nce a\u015f\u0131r\u0131 d\u00fc\u015f\u00fcnme d\u00f6ng\u00fcs\u00fcn\u00fc k\u0131rmay\u0131. \u00b7 Her \u015feyi ki\u015fisel alg\u0131lamaktan vazge\u00e7ip duygusal tepkisellikten \u00f6zg\u00fcrle\u015fmeyi. \u0130li\u015fkilerdeki zehirli kal\u0131plar\u0131 tan\u0131may\u0131 ve pi\u015fmanl\u0131k duymadan uzakla\u015fmay\u0131. \u00b7 Hayat\u0131n\u0131z \u00fczerinde daha fazla kontrol kazanmay\u0131 ve her g\u00fcn daha iyi hissetmeyi. D\u00fc\u015f\u00fcnce yap\u0131n\u0131z\u0131 ma\u011fduriyetten \u00f6z g\u00fc\u00e7lenmeye do\u011fru d\u00f6n\u00fc\u015ft\u00fcrmeyi. \u00b7 Duygusal mesafe koyma sanat\u0131n\u0131 -so\u011fuk birine d\u00f6n\u00fc\u015fmeksizin duygusal olarak etkilenmeden kalabilme becerisini- \u00f6\u011frenmeyi. \u00b7 De\u011fi\u015fiminizi ba\u015fkalar\u0131na a\u00e7\u0131klamak ve bunun i\u00e7in \u00f6z\u00fcr dilemek zorunda kalmadan ilerlemeyi. \u0130ster her \u015feyi a\u015f\u0131r\u0131 d\u00fc\u015f\u00fcnmekten yorulmu\u015f olun, ister ba\u015fkalar\u0131n\u0131n dertlerinde bo\u011fulmaktan b\u0131km\u0131\u015f olun, bu kitap g\u00fcc\u00fcn\u00fcz\u00fc geri kazanman\u0131z, huzurunuzu koruman\u0131z ve hayat\u0131 kendi \u015fartlar\u0131n\u0131zla ya\u015faman\u0131z i\u00e7in d\u00f6n\u00fc\u015ft\u00fcr\u00fcc\u00fc ara\u00e7lar sunuyor. \u0130\u00e7sel g\u00fc\u00e7 ve \u00f6zg\u00fcrl\u00fc\u011fe giden yolculu\u011funuz burada ba\u015fl\u0131yor.  &#8220;D\u00fcnyan\u0131n sizi bunaltmak \u00fczerine kurulu oldu\u011fu bir \u00e7a\u011fda, huzurunuzu korumay\u0131 \u00f6\u011frenmek sadece \u00f6nemli de\u011fil, ayn\u0131 zamanda hayatidir&#8221;.<\/p>\n","protected":false},"excerpt":{"rendered":"<p>HER \u015eEY\u0130N S\u0130Z\u0130 ETK\u0130LEMES\u0130NE SON VER\u0130N, her \u015feyi en ince ayr\u0131nt\u0131s\u0131na kadar d\u00fc\u015f\u00fcnen, duygusal kaosun i\u00e7inde s\u0131k\u0131\u015f\u0131p kalan ve kendisini sabote etme d\u00f6ng\u00fcleri i\u00e7inde hapsolmu\u015f bulan<span class=\"excerpt-hellip\"> [\u2026]<\/span><\/p>\n","protected":false},"featured_media":0,"template":"","meta":{"_monsterinsights_skip_tracking":false,"_monsterinsights_sitenote_active":false,"_monsterinsights_sitenote_note":"","_monsterinsights_sitenote_category":0},"product_brand":[],"product_cat":[12364,12376],"product_tag":[],"class_list":{"0":"post-783216","1":"product","2":"type-product","3":"status-publish","5":"product_cat-genel-konular","6":"product_cat-kisisel-gelisim","7":"pa_cilt-ciltsiz","8":"pa_tur-kitap","9":"pa_yayinevi-butik-yayinlari","10":"pa_yazar-daniel-chidiac","12":"first","13":"instock","14":"sale","15":"shipping-taxable","16":"purchasable","17":"product-type-simple"},"_links":{"self":[{"href":"https:\/\/roveyayinevi.com.tr\/index.php\/wp-json\/wp\/v2\/product\/783216","targetHints":{"allow":["GET"]}}],"collection":[{"href":"https:\/\/roveyayinevi.com.tr\/index.php\/wp-json\/wp\/v2\/product"}],"about":[{"href":"https:\/\/roveyayinevi.com.tr\/index.php\/wp-json\/wp\/v2\/types\/product"}],"wp:attachment":[{"href":"https:\/\/roveyayinevi.com.tr\/index.php\/wp-json\/wp\/v2\/media?parent=783216"}],"wp:term":[{"taxonomy":"product_brand","embeddable":true,"href":"https:\/\/roveyayinevi.com.tr\/index.php\/wp-json\/wp\/v2\/product_brand?post=783216"},{"taxonomy":"product_cat","embeddable":true,"href":"https:\/\/roveyayinevi.com.tr\/index.php\/wp-json\/wp\/v2\/product_cat?post=783216"},{"taxonomy":"product_tag","embeddable":true,"href":"https:\/\/roveyayinevi.com.tr\/index.php\/wp-json\/wp\/v2\/product_tag?post=783216"}],"curies":[{"name":"wp","href":"https:\/\/api.w.org\/{rel}","templated":true}]}}