{"id":783210,"date":"2026-02-23T13:19:35","date_gmt":"2026-02-23T10:19:35","guid":{"rendered":"https:\/\/roveyayinevi.com.tr\/index.php\/urun\/firak-i-ruh\/"},"modified":"2026-04-15T03:47:35","modified_gmt":"2026-04-15T00:47:35","slug":"firak-i-ruh","status":"publish","type":"product","link":"https:\/\/roveyayinevi.com.tr\/index.php\/urun\/firak-i-ruh\/","title":{"rendered":"F\u00eer\u00e2k-\u0131 R\u00fbh"},"content":{"rendered":"<p>Kadim topraklar, her bahar yeniden nefes alsa da baz\u0131 sabahlar karanl\u0131\u011f\u0131 da beraberinde getirir. \u201cF\u00eer\u00e2k-\u0131 R\u00fbh\u201d, F\u0131rat\u2019\u0131n k\u0131y\u0131s\u0131nda, yazg\u0131 ve kay\u0131p aras\u0131nda s\u0131k\u0131\u015f\u0131p kalm\u0131\u015f iki ruhun hik\u00e2yesidir. Baran\u2019\u0131n yata\u011f\u0131n\u0131n kenar\u0131nda, beklenmedik bir felaketle ba\u015flayan so\u011fukluk ve b\u00fcy\u00fck \u015fehrin karma\u015fas\u0131ndan ka\u00e7\u0131p bu dinginli\u011fe s\u0131\u011f\u0131nan hem\u015fire Roza\u2019n\u0131n, umutla \u00e7aresizlik aras\u0131nda sal\u0131nan yolculu\u011fu&#8230; Toprak, su ve ate\u015fin kesi\u015fti\u011fi bu co\u011frafyada, a\u015fk ve g\u00f6rev, bir kaderin zincirlerini k\u0131rmaya \u00e7al\u0131\u015f\u0131r. Bu kitap, yaln\u0131zca bir co\u011frafyan\u0131n de\u011fil, insan\u0131n en derin korkular\u0131n\u0131n, en kutsal vazifelerinin ve en b\u00fcy\u00fck ayr\u0131l\u0131klar\u0131n\u0131n da roman\u0131d\u0131r. Bazen u\u00e7mak, \u00f6zg\u00fcrle\u015fmekten ibaret de\u011fildir; ait oldu\u011fun yere d\u00f6nmek demektir. \u0130\u015fte bu \u201cRuhun Ayr\u0131l\u0131\u011f\u0131\u201d ve yeniden kavu\u015fma aray\u0131\u015f\u0131, kalbinizin en mahrem yerinde yank\u0131lanacakt\u0131r.<\/p>\n","protected":false},"excerpt":{"rendered":"<p>Kadim topraklar, her bahar yeniden nefes alsa da baz\u0131 sabahlar karanl\u0131\u011f\u0131 da beraberinde getirir. \u201cF\u00eer\u00e2k-\u0131 R\u00fbh\u201d, F\u0131rat\u2019\u0131n k\u0131y\u0131s\u0131nda, yazg\u0131 ve kay\u0131p aras\u0131nda s\u0131k\u0131\u015f\u0131p kalm\u0131\u015f iki ruhun<span class=\"excerpt-hellip\"> [\u2026]<\/span><\/p>\n","protected":false},"featured_media":0,"template":"","meta":{"_monsterinsights_skip_tracking":false,"_monsterinsights_sitenote_active":false,"_monsterinsights_sitenote_note":"","_monsterinsights_sitenote_category":0},"product_brand":[],"product_cat":[12291,12711],"product_tag":[],"class_list":{"0":"post-783210","1":"product","2":"type-product","3":"status-publish","5":"product_cat-edebiyat","6":"product_cat-roman-oyku","7":"pa_cilt-ciltsiz","8":"pa_tur-kitap","9":"pa_yayinevi-zet-yayinlari","10":"pa_yazar-muslum-yildizoglu","12":"first","13":"instock","14":"sale","15":"shipping-taxable","16":"purchasable","17":"product-type-simple"},"_links":{"self":[{"href":"https:\/\/roveyayinevi.com.tr\/index.php\/wp-json\/wp\/v2\/product\/783210","targetHints":{"allow":["GET"]}}],"collection":[{"href":"https:\/\/roveyayinevi.com.tr\/index.php\/wp-json\/wp\/v2\/product"}],"about":[{"href":"https:\/\/roveyayinevi.com.tr\/index.php\/wp-json\/wp\/v2\/types\/product"}],"wp:attachment":[{"href":"https:\/\/roveyayinevi.com.tr\/index.php\/wp-json\/wp\/v2\/media?parent=783210"}],"wp:term":[{"taxonomy":"product_brand","embeddable":true,"href":"https:\/\/roveyayinevi.com.tr\/index.php\/wp-json\/wp\/v2\/product_brand?post=783210"},{"taxonomy":"product_cat","embeddable":true,"href":"https:\/\/roveyayinevi.com.tr\/index.php\/wp-json\/wp\/v2\/product_cat?post=783210"},{"taxonomy":"product_tag","embeddable":true,"href":"https:\/\/roveyayinevi.com.tr\/index.php\/wp-json\/wp\/v2\/product_tag?post=783210"}],"curies":[{"name":"wp","href":"https:\/\/api.w.org\/{rel}","templated":true}]}}