{"id":783207,"date":"2026-02-23T13:19:25","date_gmt":"2026-02-23T10:19:25","guid":{"rendered":"https:\/\/roveyayinevi.com.tr\/index.php\/urun\/aynadaki-adami-yen-sessiz-savasin-kazanani-ol\/"},"modified":"2026-04-15T03:47:35","modified_gmt":"2026-04-15T00:47:35","slug":"aynadaki-adami-yen-sessiz-savasin-kazanani-ol","status":"publish","type":"product","link":"https:\/\/roveyayinevi.com.tr\/index.php\/urun\/aynadaki-adami-yen-sessiz-savasin-kazanani-ol\/","title":{"rendered":"Aynadaki Adam\u0131 Yen Sessiz Sava\u015f\u0131n Kazanan\u0131 Ol"},"content":{"rendered":"<p>Bu kitab\u0131 eline ald\u0131\u011f\u0131n an, asl\u0131nda \u00e7ok \u00f6nemli bir karar vermi\u015f oluyorsun:Kendinle y\u00fczle\u015fmeye haz\u0131rs\u0131n.Belki hayat\u0131n\u0131n bir d\u00f6neminde k\u0131r\u0131ld\u0131n, yoruldun, kaybettin, d\u00fc\u015ft\u00fcn, sorgulad\u0131n\u2026Belki de y\u0131llard\u0131r ayn\u0131 d\u00f6ng\u00fcde tak\u0131l\u0131p kalm\u0131\u015f gibi hissediyorsun.B\u00fcy\u00fck hedefler koydun ama ba\u015flayamad\u0131n, ba\u015flad\u0131n ama bitiremedin, bitirdin ama tatmin olmad\u0131n.Belki de sadece aynaya bakt\u0131\u011f\u0131nda g\u00f6rd\u00fc\u011f\u00fcn y\u00fcz\u00fcn i\u00e7indeki potansiyeli yans\u0131tmad\u0131\u011f\u0131n\u0131 d\u00fc\u015f\u00fcn\u00fcyorsun.\u0130\u015fte bu kitap tam o anlar i\u00e7in yaz\u0131ld\u0131.Aynadaki adam, hayat\u0131n\u0131n en sad\u0131k tan\u0131\u011f\u0131d\u0131r.Seni senden iyi bilen tek ki\u015fidir.Bahanelerini, korkular\u0131n\u0131, ertelemelerini, g\u00fc\u00e7l\u00fc anlar\u0131n\u0131, zay\u0131fl\u0131klar\u0131n\u0131, isteklerini, karanl\u0131klar\u0131n\u0131 ve parlayacak \u0131\u015f\u0131\u011f\u0131n\u0131 herkesten daha iyi g\u00f6r\u00fcr.Ve tuhaf bir \u015fekilde, seni engelleyen de \u00e7o\u011fu zaman yine o olur.Bu kitap, d\u0131\u015far\u0131daki d\u00fcnya ile sava\u015fmay\u0131 \u00f6\u011fretmez.\u00c7\u00fcnk\u00fc en b\u00fcy\u00fck sava\u015f, kap\u0131lar\u0131n ard\u0131nda, ekranlar kapan\u0131nca, insanlar da\u011f\u0131ld\u0131\u011f\u0131nda, herkes uyudu\u011funda ba\u015flar.\u0130nsan\u0131n kendi i\u00e7indeki sessiz sava\u015f\u2026\u015eimdi derin bir nefes al\u2026Kendinle d\u00fcr\u00fcst olmaya haz\u0131rlan\u2026Ve unutma:As\u0131l zafer, d\u00fcnyay\u0131 yenmek de\u011fil\u2026Kendini yenebilmektir.Ho\u015f geldin.Bu yolculu\u011fa birlikte \u00e7\u0131k\u0131yoruz.<\/p>\n","protected":false},"excerpt":{"rendered":"<p>Bu kitab\u0131 eline ald\u0131\u011f\u0131n an, asl\u0131nda \u00e7ok \u00f6nemli bir karar vermi\u015f oluyorsun:Kendinle y\u00fczle\u015fmeye haz\u0131rs\u0131n.Belki hayat\u0131n\u0131n bir d\u00f6neminde k\u0131r\u0131ld\u0131n, yoruldun, kaybettin, d\u00fc\u015ft\u00fcn, sorgulad\u0131n\u2026Belki de y\u0131llard\u0131r ayn\u0131 d\u00f6ng\u00fcde<span class=\"excerpt-hellip\"> [\u2026]<\/span><\/p>\n","protected":false},"featured_media":0,"template":"","meta":{"_monsterinsights_skip_tracking":false,"_monsterinsights_sitenote_active":false,"_monsterinsights_sitenote_note":"","_monsterinsights_sitenote_category":0},"product_brand":[],"product_cat":[141304],"product_tag":[],"class_list":{"0":"post-783207","1":"product","2":"type-product","3":"status-publish","5":"product_cat-yeni-cikanlar","6":"pa_cilt-ciltsiz","7":"pa_tur-kitap","8":"pa_yayinevi-zet-yayinlari","9":"pa_yazar-kaan-koc","11":"first","12":"instock","13":"sale","14":"shipping-taxable","15":"purchasable","16":"product-type-simple"},"_links":{"self":[{"href":"https:\/\/roveyayinevi.com.tr\/index.php\/wp-json\/wp\/v2\/product\/783207","targetHints":{"allow":["GET"]}}],"collection":[{"href":"https:\/\/roveyayinevi.com.tr\/index.php\/wp-json\/wp\/v2\/product"}],"about":[{"href":"https:\/\/roveyayinevi.com.tr\/index.php\/wp-json\/wp\/v2\/types\/product"}],"wp:attachment":[{"href":"https:\/\/roveyayinevi.com.tr\/index.php\/wp-json\/wp\/v2\/media?parent=783207"}],"wp:term":[{"taxonomy":"product_brand","embeddable":true,"href":"https:\/\/roveyayinevi.com.tr\/index.php\/wp-json\/wp\/v2\/product_brand?post=783207"},{"taxonomy":"product_cat","embeddable":true,"href":"https:\/\/roveyayinevi.com.tr\/index.php\/wp-json\/wp\/v2\/product_cat?post=783207"},{"taxonomy":"product_tag","embeddable":true,"href":"https:\/\/roveyayinevi.com.tr\/index.php\/wp-json\/wp\/v2\/product_tag?post=783207"}],"curies":[{"name":"wp","href":"https:\/\/api.w.org\/{rel}","templated":true}]}}