{"id":783177,"date":"2026-02-23T13:17:58","date_gmt":"2026-02-23T10:17:58","guid":{"rendered":"https:\/\/roveyayinevi.com.tr\/index.php\/urun\/pembe-camur\/"},"modified":"2026-04-15T03:47:33","modified_gmt":"2026-04-15T00:47:33","slug":"pembe-camur","status":"publish","type":"product","link":"https:\/\/roveyayinevi.com.tr\/index.php\/urun\/pembe-camur\/","title":{"rendered":"Pembe \u00c7amur"},"content":{"rendered":"<p>D\u00fcnya giderek felakete s\u00fcr\u00fcklenmektedir. \u015eehirlerde r\u00fczg\u00e2rlar mide buland\u0131r\u0131c\u0131 kokular ta\u015f\u0131maya ba\u015flam\u0131\u015f, nehirlerin kabaran sular\u0131 renkleri k\u0131z\u0131la \u00e7alan tuhaf yosunlarla dolmu\u015ftur. G\u0131da s\u0131k\u0131nt\u0131s\u0131na \u00e7are olma iddias\u0131ndaki bir fabrika, herkesi doyuraca\u011f\u0131 s\u00f6ylenen pembe bir \u00e7amura benzeyen, i\u00e7eri\u011fi belirsiz bir g\u0131dan\u0131n \u00fcretimine ba\u015flar. Esrarengiz bir salg\u0131n sonucu harabeye d\u00f6nm\u00fc\u015f \u015fehirlerden birinde bir kad\u0131n ge\u00e7imsiz annesine, bir t\u00fcrl\u00fc uzak duramad\u0131\u011f\u0131 eski kocas\u0131na ve bak\u0131c\u0131l\u0131k yapt\u0131\u011f\u0131 doymaktan aciz bir \u00e7ocu\u011fa yani hayat\u0131nda kalan son insanlara \u00e7aresizce tutunmaya \u00e7al\u0131\u015fmaktad\u0131r. Fernanda Tr\u00edas, Uruguay ve Meksika\u2019da kazand\u0131\u011f\u0131 pek \u00e7ok \u00f6d\u00fcl\u00fcn ard\u0131ndan on yedi dile \u00e7evrilen ve d\u00fcnya \u00e7ap\u0131nda ba\u015far\u0131 kazanan Pembe \u00c7amur\u2019la k\u0131yamet yakla\u015f\u0131rken haf\u0131zas\u0131na, azmine ve y\u00fcre\u011findeki merhamete sar\u0131lanlar\u0131n hik\u00e2yesini anlat\u0131yor.<\/p>\n","protected":false},"excerpt":{"rendered":"<p>D\u00fcnya giderek felakete s\u00fcr\u00fcklenmektedir. \u015eehirlerde r\u00fczg\u00e2rlar mide buland\u0131r\u0131c\u0131 kokular ta\u015f\u0131maya ba\u015flam\u0131\u015f, nehirlerin kabaran sular\u0131 renkleri k\u0131z\u0131la \u00e7alan tuhaf yosunlarla dolmu\u015ftur. G\u0131da s\u0131k\u0131nt\u0131s\u0131na \u00e7are olma iddias\u0131ndaki bir<span class=\"excerpt-hellip\"> [\u2026]<\/span><\/p>\n","protected":false},"featured_media":0,"template":"","meta":{"_monsterinsights_skip_tracking":false,"_monsterinsights_sitenote_active":false,"_monsterinsights_sitenote_note":"","_monsterinsights_sitenote_category":0},"product_brand":[],"product_cat":[13661,12291],"product_tag":[],"class_list":{"0":"post-783177","1":"product","2":"type-product","3":"status-publish","5":"product_cat-diger-ulke-edebiyatlari","6":"product_cat-edebiyat","7":"pa_cilt-ciltsiz","8":"pa_tur-kitap","9":"pa_yayinevi-is-bankasi-kultur-yayinlari","10":"pa_yazar-fernanda-trias","12":"first","13":"instock","14":"sale","15":"shipping-taxable","16":"purchasable","17":"product-type-simple"},"_links":{"self":[{"href":"https:\/\/roveyayinevi.com.tr\/index.php\/wp-json\/wp\/v2\/product\/783177","targetHints":{"allow":["GET"]}}],"collection":[{"href":"https:\/\/roveyayinevi.com.tr\/index.php\/wp-json\/wp\/v2\/product"}],"about":[{"href":"https:\/\/roveyayinevi.com.tr\/index.php\/wp-json\/wp\/v2\/types\/product"}],"wp:attachment":[{"href":"https:\/\/roveyayinevi.com.tr\/index.php\/wp-json\/wp\/v2\/media?parent=783177"}],"wp:term":[{"taxonomy":"product_brand","embeddable":true,"href":"https:\/\/roveyayinevi.com.tr\/index.php\/wp-json\/wp\/v2\/product_brand?post=783177"},{"taxonomy":"product_cat","embeddable":true,"href":"https:\/\/roveyayinevi.com.tr\/index.php\/wp-json\/wp\/v2\/product_cat?post=783177"},{"taxonomy":"product_tag","embeddable":true,"href":"https:\/\/roveyayinevi.com.tr\/index.php\/wp-json\/wp\/v2\/product_tag?post=783177"}],"curies":[{"name":"wp","href":"https:\/\/api.w.org\/{rel}","templated":true}]}}