{"id":783150,"date":"2026-02-23T13:16:30","date_gmt":"2026-02-23T10:16:30","guid":{"rendered":"https:\/\/roveyayinevi.com.tr\/index.php\/urun\/balzactan-prousta-prousttan-barthesabir-baska-fransiz-edebiyati-yolculugu\/"},"modified":"2026-04-15T03:47:32","modified_gmt":"2026-04-15T00:47:32","slug":"balzactan-prousta-prousttan-barthesabir-baska-fransiz-edebiyati-yolculugu","status":"publish","type":"product","link":"https:\/\/roveyayinevi.com.tr\/index.php\/urun\/balzactan-prousta-prousttan-barthesabir-baska-fransiz-edebiyati-yolculugu\/","title":{"rendered":"Balzac\u2019tan Proust\u2019a Proust\u2019tan Barthes\u2019a;Bir Ba\u015fka Frans\u0131z Edebiyat\u0131 Yolculu\u011fu"},"content":{"rendered":"<p>Ele\u015ftiride ellinci y\u0131l kitab\u0131 Balzac\u2019tan Proust\u2019a Proust\u2019tan Barthes\u2019a: Balzac, Flaubert, Stendhal, Chateaubriand, Maupassant, Baudelaire, Zola, Verlaine, Rimbaud, Cros, Z\u00fctistler, Huysmans, Mme de Sta\u00ebl, Sainte-Beuve, Taine; Proust, Apollinaire, Breton, Vach\u00e9, Gide, Val\u00e9ry, Martin du Gard, Sartre, Camus, Butor, Ionesco, Beckett, Lanson, Yeni Ele\u015ftirmenler, Derrida ve Yap\u0131bozucu Ele\u015ftiri, Sollers ve Tel Quel, Kristeva, Todorov, Deleuze, Genetik Ele\u015ftiri, Mauron ve Ruhsal Ele\u015ftiri, Genette, Goldmann, Ric\u0153ur, Coquet, Court\u00e9s, ve Greimas ile Barthes&#8230; Bir Ba\u015fka Frans\u0131z Edebiyat\u0131 Yolculu\u011fu&#8230; Bu yolculu\u011fa siz de kat\u0131labilirsiniz.<\/p>\n","protected":false},"excerpt":{"rendered":"<p>Ele\u015ftiride ellinci y\u0131l kitab\u0131 Balzac\u2019tan Proust\u2019a Proust\u2019tan Barthes\u2019a: Balzac, Flaubert, Stendhal, Chateaubriand, Maupassant, Baudelaire, Zola, Verlaine, Rimbaud, Cros, Z\u00fctistler, Huysmans, Mme de Sta\u00ebl, Sainte-Beuve, Taine; Proust,<span class=\"excerpt-hellip\"> [\u2026]<\/span><\/p>\n","protected":false},"featured_media":0,"template":"","meta":{"_monsterinsights_skip_tracking":false,"_monsterinsights_sitenote_active":false,"_monsterinsights_sitenote_note":"","_monsterinsights_sitenote_category":0},"product_brand":[],"product_cat":[141304],"product_tag":[],"class_list":{"0":"post-783150","1":"product","2":"type-product","3":"status-publish","5":"product_cat-yeni-cikanlar","6":"pa_cilt-ciltsiz","7":"pa_tur-kitap","8":"pa_yayinevi-yapi-kredi-yayinlari","9":"pa_yazar-mehmet-rifat","11":"first","12":"instock","13":"sale","14":"shipping-taxable","15":"purchasable","16":"product-type-simple"},"_links":{"self":[{"href":"https:\/\/roveyayinevi.com.tr\/index.php\/wp-json\/wp\/v2\/product\/783150","targetHints":{"allow":["GET"]}}],"collection":[{"href":"https:\/\/roveyayinevi.com.tr\/index.php\/wp-json\/wp\/v2\/product"}],"about":[{"href":"https:\/\/roveyayinevi.com.tr\/index.php\/wp-json\/wp\/v2\/types\/product"}],"wp:attachment":[{"href":"https:\/\/roveyayinevi.com.tr\/index.php\/wp-json\/wp\/v2\/media?parent=783150"}],"wp:term":[{"taxonomy":"product_brand","embeddable":true,"href":"https:\/\/roveyayinevi.com.tr\/index.php\/wp-json\/wp\/v2\/product_brand?post=783150"},{"taxonomy":"product_cat","embeddable":true,"href":"https:\/\/roveyayinevi.com.tr\/index.php\/wp-json\/wp\/v2\/product_cat?post=783150"},{"taxonomy":"product_tag","embeddable":true,"href":"https:\/\/roveyayinevi.com.tr\/index.php\/wp-json\/wp\/v2\/product_tag?post=783150"}],"curies":[{"name":"wp","href":"https:\/\/api.w.org\/{rel}","templated":true}]}}